{"id":9344,"date":"2021-12-01T14:27:47","date_gmt":"2021-12-01T17:27:47","guid":{"rendered":"https:\/\/edicoes.portaldoenvelhecimento.com.br\/novo\/?post_type=product&#038;p=9344"},"modified":"2025-05-23T12:23:18","modified_gmt":"2025-05-23T15:23:18","slug":"reproposta-para-todas-as-idades","status":"publish","type":"product","link":"https:\/\/edicoes.portaldoenvelhecimento.com.br\/novo\/produto\/reproposta-para-todas-as-idades\/","title":{"rendered":"Reproposta: para todas as idades"},"content":{"rendered":"<div class=\"layoutArea\">\n<p><strong>SUM\u00c1RIO<\/strong><\/p>\n<p>PARTE I<\/p>\n<p>Ades\u00e3o: grande entusiasmo\u2026\u2026\u2026\u2026\u2026\u2026\u2026\u2026\u2026\u2026\u2026\u2026\u2026.07<\/p>\n<ul>\n<li style=\"list-style-type: none;\">\n<ul>\n<li>Eg\u00eddio Lima D\u00f3rea<\/li>\n<\/ul>\n<\/li>\n<\/ul>\n<p>Porque me contaminei com entusiasmo\u2026\u2026\u2026\u2026\u2026\u2026\u202609<\/p>\n<ul>\n<li style=\"list-style-type: none;\">\n<ul>\n<li>Cremilda Medina<\/li>\n<\/ul>\n<\/li>\n<\/ul>\n<p>PARTE II<\/p>\n<p>Era uma vez um jornal\u2026\u2026\u2026\u2026\u2026\u2026\u2026\u2026\u2026\u2026\u2026\u2026\u2026\u2026\u2026\u2026..17<\/p>\n<ul>\n<li style=\"list-style-type: none;\">\n<ul>\n<li>Esther Alves Martirani<\/li>\n<\/ul>\n<\/li>\n<\/ul>\n<p>A vida \u00e9 apenas um passatempo, at\u00e9 o tempo passar\u202625<\/p>\n<p>PARTE III<\/p>\n<p>Mem\u00f3ria Solid\u00e1ria\u2026\u2026\u2026\u2026\u2026\u2026\u2026\u2026\u2026\u2026\u2026\u2026\u2026\u2026\u2026\u2026\u2026\u2026\u202631<\/p>\n<ul>\n<li style=\"list-style-type: none;\">\n<ul>\n<li>Cec\u00edlia Borges<\/li>\n<\/ul>\n<\/li>\n<\/ul>\n<p>Izaurinha, de atriz a reporter\u2026\u2026\u2026\u2026\u2026\u2026\u2026\u2026\u2026\u2026\u2026\u2026\u2026.37<\/p>\n<ul>\n<li style=\"list-style-type: none;\">\n<ul>\n<li>Angela Balb\u00e3o<\/li>\n<\/ul>\n<\/li>\n<\/ul>\n<p>PARTE IV<\/p>\n<p>Depois de adversidades e adversativas, o cadastro\u2026.49<\/p>\n<ul>\n<li style=\"list-style-type: none;\">\n<ul>\n<li>Neuza Guerreiro de Carvalho<\/li>\n<\/ul>\n<\/li>\n<\/ul>\n<p>Obsolesc\u00eancia alimentar e receitas da vov\u00f3\u2026\u2026\u2026\u2026\u2026.53<\/p>\n<ul>\n<li style=\"list-style-type: none;\">\n<ul>\n<li>Sonia Regina Cunha<\/li>\n<\/ul>\n<\/li>\n<\/ul>\n<p>E agora a receita da vov\u00f3\u2026\u2026\u2026\u2026\u2026\u2026\u2026\u2026\u2026\u2026\u2026\u2026\u2026\u2026\u202655<\/p>\n<ul>\n<li style=\"list-style-type: none;\">\n<ul>\n<li>Cremilda Medina<\/li>\n<\/ul>\n<\/li>\n<\/ul>\n<p>Vitrais do tempo\u2026\u2026\u2026\u2026\u2026\u2026\u2026\u2026\u2026\u2026\u2026\u2026\u2026\u2026\u2026\u2026\u2026\u2026\u2026.59<\/p>\n<ul>\n<li style=\"list-style-type: none;\">\n<ul>\n<li>Sinval Medina<\/li>\n<\/ul>\n<\/li>\n<\/ul>\n<p>PARTE V<\/p>\n<p>O rosto do tempo e da vida\u2026\u2026\u2026\u2026\u2026\u2026\u2026\u2026\u2026\u2026\u2026\u2026\u2026..69<\/p>\n<ul>\n<li style=\"list-style-type: none;\">\n<ul>\n<li>Renata Bueno<\/li>\n<\/ul>\n<\/li>\n<\/ul>\n<p>A qu\u00edmica visita o mito\u2026\u2026\u2026\u2026\u2026\u2026\u2026\u2026\u2026\u2026\u2026\u2026\u2026\u2026\u2026..79<\/p>\n<ul>\n<li style=\"list-style-type: none;\">\n<ul>\n<li>M\u00e1rio Lucena<\/li>\n<\/ul>\n<\/li>\n<\/ul>\n<p>Para conectar pessoas\u2026\u2026\u2026\u2026\u2026\u2026\u2026\u2026\u2026\u2026\u2026\u2026\u2026\u2026\u2026\u2026.87<\/p>\n<ul>\n<li style=\"list-style-type: none;\">\n<ul>\n<li>M\u00e1rcia Cabral<\/li>\n<\/ul>\n<\/li>\n<\/ul>\n<p>Para al\u00e9m do real toc\u00e1vel\u2026\u2026\u2026\u2026\u2026\u2026\u2026\u2026\u2026\u2026\u2026\u2026\u2026\u2026..91<\/p>\n<ul>\n<li style=\"list-style-type: none;\">\n<ul>\n<li>Etty Ver\u00edssimo<\/li>\n<\/ul>\n<\/li>\n<\/ul>\n<p>O mapa das religiosidades\u2026\u2026\u2026\u2026\u2026\u2026\u2026\u2026\u2026\u2026\u2026\u2026\u2026\u202693<\/p>\n<ul>\n<li style=\"list-style-type: none;\">\n<ul>\n<li>Sonia Regina Cunha<\/li>\n<\/ul>\n<\/li>\n<\/ul>\n<p>Tudo me quieta, me suspende\u2026\u2026\u2026\u2026\u2026\u2026\u2026\u2026\u2026\u2026\u2026\u202699<\/p>\n<ul>\n<li style=\"list-style-type: none;\">\n<ul>\n<li>Sonia Regina Cunha<\/li>\n<\/ul>\n<\/li>\n<\/ul>\n<p>Guia das almas, o 13 de uma cole\u00e7\u00e3o\u2026\u2026\u2026\u2026\u2026\u2026\u2026\u2026103<\/p>\n<ul>\n<li style=\"list-style-type: none;\">\n<ul>\n<li>Cremilda Medina<\/li>\n<\/ul>\n<\/li>\n<\/ul>\n<p>PARTE VI<\/p>\n<p>Vou entrar nesse trem\u2026\u2026\u2026\u2026\u2026\u2026\u2026\u2026\u2026\u2026\u2026\u2026\u2026\u2026\u2026..107<\/p>\n<ul>\n<li style=\"list-style-type: none;\">\n<ul>\n<li>M\u00e1rio Lucena<\/li>\n<\/ul>\n<\/li>\n<\/ul>\n<p>A carruagem n\u00e3o lotou\u2026\u2026\u2026\u2026\u2026\u2026\u2026\u2026\u2026\u2026\u2026\u2026\u2026\u2026\u2026.111<\/p>\n<ul>\n<li style=\"list-style-type: none;\">\n<ul>\n<li>Cremilda Medina<\/li>\n<\/ul>\n<\/li>\n<\/ul>\n<p>PARTE VII<\/p>\n<p>USP \u00e0 sua disposi\u00e7\u00e3o\u2026\u2026\u2026\u2026\u2026\u2026\u2026\u2026\u2026\u2026\u2026\u2026\u2026\u2026\u2026\u2026121<\/p>\n<ul>\n<li style=\"list-style-type: none;\">\n<ul>\n<li>M\u00e1rcia Cabral<\/li>\n<\/ul>\n<\/li>\n<\/ul>\n<p>Sobre os autores\u2026\u2026\u2026\u2026\u2026\u2026\u2026\u2026\u2026\u2026\u2026\u2026\u2026\u2026\u2026\u2026\u2026\u2026.127<\/p>\n<p>Anexo<\/p>\n<p>Projeto de pesquisa<\/p>\n<p>EPISTEMOLOGIA DO DI\u00c1LOGO SOCIAL\u2026\u2026\u2026\u2026135<\/p>\n<ul>\n<li style=\"list-style-type: none;\">\n<ul>\n<li>Cremilda Medina<\/li>\n<\/ul>\n<\/li>\n<\/ul>\n<\/div>\n<p>&nbsp;<\/p>\n<p>E-book &#8220;Reproposta: para todas as idades&#8221;<\/p>\n<p>Organizadora: Cremilda Medina<\/p>\n<p>Edi\u00e7\u00e3o: 2019<\/p>\n","protected":false},"excerpt":{"rendered":"<div class=\"layoutArea\">\n<div class=\"column\">\n<p>Vivemos um momento \u00fanico: hoje existem mais pessoas acima dos 60 anos do que a somat\u00f3ria de todas as pessoas que j\u00e1 atingiram essa idade ao longo da nossa hist\u00f3ria. E isto \u00e9 um grande motivo para celebrarmos. N\u00f3s ganhamos ao longo das \u00faltimas d\u00e9cadas cerca de 20 anos a mais de vida. E para aproveitarmos bem esse tempo adicional teremos que nos programar. Quatro capitais s\u00e3o fundamentais neste processo: vital (sa\u00fade); social; financeiro e aprendizado continuado. Dentro desse \u00faltimo pilar insere-se a USP 60+. Desde sua cria\u00e7\u00e3o (1993), milhares de idosos frequentaram os cursos oferecidos que est\u00e3o distribu\u00eddos em tr\u00eas grandes grupos: disciplinas regulares; complementares did\u00e1tico-culturais e complementares f\u00edsico-esportivas\u2026 Qual a melhor forma de dar voz a este grupo que uma vez j\u00e1 foi denominado \u201csociedade silenciosa\u201d? Quem melhor para falar das ang\u00fastias, expectativas, ganhos e perdas que acontecem no processo de envelhecer-viver, sen\u00e3o ele pr\u00f3prio? Assim, a USP 60+ valoriza o idoso na nossa universidade e na nossa sociedade com a publica\u00e7\u00e3o do livro digital Reproposta: para todas as idades (organizado por Cremilda Medina e seus alunos do curso Narrativas da Contemporaneidade).<\/p>\n<ul>\n<li style=\"list-style-type: none;\">\n<ul>\n<li>Texto do professor Eg\u00eddio Lima D\u00f3rea extra\u00eddo da apresenta\u00e7\u00e3o do E-book Reproposta produzido pelos alunos do curso de Narrativas da professora Cremilda Medina.<\/li>\n<\/ul>\n<\/li>\n<\/ul>\n<p>&nbsp;<\/p>\n<\/div>\n<\/div>\n<div class=\"page\" title=\"Page 3\">\n<div class=\"layoutArea\">\n<div class=\"column\">\n<p><strong>Para baixar o arquivo, clique em \u00ab adicionar ao carrinho \u00bb, mas na\u0303o se preocupe, o site na\u0303o pedir\u00e1 nenhuma informac\u0327a\u0303o de pagamento!<\/strong><\/p>\n<\/div>\n<\/div>\n<\/div>\n","protected":false},"featured_media":9345,"comment_status":"open","ping_status":"closed","template":"","meta":{"_bbp_topic_count":0,"_bbp_reply_count":0,"_bbp_total_topic_count":0,"_bbp_total_reply_count":0,"_bbp_voice_count":0,"_bbp_anonymous_reply_count":0,"_bbp_topic_count_hidden":0,"_bbp_reply_count_hidden":0,"_bbp_forum_subforum_count":0,"pmpro_default_level":""},"product_brand":[],"product_cat":[88],"product_tag":[70,87],"class_list":{"0":"post-9344","1":"product","2":"type-product","3":"status-publish","4":"has-post-thumbnail","6":"product_cat-e-books-gratis-2","7":"product_tag-ebook","8":"product_tag-e-books-gratis","9":"pmpro-has-access","11":"first","12":"instock","13":"downloadable","14":"virtual","15":"purchasable","16":"product-type-simple"},"_links":{"self":[{"href":"https:\/\/edicoes.portaldoenvelhecimento.com.br\/novo\/wp-json\/wp\/v2\/product\/9344","targetHints":{"allow":["GET"]}}],"collection":[{"href":"https:\/\/edicoes.portaldoenvelhecimento.com.br\/novo\/wp-json\/wp\/v2\/product"}],"about":[{"href":"https:\/\/edicoes.portaldoenvelhecimento.com.br\/novo\/wp-json\/wp\/v2\/types\/product"}],"replies":[{"embeddable":true,"href":"https:\/\/edicoes.portaldoenvelhecimento.com.br\/novo\/wp-json\/wp\/v2\/comments?post=9344"}],"version-history":[{"count":3,"href":"https:\/\/edicoes.portaldoenvelhecimento.com.br\/novo\/wp-json\/wp\/v2\/product\/9344\/revisions"}],"predecessor-version":[{"id":33922,"href":"https:\/\/edicoes.portaldoenvelhecimento.com.br\/novo\/wp-json\/wp\/v2\/product\/9344\/revisions\/33922"}],"wp:featuredmedia":[{"embeddable":true,"href":"https:\/\/edicoes.portaldoenvelhecimento.com.br\/novo\/wp-json\/wp\/v2\/media\/9345"}],"wp:attachment":[{"href":"https:\/\/edicoes.portaldoenvelhecimento.com.br\/novo\/wp-json\/wp\/v2\/media?parent=9344"}],"wp:term":[{"taxonomy":"product_brand","embeddable":true,"href":"https:\/\/edicoes.portaldoenvelhecimento.com.br\/novo\/wp-json\/wp\/v2\/product_brand?post=9344"},{"taxonomy":"product_cat","embeddable":true,"href":"https:\/\/edicoes.portaldoenvelhecimento.com.br\/novo\/wp-json\/wp\/v2\/product_cat?post=9344"},{"taxonomy":"product_tag","embeddable":true,"href":"https:\/\/edicoes.portaldoenvelhecimento.com.br\/novo\/wp-json\/wp\/v2\/product_tag?post=9344"}],"curies":[{"name":"wp","href":"https:\/\/api.w.org\/{rel}","templated":true}]}}

<div class="layoutArea">
<p><strong>SUMÁRIO</strong></p>
<p>PARTE I</p>
<p>Adesão: grande entusiasmo………………………………….07</p>
<ul>
<li style="list-style-type: none;">
<ul>
<li>Egídio Lima Dórea</li>
</ul>
</li>
</ul>
<p>Porque me contaminei com entusiasmo…………………09</p>
<ul>
<li style="list-style-type: none;">
<ul>
<li>Cremilda Medina</li>
</ul>
</li>
</ul>
<p>PARTE II</p>
<p>Era uma vez um jornal…………………………………………..17</p>
<ul>
<li style="list-style-type: none;">
<ul>
<li>Esther Alves Martirani</li>
</ul>
</li>
</ul>
<p>A vida é apenas um passatempo, até o tempo passar…25</p>
<p>PARTE III</p>
<p>Memória Solidária…………………………………………………31</p>
<ul>
<li style="list-style-type: none;">
<ul>
<li>Cecília Borges</li>
</ul>
</li>
</ul>
<p>Izaurinha, de atriz a reporter………………………………….37</p>
<ul>
<li style="list-style-type: none;">
<ul>
<li>Angela Balbão</li>
</ul>
</li>
</ul>
<p>PARTE IV</p>
<p>Depois de adversidades e adversativas, o cadastro….49</p>
<ul>
<li style="list-style-type: none;">
<ul>
<li>Neuza Guerreiro de Carvalho</li>
</ul>
</li>
</ul>
<p>Obsolescência alimentar e receitas da vovó…………….53</p>
<ul>
<li style="list-style-type: none;">
<ul>
<li>Sonia Regina Cunha</li>
</ul>
</li>
</ul>
<p>E agora a receita da vovó………………………………………55</p>
<ul>
<li style="list-style-type: none;">
<ul>
<li>Cremilda Medina</li>
</ul>
</li>
</ul>
<p>Vitrais do tempo………………………………………………….59</p>
<ul>
<li style="list-style-type: none;">
<ul>
<li>Sinval Medina</li>
</ul>
</li>
</ul>
<p>PARTE V</p>
<p>O rosto do tempo e da vida…………………………………..69</p>
<ul>
<li style="list-style-type: none;">
<ul>
<li>Renata Bueno</li>
</ul>
</li>
</ul>
<p>A química visita o mito………………………………………..79</p>
<ul>
<li style="list-style-type: none;">
<ul>
<li>Mário Lucena</li>
</ul>
</li>
</ul>
<p>Para conectar pessoas………………………………………….87</p>
<ul>
<li style="list-style-type: none;">
<ul>
<li>Márcia Cabral</li>
</ul>
</li>
</ul>
<p>Para além do real tocável……………………………………..91</p>
<ul>
<li style="list-style-type: none;">
<ul>
<li>Etty Veríssimo</li>
</ul>
</li>
</ul>
<p>O mapa das religiosidades……………………………………93</p>
<ul>
<li style="list-style-type: none;">
<ul>
<li>Sonia Regina Cunha</li>
</ul>
</li>
</ul>
<p>Tudo me quieta, me suspende………………………………99</p>
<ul>
<li style="list-style-type: none;">
<ul>
<li>Sonia Regina Cunha</li>
</ul>
</li>
</ul>
<p>Guia das almas, o 13 de uma coleção……………………103</p>
<ul>
<li style="list-style-type: none;">
<ul>
<li>Cremilda Medina</li>
</ul>
</li>
</ul>
<p>PARTE VI</p>
<p>Vou entrar nesse trem………………………………………..107</p>
<ul>
<li style="list-style-type: none;">
<ul>
<li>Mário Lucena</li>
</ul>
</li>
</ul>
<p>A carruagem não lotou……………………………………….111</p>
<ul>
<li style="list-style-type: none;">
<ul>
<li>Cremilda Medina</li>
</ul>
</li>
</ul>
<p>PARTE VII</p>
<p>USP à sua disposição…………………………………………121</p>
<ul>
<li style="list-style-type: none;">
<ul>
<li>Márcia Cabral</li>
</ul>
</li>
</ul>
<p>Sobre os autores……………………………………………….127</p>
<p>Anexo</p>
<p>Projeto de pesquisa</p>
<p>EPISTEMOLOGIA DO DIÁLOGO SOCIAL…………135</p>
<ul>
<li style="list-style-type: none;">
<ul>
<li>Cremilda Medina</li>
</ul>
</li>
</ul>
</div>
<p>&nbsp;</p>
<p>E-book &#8220;Reproposta: para todas as idades&#8221;</p>
<p>Organizadora: Cremilda Medina</p>
<p>Edição: 2019</p>

<div class="layoutArea">
<div class="column">
<p>Vivemos um momento único: hoje existem mais pessoas acima dos 60 anos do que a somatória de todas as pessoas que já atingiram essa idade ao longo da nossa história. E isto é um grande motivo para celebrarmos. Nós ganhamos ao longo das últimas décadas cerca de 20 anos a mais de vida. E para aproveitarmos bem esse tempo adicional teremos que nos programar. Quatro capitais são fundamentais neste processo: vital (saúde); social; financeiro e aprendizado continuado. Dentro desse último pilar insere-se a USP 60+. Desde sua criação (1993), milhares de idosos frequentaram os cursos oferecidos que estão distribuídos em três grandes grupos: disciplinas regulares; complementares didático-culturais e complementares físico-esportivas… Qual a melhor forma de dar voz a este grupo que uma vez já foi denominado “sociedade silenciosa”? Quem melhor para falar das angústias, expectativas, ganhos e perdas que acontecem no processo de envelhecer-viver, senão ele próprio? Assim, a USP 60+ valoriza o idoso na nossa universidade e na nossa sociedade com a publicação do livro digital Reproposta: para todas as idades (organizado por Cremilda Medina e seus alunos do curso Narrativas da Contemporaneidade).</p>
<ul>
<li style="list-style-type: none;">
<ul>
<li>Texto do professor Egídio Lima Dórea extraído da apresentação do E-book Reproposta produzido pelos alunos do curso de Narrativas da professora Cremilda Medina.</li>
</ul>
</li>
</ul>
<p>&nbsp;</p>
</div>
</div>
<div class="page" title="Page 3">
<div class="layoutArea">
<div class="column">
<p><strong>Para baixar o arquivo, clique em « adicionar ao carrinho », mas não se preocupe, o site não pedirá nenhuma informação de pagamento!</strong></p>
</div>
</div>
</div>
