{"id":9337,"date":"2021-12-01T13:53:25","date_gmt":"2021-12-01T16:53:25","guid":{"rendered":"https:\/\/edicoes.portaldoenvelhecimento.com.br\/novo\/?post_type=product&#038;p=9337"},"modified":"2025-12-10T20:57:26","modified_gmt":"2025-12-10T23:57:26","slug":"caderno-virtual-exercicios-para-estimular-a-mente-vol-1","status":"publish","type":"product","link":"https:\/\/edicoes.portaldoenvelhecimento.com.br\/novo\/produto\/caderno-virtual-exercicios-para-estimular-a-mente-vol-1\/","title":{"rendered":"Caderno Virtual \u2013 Exerc\u00edcios para Estimular a Mente (Vol. 1)"},"content":{"rendered":"<div class=\"layoutArea\">\n<p><strong>Elaborado por:\u00a0<\/strong><\/p>\n<p>Erci Sales Dotta<\/p>\n<\/div>\n<div class=\"page\" title=\"Page 3\">\n<div class=\"layoutArea\">\n<div class=\"column\">\n<p>Formada em Psicologia, p\u00f3s-graduada em Jogos Cooperativos e Metodologias Colaborativas. Possui forma\u00e7\u00e3o no curso de Educa\u00e7\u00e3o em Valores Humanos do Instituto Sri Sathya Sai de Educa\u00e7\u00e3o do Brasil, 14 anos de atua\u00e7\u00e3o em projetos sociais do setor p\u00fablico (Secretaria da Educa\u00e7\u00e3o do Estado de S\u00e3o Paulo e Secretaria Municipal de Assist\u00eancia e Desenvolvimento Social de SP).Implantou e desenvolveu o projeto denominado Gin\u00e1stica para o C\u00e9rebro, para o p\u00fablico dos Centros Integrados de Sa\u00fade e Educa\u00e7\u00e3o da Terceira Idade de S\u00e3o Caetano, com objetivo de oferecer atividades utilizando jogos e exerc\u00edcios para o desenvolvimento cognitivo em pessoas com mais de 50 anos.<\/p>\n<p>Atua com estimula\u00e7\u00e3o cognitiva para idosos, presencialmente ou online e ministra cursos para profissionais que trabalham com idosos.<\/p>\n<\/div>\n<\/div>\n<\/div>\n<p>&nbsp;<\/p>\n<p>E-book &#8220;Caderno Virtual \u2013 Exerc\u00edcios para Estimular a Mente (Vol. 1)&#8221;<\/p>\n<p>Autora: Erci Sales Dotta<\/p>\n<p>Edi\u00e7\u00e3o: 2020<\/p>\n","protected":false},"excerpt":{"rendered":"<div class=\"layoutArea\">\n<div class=\"column\">\n<p>A Mente Ativa \u2013 Estimula\u00e7\u00e3o Cognitiva elaborou um programa que consiste na aplica\u00e7\u00e3o de atividades, por meio das quais s\u00e3o estimuladas diversas fun\u00e7\u00f5es cognitivas como aten\u00e7\u00e3o, mem\u00f3ria, linguagem, velocidade de processamento, dentre outras, que em condi\u00e7\u00f5es normais, \u00e9 realizado presencialmente, por\u00e9m no momento atual vem sendo realizado \u00e0 dist\u00e2ncia.<\/p>\n<p>Este livro cont\u00e9m alguns exerc\u00edcios que fazem parte do programa e que podem ser executados individualmente. A distribui\u00e7\u00e3o gratuita \u00e9 uma contribui\u00e7\u00e3o para que este per\u00edodo de isolamento social decorra de forma mais prazerosa.<\/p>\n<p>&nbsp;<\/p>\n<hr \/>\n<h5>OBS: Se voc\u00ea \u00e9 um\/a profissional que atua com estimula\u00e7\u00e3o cognitiva com pessoas idosas, d\u00ea uma olhada no nosso curso online ao vivo Estimula\u00e7\u00e3o Cognitiva na pr\u00e1tica: <span style=\"color: #3366ff;\"><a style=\"color: #3366ff;\" href=\"https:\/\/edicoes.portaldoenvelhecimento.com.br\/novo\/course\/estimulacao-cognitiva\/\">https:\/\/edicoes.portaldoenvelhecimento.com.br\/novo\/course\/estimulacao-cognitiva\/<\/a><\/span><\/h5>\n<hr \/>\n<\/div>\n<\/div>\n<div class=\"page\" title=\"Page 3\">\n<div class=\"layoutArea\">\n<div class=\"column\">\n<p>&nbsp;<\/p>\n<p><strong>Para baixar o arquivo, clique em \u00ab adicionar ao carrinho \u00bb, mas na\u0303o se preocupe, o site na\u0303o pedir\u00e1 nenhuma informac\u0327a\u0303o de pagamento!<\/strong><\/p>\n<\/div>\n<\/div>\n<\/div>\n","protected":false},"featured_media":9343,"comment_status":"open","ping_status":"closed","template":"","meta":{"_bbp_topic_count":0,"_bbp_reply_count":0,"_bbp_total_topic_count":0,"_bbp_total_reply_count":0,"_bbp_voice_count":0,"_bbp_anonymous_reply_count":0,"_bbp_topic_count_hidden":0,"_bbp_reply_count_hidden":0,"_bbp_forum_subforum_count":0,"pmpro_default_level":""},"product_brand":[],"product_cat":[88],"product_tag":[70,87],"class_list":{"0":"post-9337","1":"product","2":"type-product","3":"status-publish","4":"has-post-thumbnail","6":"product_cat-e-books-gratis-2","7":"product_tag-ebook","8":"product_tag-e-books-gratis","9":"pmpro-has-access","11":"first","12":"instock","13":"downloadable","14":"virtual","15":"purchasable","16":"product-type-simple"},"_links":{"self":[{"href":"https:\/\/edicoes.portaldoenvelhecimento.com.br\/novo\/wp-json\/wp\/v2\/product\/9337","targetHints":{"allow":["GET"]}}],"collection":[{"href":"https:\/\/edicoes.portaldoenvelhecimento.com.br\/novo\/wp-json\/wp\/v2\/product"}],"about":[{"href":"https:\/\/edicoes.portaldoenvelhecimento.com.br\/novo\/wp-json\/wp\/v2\/types\/product"}],"replies":[{"embeddable":true,"href":"https:\/\/edicoes.portaldoenvelhecimento.com.br\/novo\/wp-json\/wp\/v2\/comments?post=9337"}],"version-history":[{"count":4,"href":"https:\/\/edicoes.portaldoenvelhecimento.com.br\/novo\/wp-json\/wp\/v2\/product\/9337\/revisions"}],"predecessor-version":[{"id":39579,"href":"https:\/\/edicoes.portaldoenvelhecimento.com.br\/novo\/wp-json\/wp\/v2\/product\/9337\/revisions\/39579"}],"wp:featuredmedia":[{"embeddable":true,"href":"https:\/\/edicoes.portaldoenvelhecimento.com.br\/novo\/wp-json\/wp\/v2\/media\/9343"}],"wp:attachment":[{"href":"https:\/\/edicoes.portaldoenvelhecimento.com.br\/novo\/wp-json\/wp\/v2\/media?parent=9337"}],"wp:term":[{"taxonomy":"product_brand","embeddable":true,"href":"https:\/\/edicoes.portaldoenvelhecimento.com.br\/novo\/wp-json\/wp\/v2\/product_brand?post=9337"},{"taxonomy":"product_cat","embeddable":true,"href":"https:\/\/edicoes.portaldoenvelhecimento.com.br\/novo\/wp-json\/wp\/v2\/product_cat?post=9337"},{"taxonomy":"product_tag","embeddable":true,"href":"https:\/\/edicoes.portaldoenvelhecimento.com.br\/novo\/wp-json\/wp\/v2\/product_tag?post=9337"}],"curies":[{"name":"wp","href":"https:\/\/api.w.org\/{rel}","templated":true}]}}