{"id":9307,"date":"2024-07-10T15:29:06","date_gmt":"2024-07-10T18:29:06","guid":{"rendered":"https:\/\/edicoes.portaldoenvelhecimento.com.br\/novo\/?post_type=product&#038;p=9307"},"modified":"2026-05-12T22:41:18","modified_gmt":"2026-05-13T01:41:18","slug":"longeviver-politicas-e-mercado","status":"publish","type":"product","link":"https:\/\/edicoes.portaldoenvelhecimento.com.br\/novo\/produto\/longeviver-politicas-e-mercado\/","title":{"rendered":"Longeviver, Pol\u00edticas e Mercado"},"content":{"rendered":"<div class=\"page\" title=\"Page 1\">\n<div class=\"layoutArea\">\n<div class=\"column\">\n<div class=\"layoutArea\">\n<div class=\"column\">\n<div class=\"page\" title=\"Page 1\">\n<div class=\"layoutArea\">\n<div class=\"column\">\n<div class=\"page\" title=\"Page 1\">\n<div class=\"layoutArea\">\n<div class=\"column\">\n<div class=\"page\" title=\"Page 1\">\n<div class=\"layoutArea\">\n<div class=\"column\">\n<div class=\"page\" title=\"Page 1\">\n<div class=\"layoutArea\">\n<div class=\"column\">\n<div class=\"page\" title=\"Page 1\">\n<div class=\"layoutArea\">\n<div class=\"column\">\n<div class=\"page\" title=\"Page 1\">\n<div class=\"layoutArea\">\n<div class=\"column\">\n<div class=\"page\" title=\"Page 1\">\n<div class=\"layoutArea\">\n<div class=\"column\">\n<p><strong>SUM\u00c1RIO<\/strong><\/p>\n<p>PREF\u00c1CIO\u2026\u2026\u2026\u2026\u2026\u2026\u2026\u2026\u2026\u2026\u2026\u2026\u2026\u2026\u2026\u2026\u2026\u2026\u2026\u2026\u2026\u2026\u2026\u2026\u2026\u2026\u2026\u2026\u2026\u2026\u2026\u2026\u2026\u2026\u2026\u2026\u2026\u2026\u2026\u2026\u2026\u2026\u2026\u20266<\/p>\n<p>APRESENTA\u00c7\u00c3O\u2026\u2026\u2026\u2026\u2026\u2026\u2026\u2026\u2026\u2026\u2026\u2026\u2026\u2026\u2026\u2026\u2026\u2026\u2026\u2026\u2026\u2026\u2026\u2026\u2026\u2026\u2026\u2026\u2026\u2026\u2026\u2026\u2026\u2026\u2026\u2026\u2026\u2026\u2026\u2026..9<\/p>\n<ul>\n<li style=\"list-style-type: none;\">\n<ul>\n<li>I \u2013 Gest\u00e3o do Longeviver\u2026\u2026\u2026\u2026\u2026\u2026\u2026\u2026\u2026\u2026\u2026\u2026\u2026\u2026\u2026\u2026\u2026\u2026\u2026\u2026\u2026\u2026\u2026\u2026\u2026\u2026\u2026\u2026\u2026\u2026\u2026\u2026\u2026\u2026\u2026\u2026\u202619<\/li>\n<\/ul>\n<\/li>\n<\/ul>\n<p>Beltrina C\u00f4rte; Vera Brand\u00e3o<\/p>\n<ul>\n<li style=\"list-style-type: none;\">\n<ul>\n<li>II \u2013 Longeviver e mercado:<br \/>\nconsidera\u00e7\u00f5es sobre o velho empreendedor de si\u2026\u2026\u2026\u2026\u2026\u2026\u2026\u2026\u2026\u2026\u2026\u2026\u2026\u2026\u2026\u2026\u2026\u2026\u2026\u2026\u2026\u2026\u2026\u202645<\/li>\n<\/ul>\n<\/li>\n<\/ul>\n<p>Celina Dias Azevedo; Maria Helena Villas B\u00f4as Concone<\/p>\n<ul>\n<li style=\"list-style-type: none;\">\n<ul>\n<li>III \u2013 Cultura, Envelhecimento e Longeviver:\u00a0di\u00e1logos cr\u00edticos\u2026\u2026\u2026\u2026\u2026\u2026\u2026\u2026\u2026\u2026\u2026\u2026\u2026\u2026\u2026\u2026\u2026.64<\/li>\n<\/ul>\n<\/li>\n<\/ul>\n<p>Flam\u00ednia Manzano Moreira Lodovici; Maria Helena Villas B\u00f4as Concone<\/p>\n<ul>\n<li style=\"list-style-type: none;\">\n<ul>\n<li>IV \u2013 Dimens\u00f5es socioecon\u00f4micas do longeviver: notas sobre<br \/>\num itiner\u00e1rio de estudo em face da transi\u00e7\u00e3o demogr\u00e1fica global\u2026\u2026\u2026\u2026\u2026\u2026\u2026\u2026\u2026\u2026\u2026\u2026\u2026\u2026..108<\/li>\n<\/ul>\n<\/li>\n<\/ul>\n<p>Jorge Felix<\/p>\n<ul>\n<li style=\"list-style-type: none;\">\n<ul>\n<li>V \u2013 Autonomia e Envelhecimento: uma quest\u00e3o interdisciplinar\u2026\u2026\u2026\u2026\u2026\u2026\u2026\u2026\u2026\u2026\u2026\u2026\u2026\u2026\u2026..129<\/li>\n<\/ul>\n<\/li>\n<\/ul>\n<p>Luiz Alberto David Araujo; Nat\u00e1lia Carolina Verdi<\/p>\n<ul>\n<li style=\"list-style-type: none;\">\n<ul>\n<li>VI \u2013 Avalia\u00e7\u00e3o de pol\u00edticas p\u00fablicas para a pessoa idosa:\u00a0dimens\u00f5es, sociopol\u00edtica e socioterritorial\u2026.150<\/li>\n<\/ul>\n<\/li>\n<\/ul>\n<p>Carola C. Arregui<\/p>\n<ul>\n<li style=\"list-style-type: none;\">\n<ul>\n<li>VII \u2013 Envelhecimento e Pol\u00edticas Sociais: oportunidades e acessos\u2026\u2026\u2026\u2026\u2026\u2026\u2026\u2026\u2026\u2026\u2026\u2026\u2026\u2026\u2026164<\/li>\n<\/ul>\n<\/li>\n<\/ul>\n<p>Cintia Bincoleto Fazion; F\u00e1tima de Jesus Teixeira; Rita de C\u00e1ssia M. de Lima Siqueira<\/p>\n<ul>\n<li style=\"list-style-type: none;\">\n<ul>\n<li>VIII \u2013 Indicadores sociais e pol\u00edticas p\u00fablicas para pessoas idosas: conceitos e instrumentos\u2026.209<\/li>\n<\/ul>\n<\/li>\n<\/ul>\n<p>Pierre Rinco; Viviane Canecchio Ferreirinho<\/p>\n<ul>\n<li style=\"list-style-type: none;\">\n<ul>\n<li>IX \u2013 As tecnologias digitais e a gest\u00e3o do \u201clongeviver\u201d\u2026\u2026\u2026\u2026\u2026\u2026\u2026\u2026\u2026\u2026\u2026\u2026\u2026\u2026\u2026\u2026\u2026\u2026\u2026\u2026\u2026\u2026.255<\/li>\n<\/ul>\n<\/li>\n<\/ul>\n<p>Flam\u00ednia Manzano Moreira Lodovici; Gast\u00e3o de Freitas Neto<\/p>\n<ul>\n<li style=\"list-style-type: none;\">\n<ul>\n<li>X \u2013 An\u00e1lise de sentimentos sobre longevidade, no Twitter\u2026\u2026\u2026\u2026\u2026\u2026\u2026\u2026\u2026\u2026\u2026\u2026\u2026\u2026\u2026\u2026\u2026\u2026\u2026..300<\/li>\n<\/ul>\n<\/li>\n<\/ul>\n<p>Fl\u00e1vio Morgado; Mirella de Medeiros; Paola S\u00e3o Thiago da Cunha<\/p>\n<ul>\n<li style=\"list-style-type: none;\">\n<ul>\n<li>XI \u2013 Startups e longevidade: perspectivas para o trabalho e consumo\u2026\u2026\u2026\u2026\u2026\u2026\u2026\u2026\u2026\u2026\u2026\u2026\u2026\u2026313<\/li>\n<\/ul>\n<\/li>\n<\/ul>\n<p>Myrt Th\u00e2nia de Souza Cruz<\/p>\n<\/div>\n<\/div>\n<\/div>\n<div class=\"page\" title=\"Page 2\">\n<div class=\"layoutArea\">\n<div class=\"column\">\n<ul>\n<li style=\"list-style-type: none;\">\n<ul>\n<li>XII \u2013 Ateli\u00ea do Lonveviver-Inova\u00e7\u00e3o em projetos para os idosos\u2026\u2026\u2026\u2026\u2026\u2026\u2026\u2026\u2026\u2026\u2026\u2026\u2026\u2026\u2026\u2026..327<\/li>\n<\/ul>\n<\/li>\n<\/ul>\n<p>Ana Gabriela Sturzenegger Michelin; Ronaldo Frederico<\/p>\n<ul>\n<li style=\"list-style-type: none;\">\n<ul>\n<li>XIII \u2013 Apontamentos acerca da rela\u00e7\u00e3o sa\u00fade-doen\u00e7a e a morte\u00a0para um pensamento da velhice e do envelhecimento\u2026\u2026\u2026\u2026\u2026\u2026\u2026\u2026\u2026\u2026\u2026\u2026\u2026\u2026\u2026\u2026\u2026\u2026\u2026\u2026\u2026\u2026\u2026\u2026\u2026\u2026\u2026\u2026\u2026\u2026\u2026\u2026\u2026\u2026\u2026\u2026\u2026\u2026\u2026\u2026\u2026\u2026..347<\/li>\n<\/ul>\n<\/li>\n<\/ul>\n<p>Claudia Soares; Silvana T\u00f3tora<\/p>\n<ul>\n<li style=\"list-style-type: none;\">\n<ul>\n<li>XIV \u2013 O r\u00e1pido e intenso processo\u00a0de envelhecimento populacional no Brasil\u2026\u2026\u2026\u2026\u2026\u2026\u2026\u2026\u2026..367<\/li>\n<\/ul>\n<\/li>\n<\/ul>\n<p>Jos\u00e9 Eust\u00e1quio; Diniz Alves; Suzana Cavenaghi<\/p>\n<p>&nbsp;<\/p>\n<\/div>\n<\/div>\n<\/div>\n<p><strong>Caracter\u00edsticas do Produto:<\/strong><\/p>\n<p>PESO: 0,420 Kg<\/p>\n<p>I.S.B.N.: 978-85-69350-26-2<\/p>\n<p>ALTURA: 23,00 cm<\/p>\n<p>LARGURA: 16,00 cm<\/p>\n<p>PROFUNDIDADE: 2,40 cm<\/p>\n<p>N\u00daMERO DE P\u00c1GINAS: 418<\/p>\n<p>IDIOMA: Portugu\u00eas<\/p>\n<p>ACABAMENTO: Brochura<\/p>\n<p>C\u00d3D. BARRAS FIOS:\u00a09788569350262<\/p>\n<p>ANO DA EDI\u00c7\u00c3O: 2019<\/p>\n<p>ORGANIZADORAS: Ruth Gelehrter da Costa Lopes e Beltrina C\u00f4rte<\/p>\n<\/div>\n<\/div>\n<\/div>\n<\/div>\n<\/div>\n<\/div>\n<\/div>\n<\/div>\n<\/div>\n<\/div>\n<\/div>\n<\/div>\n<\/div>\n<\/div>\n<\/div>\n<\/div>\n<\/div>\n<\/div>\n<\/div>\n<\/div>\n<\/div>\n<\/div>\n<\/div>\n","protected":false},"excerpt":{"rendered":"<p>Esta colet\u00e2nea re\u00fane um grupo de pesquisadores com vasta experi\u00eancia e produ\u00e7\u00e3o na \u00e1rea da <strong>gerontologia social<\/strong>. Longeviver \u00e9 um tema moderno, na medida em que \u00e9 estar no meio do ciclone entre vis\u00f5es e sentimentos contradit\u00f3rios sobre o envelhecer. <strong>O alargamento dos anos cronol\u00f3gicos traz novos horizontes para a sociedade e para os sujeitos, \u00e9 este o amplo debate proposto aqui.<\/strong><\/p>\n<p>N\u00e3o podemos mais empurrar a velhice para as margens, porque os velhos desejantes j\u00e1 n\u00e3o se submetem a ser plateia, exigem o protagonismo. Batalhas intergeracionais, latentes e at\u00e9 mesmo institu\u00eddas, s\u00e3o hoje mais complexas e incluem mais de duas ou tr\u00eas gera\u00e7\u00f5es.<\/p>\n<p><strong>Criar e gerir programas e pol\u00edticas s\u00e3o priorit\u00e1rio para o enfrentamento desses novos desafios<\/strong>. Para tal, a abordagem multidisciplinar dos docentes-autores \u00e9 muito bem-vinda e d\u00e1 subs\u00eddios para todos que pretendem acessar \u00e1reas como cultura, ambiente, sa\u00fade, \u00e9tica, pol\u00edtica e at\u00e9 mesmo o mercado.<\/p>\n<p>&#8211; <em>Marcia Almeida Batista<\/em> &#8211; Diretora da Faculdade de Ci\u00eancias Humanas e da Sa\u00fade \u2013 FACHS\/PUCSP<\/p>\n","protected":false},"featured_media":9308,"comment_status":"open","ping_status":"closed","template":"","meta":{"_bbp_topic_count":0,"_bbp_reply_count":0,"_bbp_total_topic_count":0,"_bbp_total_reply_count":0,"_bbp_voice_count":0,"_bbp_anonymous_reply_count":0,"_bbp_topic_count_hidden":0,"_bbp_reply_count_hidden":0,"_bbp_forum_subforum_count":0,"pmpro_default_level":""},"product_brand":[],"product_cat":[66,69],"product_tag":[68],"class_list":{"0":"post-9307","1":"product","2":"type-product","3":"status-publish","4":"has-post-thumbnail","6":"product_cat-livros","7":"product_cat-todos-livros","8":"product_tag-livros","9":"pmpro-has-access","11":"first","12":"outofstock","13":"shipping-taxable","14":"purchasable","15":"product-type-simple"},"_links":{"self":[{"href":"https:\/\/edicoes.portaldoenvelhecimento.com.br\/novo\/wp-json\/wp\/v2\/product\/9307","targetHints":{"allow":["GET"]}}],"collection":[{"href":"https:\/\/edicoes.portaldoenvelhecimento.com.br\/novo\/wp-json\/wp\/v2\/product"}],"about":[{"href":"https:\/\/edicoes.portaldoenvelhecimento.com.br\/novo\/wp-json\/wp\/v2\/types\/product"}],"replies":[{"embeddable":true,"href":"https:\/\/edicoes.portaldoenvelhecimento.com.br\/novo\/wp-json\/wp\/v2\/comments?post=9307"}],"version-history":[{"count":4,"href":"https:\/\/edicoes.portaldoenvelhecimento.com.br\/novo\/wp-json\/wp\/v2\/product\/9307\/revisions"}],"predecessor-version":[{"id":29740,"href":"https:\/\/edicoes.portaldoenvelhecimento.com.br\/novo\/wp-json\/wp\/v2\/product\/9307\/revisions\/29740"}],"wp:featuredmedia":[{"embeddable":true,"href":"https:\/\/edicoes.portaldoenvelhecimento.com.br\/novo\/wp-json\/wp\/v2\/media\/9308"}],"wp:attachment":[{"href":"https:\/\/edicoes.portaldoenvelhecimento.com.br\/novo\/wp-json\/wp\/v2\/media?parent=9307"}],"wp:term":[{"taxonomy":"product_brand","embeddable":true,"href":"https:\/\/edicoes.portaldoenvelhecimento.com.br\/novo\/wp-json\/wp\/v2\/product_brand?post=9307"},{"taxonomy":"product_cat","embeddable":true,"href":"https:\/\/edicoes.portaldoenvelhecimento.com.br\/novo\/wp-json\/wp\/v2\/product_cat?post=9307"},{"taxonomy":"product_tag","embeddable":true,"href":"https:\/\/edicoes.portaldoenvelhecimento.com.br\/novo\/wp-json\/wp\/v2\/product_tag?post=9307"}],"curies":[{"name":"wp","href":"https:\/\/api.w.org\/{rel}","templated":true}]}}