{"id":9231,"date":"2018-11-27T19:28:17","date_gmt":"2018-11-27T21:28:17","guid":{"rendered":"https:\/\/edicoes.portaldoenvelhecimento.com.br\/novo\/?post_type=product&#038;p=9231"},"modified":"2025-12-02T02:17:08","modified_gmt":"2025-12-02T05:17:08","slug":"o-envelhecer-diante-da-ameaca-de-morte-e-do-desejo-de-vida","status":"publish","type":"product","link":"https:\/\/edicoes.portaldoenvelhecimento.com.br\/novo\/produto\/o-envelhecer-diante-da-ameaca-de-morte-e-do-desejo-de-vida\/","title":{"rendered":"O Envelhecer Diante da Amea\u00e7a de Morte e do Desejo de Vida"},"content":{"rendered":"<div class=\"page\" title=\"Page 1\">\n<div class=\"layoutArea\">\n<div class=\"column\">\n<div class=\"layoutArea\">\n<div class=\"column\">\n<div class=\"page\" title=\"Page 1\">\n<div class=\"layoutArea\">\n<div class=\"column\">\n<div class=\"page\" title=\"Page 1\">\n<div class=\"layoutArea\">\n<div class=\"column\">\n<div class=\"page\" title=\"Page 1\">\n<div class=\"layoutArea\">\n<div class=\"column\">\n<div class=\"page\" title=\"Page 1\">\n<div class=\"layoutArea\">\n<div class=\"column\">\n<div class=\"page\" title=\"Page 1\">\n<div class=\"layoutArea\">\n<div class=\"column\">\n<div class=\"layoutArea\">\n<div class=\"column\">\n<p><strong>ROTEIRO:<\/strong><\/p>\n<p>PREF\u00c1CIO\u2026\u2026\u2026\u2026\u2026\u2026\u2026\u2026\u2026\u2026\u2026\u2026\u2026\u2026\u2026\u2026\u2026\u2026\u2026\u2026\u2026\u2026\u2026\u2026\u2026\u2026\u2026\u2026\u2026\u2026\u2026\u2026\u2026\u2026\u2026..05<\/p>\n<p>APRESENTA\u00c7\u00c3O \u2026\u2026\u2026\u2026\u2026\u2026\u2026\u2026\u2026\u2026\u2026\u2026\u2026\u2026\u2026\u2026\u2026\u2026\u2026\u2026\u2026\u2026\u2026\u2026\u2026\u2026\u2026\u2026\u2026\u2026\u202623<\/p>\n<p>I PARTE<\/p>\n<p>A ATMOSFERA DA ANG\u00daSTIA DA EXIST\u00caNCIA EXPERENCIA-DA PELO CINEMA DE BERGMAN\u2026\u202643<\/p>\n<ul>\n<li style=\"list-style-type: none;\">\n<ul>\n<li>A amea\u00e7a iminente da morte e o desejo de vida \u2026\u2026\u2026\u2026\u2026\u2026\u2026\u2026\u2026\u2026.61<\/li>\n<li>O sil\u00eancio de Deus \u2026\u2026\u2026\u2026\u2026\u2026\u2026\u2026\u2026\u2026\u2026\u2026\u2026\u2026\u2026\u2026\u2026\u2026\u2026\u2026\u2026\u2026\u2026\u2026\u2026\u2026\u2026\u2026\u2026.83<\/li>\n<li>A finitude como consci\u00eancia da morte \u2026\u2026\u2026\u2026\u2026\u2026\u2026\u2026\u2026\u2026\u2026\u2026\u2026\u2026\u2026\u2026.93<\/li>\n<li>A viagem pela velhice solit\u00e1ria \u2026\u2026\u2026\u2026\u2026\u2026\u2026\u2026\u2026\u2026\u2026\u2026\u2026\u2026\u2026\u2026\u2026\u2026\u2026\u2026\u2026.109<\/li>\n<li>Lembran\u00e7as existenciais do \u201cVelho Bergman\u201d \u2026\u2026\u2026\u2026\u2026\u2026\u2026\u2026\u2026\u2026\u2026.131<\/li>\n<\/ul>\n<\/li>\n<\/ul>\n<p>II PARTE<\/p>\n<p>UM TRI\u00c1LOGO EXISTENCIAL NA BRECHA DO TEMPO \u2026\u2026\u2026.159<\/p>\n<p>EP\u00cdLOGO<\/p>\n<p>DO SIL\u00caNCIO DE DEUS AO SIL\u00caNCIO DO ENVELHECER \u2026\u2026..179<\/p>\n<p>&nbsp;<\/p>\n<\/div>\n<\/div>\n<p>Caracter\u00edsticas do Produto:<br \/>\nPESO: 0,360 Kg<br \/>\nI.S.B.N.:\u00a0978-85-69350-19-4<br \/>\nALTURA: 23,00 cm<br \/>\nLARGURA: 16,00 cm<br \/>\nPROFUNDIDADE: 1,50 cm<br \/>\nN\u00daMERO DE P\u00c1GINAS: 306<br \/>\nIDIOMA: Portugu\u00eas<br \/>\nACABAMENTO: Brochura<br \/>\nC\u00d3D. BARRAS: 9788569350194<br \/>\nANO DA EDI\u00c7\u00c3O: 2018<br \/>\nAUTORA: Luciana Helena Mussi<\/p>\n<\/div>\n<\/div>\n<\/div>\n<\/div>\n<\/div>\n<\/div>\n<\/div>\n<\/div>\n<\/div>\n<\/div>\n<\/div>\n<\/div>\n<\/div>\n<\/div>\n<\/div>\n<\/div>\n<\/div>\n<\/div>\n<\/div>\n<\/div>\n","protected":false},"excerpt":{"rendered":"<p>Ao nos vermos diante da morte e ao mesmo tempo desejando a vida, nos deparamos com o sil\u00eancio do Divino. Chamamos, mas ningu\u00e9m responde. \u00c9 quando nos percebemos finitos, com nossos respectivos prazos de validade prontos para, a qualquer momento, expirar.<\/p>\n<p>Luciana Mussi, doutora em Psicologia Social pela PUCSP, apresenta esta reflex\u00e3o no seu novo livro: O Envelhecer Diante da Amea\u00e7a de Morte e do Desejo de Vida: uma reflex\u00e3o Bergmaniana. O livro mergulha no document\u00e1rio A Ilha de Bergman, no qual o diretor, Ingmar Bergman, aos 88 anos, rev\u00ea sua vida e reflete sobre os mais de 60 anos dedicados ao cinema.<\/p>\n<p>A autora recorre tamb\u00e9m \u00e0s reflex\u00f5es do fil\u00f3sofo romana C\u00edcero sobre o envelhecer e a trajet\u00f3ria de transforma\u00e7\u00e3o da deusa grega Dem\u00e9ter para questionar se o rem\u00e9dio para as dores da vida sentidas na velhice particular de cada um seriam suas lembran\u00e7as.<\/p>\n<p><strong>Quem curte cinema, estuda e se preocupa com o envelhecer, encontrar\u00e1 neste livro uma leitura leve, agrad\u00e1vel, intimista e profunda<\/strong>, pois o cinema, entre todas as artes, de acordo com o fil\u00f3sofo franc\u00eas Edgar Morin, \u00e9 a que mais se aproxima da experi\u00eancia humana e de suas quest\u00f5es existenciais como vida e morte.<\/p>\n","protected":false},"featured_media":9234,"comment_status":"open","ping_status":"closed","template":"","meta":{"_bbp_topic_count":0,"_bbp_reply_count":0,"_bbp_total_topic_count":0,"_bbp_total_reply_count":0,"_bbp_voice_count":0,"_bbp_anonymous_reply_count":0,"_bbp_topic_count_hidden":0,"_bbp_reply_count_hidden":0,"_bbp_forum_subforum_count":0,"pmpro_default_level":""},"product_brand":[],"product_cat":[67,66,69],"product_tag":[70,68],"class_list":{"0":"post-9231","1":"product","2":"type-product","3":"status-publish","4":"has-post-thumbnail","6":"product_cat-ebooks","7":"product_cat-livros","8":"product_cat-todos-livros","9":"product_tag-ebook","10":"product_tag-livros","11":"pmpro-has-access","13":"first","14":"instock","15":"shipping-taxable","16":"purchasable","17":"product-type-variable"},"_links":{"self":[{"href":"https:\/\/edicoes.portaldoenvelhecimento.com.br\/novo\/wp-json\/wp\/v2\/product\/9231","targetHints":{"allow":["GET"]}}],"collection":[{"href":"https:\/\/edicoes.portaldoenvelhecimento.com.br\/novo\/wp-json\/wp\/v2\/product"}],"about":[{"href":"https:\/\/edicoes.portaldoenvelhecimento.com.br\/novo\/wp-json\/wp\/v2\/types\/product"}],"replies":[{"embeddable":true,"href":"https:\/\/edicoes.portaldoenvelhecimento.com.br\/novo\/wp-json\/wp\/v2\/comments?post=9231"}],"version-history":[{"count":2,"href":"https:\/\/edicoes.portaldoenvelhecimento.com.br\/novo\/wp-json\/wp\/v2\/product\/9231\/revisions"}],"predecessor-version":[{"id":11123,"href":"https:\/\/edicoes.portaldoenvelhecimento.com.br\/novo\/wp-json\/wp\/v2\/product\/9231\/revisions\/11123"}],"wp:featuredmedia":[{"embeddable":true,"href":"https:\/\/edicoes.portaldoenvelhecimento.com.br\/novo\/wp-json\/wp\/v2\/media\/9234"}],"wp:attachment":[{"href":"https:\/\/edicoes.portaldoenvelhecimento.com.br\/novo\/wp-json\/wp\/v2\/media?parent=9231"}],"wp:term":[{"taxonomy":"product_brand","embeddable":true,"href":"https:\/\/edicoes.portaldoenvelhecimento.com.br\/novo\/wp-json\/wp\/v2\/product_brand?post=9231"},{"taxonomy":"product_cat","embeddable":true,"href":"https:\/\/edicoes.portaldoenvelhecimento.com.br\/novo\/wp-json\/wp\/v2\/product_cat?post=9231"},{"taxonomy":"product_tag","embeddable":true,"href":"https:\/\/edicoes.portaldoenvelhecimento.com.br\/novo\/wp-json\/wp\/v2\/product_tag?post=9231"}],"curies":[{"name":"wp","href":"https:\/\/api.w.org\/{rel}","templated":true}]}}

O Envelhecer Diante da Ameaça de Morte e do Desejo de Vida

<div class="page" title="Page 1">
<div class="layoutArea">
<div class="column">
<div class="layoutArea">
<div class="column">
<div class="page" title="Page 1">
<div class="layoutArea">
<div class="column">
<div class="page" title="Page 1">
<div class="layoutArea">
<div class="column">
<div class="page" title="Page 1">
<div class="layoutArea">
<div class="column">
<div class="page" title="Page 1">
<div class="layoutArea">
<div class="column">
<div class="page" title="Page 1">
<div class="layoutArea">
<div class="column">
<div class="layoutArea">
<div class="column">
<p><strong>ROTEIRO:</strong></p>
<p>PREFÁCIO……………………………………………………………………………………………..05</p>
<p>APRESENTAÇÃO …………………………………………………………………………………23</p>
<p>I PARTE</p>
<p>A ATMOSFERA DA ANGÚSTIA DA EXISTÊNCIA EXPERENCIA-DA PELO CINEMA DE BERGMAN……43</p>
<ul>
<li style="list-style-type: none;">
<ul>
<li>A ameaça iminente da morte e o desejo de vida ………………………….61</li>
<li>O silêncio de Deus …………………………………………………………………………….83</li>
<li>A finitude como consciência da morte ………………………………………….93</li>
<li>A viagem pela velhice solitária ……………………………………………………….109</li>
<li>Lembranças existenciais do “Velho Bergman” …………………………….131</li>
</ul>
</li>
</ul>
<p>II PARTE</p>
<p>UM TRIÁLOGO EXISTENCIAL NA BRECHA DO TEMPO ……….159</p>
<p>EPÍLOGO</p>
<p>DO SILÊNCIO DE DEUS AO SILÊNCIO DO ENVELHECER ……..179</p>
<p>&nbsp;</p>
</div>
</div>
<p>Características do Produto:<br />
PESO: 0,360 Kg<br />
I.S.B.N.: 978-85-69350-19-4<br />
ALTURA: 23,00 cm<br />
LARGURA: 16,00 cm<br />
PROFUNDIDADE: 1,50 cm<br />
NÚMERO DE PÁGINAS: 306<br />
IDIOMA: Português<br />
ACABAMENTO: Brochura<br />
CÓD. BARRAS: 9788569350194<br />
ANO DA EDIÇÃO: 2018<br />
AUTORA: Luciana Helena Mussi</p>
</div>
</div>
</div>
</div>
</div>
</div>
</div>
</div>
</div>
</div>
</div>
</div>
</div>
</div>
</div>
</div>
</div>
</div>
</div>
</div>

<p>Ao nos vermos diante da morte e ao mesmo tempo desejando a vida, nos deparamos com o silêncio do Divino. Chamamos, mas ninguém responde. É quando nos percebemos finitos, com nossos respectivos prazos de validade prontos para, a qualquer momento, expirar.</p>
<p>Luciana Mussi, doutora em Psicologia Social pela PUCSP, apresenta esta reflexão no seu novo livro: O Envelhecer Diante da Ameaça de Morte e do Desejo de Vida: uma reflexão Bergmaniana. O livro mergulha no documentário A Ilha de Bergman, no qual o diretor, Ingmar Bergman, aos 88 anos, revê sua vida e reflete sobre os mais de 60 anos dedicados ao cinema.</p>
<p>A autora recorre também às reflexões do filósofo romana Cícero sobre o envelhecer e a trajetória de transformação da deusa grega Deméter para questionar se o remédio para as dores da vida sentidas na velhice particular de cada um seriam suas lembranças.</p>
<p><strong>Quem curte cinema, estuda e se preocupa com o envelhecer, encontrará neste livro uma leitura leve, agradável, intimista e profunda</strong>, pois o cinema, entre todas as artes, de acordo com o filósofo francês Edgar Morin, é a que mais se aproxima da experiência humana e de suas questões existenciais como vida e morte.</p>
