{"id":9224,"date":"2024-08-06T19:13:47","date_gmt":"2024-08-06T22:13:47","guid":{"rendered":"https:\/\/edicoes.portaldoenvelhecimento.com.br\/novo\/?post_type=product&#038;p=9224"},"modified":"2025-12-02T02:17:07","modified_gmt":"2025-12-02T05:17:07","slug":"tecendo-30-oficinas-para-o-segmento-60","status":"publish","type":"product","link":"https:\/\/edicoes.portaldoenvelhecimento.com.br\/novo\/produto\/tecendo-30-oficinas-para-o-segmento-60\/","title":{"rendered":"Tecendo o Chamado \u2013 30 Oficinas para o Segmento 60+"},"content":{"rendered":"<div class=\"page\" title=\"Page 1\">\n<div class=\"layoutArea\">\n<div class=\"column\">\n<div class=\"layoutArea\">\n<div class=\"column\">\n<div class=\"page\" title=\"Page 1\">\n<div class=\"layoutArea\">\n<div class=\"column\">\n<div class=\"page\" title=\"Page 1\">\n<div class=\"layoutArea\">\n<div class=\"column\">\n<div class=\"page\" title=\"Page 1\">\n<div class=\"layoutArea\">\n<div class=\"column\">\n<div class=\"page\" title=\"Page 1\">\n<div class=\"layoutArea\">\n<div class=\"column\">\n<div class=\"page\" title=\"Page 1\">\n<div class=\"layoutArea\">\n<div class=\"column\">\n<p><strong>SUM\u00c1RIO:<\/strong><\/p>\n<p>Apresenta\u00e7\u00e3o<\/p>\n<p>Pref\u00e1cio<\/p>\n<p>Oficina 1: Subjetividade e mem\u00f3ria<\/p>\n<p>Oficina 2: Mem\u00f3ria das sensa\u00e7\u00f5es<\/p>\n<p>Oficina 3: Mobilizando significados<\/p>\n<p>Oficina 4: Emo\u00e7\u00f5es sonoras<\/p>\n<p>Oficina 5: Pausa para uma brincadeira<\/p>\n<p>Oficina 6: Dan\u00e7a s\u00eanior<\/p>\n<p>Oficina 7: Criando uma narrativa imagin\u00e1ria<\/p>\n<p>Oficina 8: Explora\u00e7\u00e3o de significados sonoros<\/p>\n<p>Oficina 9: Os significados criados pelos \u00f3rg\u00e3os dos sentidos<\/p>\n<p>Oficina 10: Da conviv\u00eancia com um c\u00e3o<\/p>\n<p>Oficina 11: O equ\u00edvoco do fuxico<\/p>\n<p>Oficina 12: Explorando a caixa l\u00fadica<\/p>\n<p>Oficina 13: Prov\u00e9rbios \u2013 compreendendo seus significados e hist\u00f3rias<\/p>\n<p>Oficina 14: H\u00e1bitos, rotinas e roteiros<\/p>\n<p>Oficina 15: Cesto de conversa<\/p>\n<p>Oficina 16: Lendas e parlendas<\/p>\n<p>Oficina 17: A hora e a vez da m\u00e1gica<\/p>\n<p>Oficina 18: Mandala \u2013 A roda da vida<\/p>\n<p>Oficina 19: Nem s\u00f3 de domin\u00f3 vivem os av\u00f3s \u2013 jogos criativos<\/p>\n<p>Oficina 20: Mundo \u2013 vasto mundo<\/p>\n<p>Oficina 21: Teatro itinerante<\/p>\n<p>Oficina 22: Era uma vez uma tenda de circo<\/p>\n<p>Oficina 23: Panela de barro \u2013 fog\u00e3o e imagina\u00e7\u00e3o<\/p>\n<p>Oficina 24: Planejando um evento social<\/p>\n<p>Oficina 25: Rir \u2013 o melhor rem\u00e9dio<\/p>\n<p>Oficina 26: Quebrando a cuca \u2013 Desafios de mem\u00f3ria e cogni\u00e7\u00e3o<\/p>\n<p>Oficina 27: Pintura coletiva sobre uma porta \u2013 um ato criativo<\/p>\n<p>Oficina 28: Convite \u00e0 Paignia, a deusa da divers\u00e3o<\/p>\n<p>Oficina 29: Desafiando rotinas da vida<\/p>\n<p>Oficina 30: M\u00e3os que amassam e amansam \u2013 do p\u00e3o \u00e0 argila terap\u00eautica<\/p>\n<p>&nbsp;<\/p>\n<p>Caracter\u00edsticas do Produto:<br \/>\nPESO: 0,460 Kg<br \/>\nI.S.B.N.: 978-85-69350-17-0<br \/>\nALTURA: 23,00 cm<br \/>\nLARGURA: 23,00 cm<br \/>\nPROFUNDIDADE: 2,00 cm<br \/>\nN\u00daMERO DE P\u00c1GINAS: 256<br \/>\nIDIOMA: Portugu\u00eas<br \/>\nACABAMENTO: Brochura<br \/>\nC\u00d3D. BARRAS: 9788569350170<br \/>\nANO DA EDI\u00c7\u00c3O: 2018<br \/>\nAUTORAS: S\u00f4nia Azevedo Menezes Prata Silva Fuentes e Flam\u00ednia Manzano Moreira Lodovici<\/p>\n<\/div>\n<\/div>\n<\/div>\n<\/div>\n<\/div>\n<\/div>\n<\/div>\n<\/div>\n<\/div>\n<\/div>\n<\/div>\n<\/div>\n<\/div>\n<\/div>\n<\/div>\n<\/div>\n<\/div>\n<\/div>\n<\/div>\n<\/div>\n","protected":false},"excerpt":{"rendered":"<p>S\u00f4nia Fuentes apresenta um livro em forma de Caderno de Atividades contendo 30 oficinas detalhadas para se trabalhar com o p\u00fablico 60+.\u00a0<strong>Enumera todo o material a ser utilizado, orienta o ritual para a a\u00e7\u00e3o e os desafios<\/strong>\u00a0que promover\u00e3o alegria, bem-estar, vivacidade, vitalidade, socializa\u00e7\u00e3o e uma melhora consider\u00e1vel na mem\u00f3ria e cogni\u00e7\u00e3o dos participantes.<\/p>\n<p>Todas as atividades foram testadas com idosos do Centro-Dia \u201cPas\u00e1rgada\u201d, alguns com Alzheimer. A experi\u00eancia envolve jovens do Projeto Quixote que atuaram como agentes socioculturais, ou seja, a autora fez sua pesquisa com dois grupos vulner\u00e1veis, idosos e jovens carentes, numa experi\u00eancia intergeracional na qual atesta que todos crescem com as atividades propostas.<\/p>\n<p>Nas palavras da autora: A preocupa\u00e7\u00e3o em tecer, criar atividades produtivas \u00e0s pessoas idosas, me toca profundamente h\u00e1 muitos anos. O envolvimento com esse processo, na pesquisa e pr\u00e1ticas com a tem\u00e1tica da velhice e do envelhecimento, permitiu-me concretizar o desejo de produzir algo diferenciado, adequado \u00e0s compet\u00eancias das pessoas idosas.<\/p>\n<p>\u201cA pretens\u00e3o, vale pontuar, \u00e9 que esse Caderno de Atividades n\u00e3o esgote outras possibilidades de trabalho com os velhos, que funcione como gatilho para a cria\u00e7\u00e3o de atividades diferentes, in\u00e9ditas, que n\u00e3o seja visto como mais um modelo ou cartilha, mas um material que enrique\u00e7a o dia a dia do idoso, fazendo-o ganhar intera\u00e7\u00e3o com profissionais e residentes nas institui\u00e7\u00f5es.\u201d<\/p>\n<p><strong>As atividades no formato de Oficinas aqui propostas podem ser adequadas a outros segmentos: crian\u00e7as, jovens ou adultos. Como a proposta \u00e9 trabalhar com idosos, oferece-se certo grau de facilidade em seus procedimentos, mas que seriam modificadas conforme o p\u00fablico-alvo, representando sempre novos desafios.<\/strong><\/p>\n<p>Formato especial 23 x 23<\/p>\n<p>&nbsp;<\/p>\n<p><strong>Este \u00e9 o primeiro livro de atividades publicado por Sonia Fuentes, um segundo livro j\u00e1 foi lan\u00e7ado com mais 37 atividades intitulado &#8220;Tecendo Teias Neuronais \u2013 Ativando a Mem\u00f3ria, Cuidando do C\u00e9rebro&#8221;. Link:<a href=\"https:\/\/edicoes.portaldoenvelhecimento.com.br\/novo\/produto\/tecendo-teias-neuronais-ativando-a-memoria-cuidando-do-cerebro\/\"> https:\/\/edicoes.portaldoenvelhecimento.com.br\/novo\/produto\/tecendo-teias-neuronais-ativando-a-memoria-cuidando-do-cerebro\/<\/a><\/strong><\/p>\n","protected":false},"featured_media":9227,"comment_status":"open","ping_status":"closed","template":"","meta":{"_bbp_topic_count":0,"_bbp_reply_count":0,"_bbp_total_topic_count":0,"_bbp_total_reply_count":0,"_bbp_voice_count":0,"_bbp_anonymous_reply_count":0,"_bbp_topic_count_hidden":0,"_bbp_reply_count_hidden":0,"_bbp_forum_subforum_count":0,"pmpro_default_level":""},"product_brand":[],"product_cat":[67,66,91,69],"product_tag":[70,68],"class_list":{"0":"post-9224","1":"product","2":"type-product","3":"status-publish","4":"has-post-thumbnail","6":"product_cat-ebooks","7":"product_cat-livros","8":"product_cat-livros-com-propostas-de-atividades","9":"product_cat-todos-livros","10":"product_tag-ebook","11":"product_tag-livros","12":"pmpro-has-access","14":"first","15":"instock","16":"shipping-taxable","17":"purchasable","18":"product-type-variable"},"_links":{"self":[{"href":"https:\/\/edicoes.portaldoenvelhecimento.com.br\/novo\/wp-json\/wp\/v2\/product\/9224","targetHints":{"allow":["GET"]}}],"collection":[{"href":"https:\/\/edicoes.portaldoenvelhecimento.com.br\/novo\/wp-json\/wp\/v2\/product"}],"about":[{"href":"https:\/\/edicoes.portaldoenvelhecimento.com.br\/novo\/wp-json\/wp\/v2\/types\/product"}],"replies":[{"embeddable":true,"href":"https:\/\/edicoes.portaldoenvelhecimento.com.br\/novo\/wp-json\/wp\/v2\/comments?post=9224"}],"version-history":[{"count":7,"href":"https:\/\/edicoes.portaldoenvelhecimento.com.br\/novo\/wp-json\/wp\/v2\/product\/9224\/revisions"}],"predecessor-version":[{"id":30955,"href":"https:\/\/edicoes.portaldoenvelhecimento.com.br\/novo\/wp-json\/wp\/v2\/product\/9224\/revisions\/30955"}],"wp:featuredmedia":[{"embeddable":true,"href":"https:\/\/edicoes.portaldoenvelhecimento.com.br\/novo\/wp-json\/wp\/v2\/media\/9227"}],"wp:attachment":[{"href":"https:\/\/edicoes.portaldoenvelhecimento.com.br\/novo\/wp-json\/wp\/v2\/media?parent=9224"}],"wp:term":[{"taxonomy":"product_brand","embeddable":true,"href":"https:\/\/edicoes.portaldoenvelhecimento.com.br\/novo\/wp-json\/wp\/v2\/product_brand?post=9224"},{"taxonomy":"product_cat","embeddable":true,"href":"https:\/\/edicoes.portaldoenvelhecimento.com.br\/novo\/wp-json\/wp\/v2\/product_cat?post=9224"},{"taxonomy":"product_tag","embeddable":true,"href":"https:\/\/edicoes.portaldoenvelhecimento.com.br\/novo\/wp-json\/wp\/v2\/product_tag?post=9224"}],"curies":[{"name":"wp","href":"https:\/\/api.w.org\/{rel}","templated":true}]}}

<div class="page" title="Page 1">
<div class="layoutArea">
<div class="column">
<div class="layoutArea">
<div class="column">
<div class="page" title="Page 1">
<div class="layoutArea">
<div class="column">
<div class="page" title="Page 1">
<div class="layoutArea">
<div class="column">
<div class="page" title="Page 1">
<div class="layoutArea">
<div class="column">
<div class="page" title="Page 1">
<div class="layoutArea">
<div class="column">
<div class="page" title="Page 1">
<div class="layoutArea">
<div class="column">
<p><strong>SUMÁRIO:</strong></p>
<p>Apresentação</p>
<p>Prefácio</p>
<p>Oficina 1: Subjetividade e memória</p>
<p>Oficina 2: Memória das sensações</p>
<p>Oficina 3: Mobilizando significados</p>
<p>Oficina 4: Emoções sonoras</p>
<p>Oficina 5: Pausa para uma brincadeira</p>
<p>Oficina 6: Dança sênior</p>
<p>Oficina 7: Criando uma narrativa imaginária</p>
<p>Oficina 8: Exploração de significados sonoros</p>
<p>Oficina 9: Os significados criados pelos órgãos dos sentidos</p>
<p>Oficina 10: Da convivência com um cão</p>
<p>Oficina 11: O equívoco do fuxico</p>
<p>Oficina 12: Explorando a caixa lúdica</p>
<p>Oficina 13: Provérbios – compreendendo seus significados e histórias</p>
<p>Oficina 14: Hábitos, rotinas e roteiros</p>
<p>Oficina 15: Cesto de conversa</p>
<p>Oficina 16: Lendas e parlendas</p>
<p>Oficina 17: A hora e a vez da mágica</p>
<p>Oficina 18: Mandala – A roda da vida</p>
<p>Oficina 19: Nem só de dominó vivem os avós – jogos criativos</p>
<p>Oficina 20: Mundo – vasto mundo</p>
<p>Oficina 21: Teatro itinerante</p>
<p>Oficina 22: Era uma vez uma tenda de circo</p>
<p>Oficina 23: Panela de barro – fogão e imaginação</p>
<p>Oficina 24: Planejando um evento social</p>
<p>Oficina 25: Rir – o melhor remédio</p>
<p>Oficina 26: Quebrando a cuca – Desafios de memória e cognição</p>
<p>Oficina 27: Pintura coletiva sobre uma porta – um ato criativo</p>
<p>Oficina 28: Convite à Paignia, a deusa da diversão</p>
<p>Oficina 29: Desafiando rotinas da vida</p>
<p>Oficina 30: Mãos que amassam e amansam – do pão à argila terapêutica</p>
<p>&nbsp;</p>
<p>Características do Produto:<br />
PESO: 0,460 Kg<br />
I.S.B.N.: 978-85-69350-17-0<br />
ALTURA: 23,00 cm<br />
LARGURA: 23,00 cm<br />
PROFUNDIDADE: 2,00 cm<br />
NÚMERO DE PÁGINAS: 256<br />
IDIOMA: Português<br />
ACABAMENTO: Brochura<br />
CÓD. BARRAS: 9788569350170<br />
ANO DA EDIÇÃO: 2018<br />
AUTORAS: Sônia Azevedo Menezes Prata Silva Fuentes e Flamínia Manzano Moreira Lodovici</p>
</div>
</div>
</div>
</div>
</div>
</div>
</div>
</div>
</div>
</div>
</div>
</div>
</div>
</div>
</div>
</div>
</div>
</div>
</div>
</div>

<p>Sônia Fuentes apresenta um livro em forma de Caderno de Atividades contendo 30 oficinas detalhadas para se trabalhar com o público 60+. <strong>Enumera todo o material a ser utilizado, orienta o ritual para a ação e os desafios</strong> que promoverão alegria, bem-estar, vivacidade, vitalidade, socialização e uma melhora considerável na memória e cognição dos participantes.</p>
<p>Todas as atividades foram testadas com idosos do Centro-Dia “Pasárgada”, alguns com Alzheimer. A experiência envolve jovens do Projeto Quixote que atuaram como agentes socioculturais, ou seja, a autora fez sua pesquisa com dois grupos vulneráveis, idosos e jovens carentes, numa experiência intergeracional na qual atesta que todos crescem com as atividades propostas.</p>
<p>Nas palavras da autora: A preocupação em tecer, criar atividades produtivas às pessoas idosas, me toca profundamente há muitos anos. O envolvimento com esse processo, na pesquisa e práticas com a temática da velhice e do envelhecimento, permitiu-me concretizar o desejo de produzir algo diferenciado, adequado às competências das pessoas idosas.</p>
<p>“A pretensão, vale pontuar, é que esse Caderno de Atividades não esgote outras possibilidades de trabalho com os velhos, que funcione como gatilho para a criação de atividades diferentes, inéditas, que não seja visto como mais um modelo ou cartilha, mas um material que enriqueça o dia a dia do idoso, fazendo-o ganhar interação com profissionais e residentes nas instituições.”</p>
<p><strong>As atividades no formato de Oficinas aqui propostas podem ser adequadas a outros segmentos: crianças, jovens ou adultos. Como a proposta é trabalhar com idosos, oferece-se certo grau de facilidade em seus procedimentos, mas que seriam modificadas conforme o público-alvo, representando sempre novos desafios.</strong></p>
<p>Formato especial 23 x 23</p>
<p>&nbsp;</p>
<p><strong>Este é o primeiro livro de atividades publicado por Sonia Fuentes, um segundo livro já foi lançado com mais 37 atividades intitulado &#8220;Tecendo Teias Neuronais – Ativando a Memória, Cuidando do Cérebro&#8221;. Link:<a href="https://edicoes.portaldoenvelhecimento.com.br/novo/produto/tecendo-teias-neuronais-ativando-a-memoria-cuidando-do-cerebro/"> https://edicoes.portaldoenvelhecimento.com.br/novo/produto/tecendo-teias-neuronais-ativando-a-memoria-cuidando-do-cerebro/</a></strong></p>
