{"id":9176,"date":"2024-07-28T19:27:22","date_gmt":"2024-07-28T22:27:22","guid":{"rendered":"https:\/\/edicoes.portaldoenvelhecimento.com.br\/novo\/?post_type=product&#038;p=9176"},"modified":"2026-05-12T22:32:18","modified_gmt":"2026-05-13T01:32:18","slug":"o-alemao-pegou-o-bonde","status":"publish","type":"product","link":"https:\/\/edicoes.portaldoenvelhecimento.com.br\/novo\/produto\/o-alemao-pegou-o-bonde\/","title":{"rendered":"O Alem\u00e3o Pegou o Bonde: O Visitante Indesejado se Torna Companheiro de Jornada"},"content":{"rendered":"<div class=\"page\" title=\"Page 1\">\n<div class=\"layoutArea\">\n<div class=\"column\">\n<div class=\"layoutArea\">\n<div class=\"column\">\n<div class=\"page\" title=\"Page 1\">\n<div class=\"layoutArea\">\n<div class=\"column\">\n<div class=\"page\" title=\"Page 1\">\n<div class=\"layoutArea\">\n<div class=\"column\">\n<p><strong>SUM\u00c1RIO<\/strong><\/p>\n<p>1. EMBARQUE \u2026\u2026\u2026\u2026\u2026\u2026\u2026\u2026\u2026\u2026\u2026\u2026\u2026\u2026\u2026\u2026\u2026\u2026\u2026\u2026\u2026\u2026\u2026\u2026\u2026\u2026\u2026\u2026\u2026\u2026\u2026.43<\/p>\n<p>A casa nova \u2026\u2026\u2026\u2026\u2026\u2026\u2026\u2026\u2026\u2026\u2026\u2026\u2026\u2026\u2026\u2026\u2026\u2026\u2026\u2026\u2026\u2026\u2026\u2026\u2026\u2026\u2026\u2026\u2026\u2026\u2026\u2026..45<\/p>\n<p>Os novos vizinhos \u2026\u2026\u2026\u2026\u2026\u2026\u2026\u2026\u2026\u2026\u2026\u2026\u2026\u2026\u2026\u2026\u2026\u2026\u2026\u2026\u2026\u2026\u2026\u2026\u2026\u2026\u2026.55<\/p>\n<p>Amar, comer e rezar \u2026\u2026\u2026\u2026\u2026\u2026\u2026\u2026\u2026\u2026\u2026\u2026\u2026\u2026\u2026\u2026\u2026\u2026\u2026\u2026\u2026\u2026\u2026\u2026\u2026\u2026..69<\/p>\n<p>Aprendendo todos os dias \u2026\u2026\u2026\u2026\u2026\u2026\u2026\u2026\u2026\u2026\u2026\u2026\u2026\u2026\u2026\u2026\u2026\u2026\u2026\u2026\u2026.83<\/p>\n<p>2. PAISAGEM NA JANELA \u2026\u2026\u2026\u2026\u2026\u2026\u2026\u2026\u2026\u2026\u2026\u2026\u2026\u2026\u2026\u2026\u2026\u2026\u2026\u2026\u2026..91<\/p>\n<p>Arriscando o novo \u2026\u2026\u2026\u2026\u2026\u2026\u2026\u2026\u2026\u2026\u2026\u2026\u2026\u2026\u2026\u2026\u2026\u2026\u2026\u2026\u2026\u2026\u2026\u2026\u2026\u2026\u2026.93<\/p>\n<p>SantaFelicidade\u2026\u2026\u2026\u2026\u2026\u2026\u2026\u2026\u2026\u2026\u2026\u2026\u2026\u2026\u2026\u2026\u2026\u2026\u2026\u2026\u2026\u2026\u2026\u2026\u2026\u2026\u2026\u2026..101<\/p>\n<p>Sustos e solavancos \u2026\u2026\u2026\u2026\u2026\u2026\u2026\u2026\u2026\u2026\u2026\u2026\u2026\u2026\u2026\u2026\u2026\u2026\u2026\u2026\u2026\u2026\u2026\u2026\u2026\u2026.111<\/p>\n<p>Tchibum \u2026\u2026\u2026\u2026\u2026\u2026\u2026\u2026\u2026\u2026\u2026\u2026\u2026\u2026\u2026\u2026\u2026\u2026\u2026\u2026\u2026\u2026\u2026\u2026\u2026\u2026\u2026\u2026\u2026\u2026\u2026\u2026\u2026117<\/p>\n<p>3. BALDEA\u00c7\u00c3O \u2026\u2026\u2026\u2026\u2026\u2026\u2026\u2026\u2026\u2026\u2026\u2026\u2026\u2026\u2026\u2026\u2026\u2026\u2026\u2026\u2026\u2026\u2026\u2026\u2026\u2026\u2026\u2026.125<\/p>\n<p>A morte dos sobreviventes \u2026\u2026\u2026\u2026\u2026\u2026\u2026\u2026\u2026\u2026\u2026\u2026\u2026\u2026\u2026\u2026\u2026\u2026\u2026\u2026..127<\/p>\n<p>A perna de cal\u00e7a \u2026\u2026\u2026\u2026\u2026\u2026\u2026\u2026\u2026\u2026\u2026\u2026\u2026\u2026\u2026\u2026\u2026\u2026\u2026\u2026\u2026\u2026\u2026\u2026\u2026\u2026\u2026..135<\/p>\n<p>Cansou, senta \u2026\u2026\u2026\u2026\u2026\u2026\u2026\u2026\u2026\u2026\u2026\u2026\u2026\u2026\u2026\u2026\u2026\u2026\u2026\u2026\u2026\u2026\u2026\u2026\u2026\u2026\u2026\u2026\u2026..145<\/p>\n<p>M\u00e3o de gancho \u2026\u2026\u2026\u2026\u2026\u2026\u2026\u2026\u2026\u2026\u2026\u2026\u2026\u2026\u2026\u2026\u2026\u2026\u2026\u2026\u2026\u2026\u2026\u2026\u2026\u2026\u2026\u2026155<\/p>\n<p>O g\u00f4go \u2026\u2026\u2026\u2026\u2026\u2026\u2026\u2026\u2026\u2026\u2026\u2026\u2026\u2026\u2026\u2026\u2026\u2026\u2026\u2026\u2026\u2026\u2026\u2026\u2026\u2026\u2026\u2026\u2026\u2026\u2026\u2026\u2026\u2026163<\/p>\n<p>Delinquentes e prisioneiros \u2026\u2026\u2026\u2026\u2026\u2026\u2026\u2026\u2026\u2026\u2026\u2026\u2026\u2026\u2026\u2026\u2026\u2026\u2026\u2026.175<\/p>\n<p>4. VELOCIDADE DE CRUZEIRO \u2026\u2026\u2026\u2026\u2026\u2026\u2026\u2026\u2026\u2026\u2026\u2026\u2026\u2026\u2026\u2026..187<\/p>\n<p>O realejo cantante \u2026\u2026\u2026\u2026\u2026\u2026\u2026\u2026\u2026\u2026\u2026\u2026\u2026\u2026\u2026\u2026\u2026\u2026\u2026\u2026\u2026\u2026\u2026\u2026\u2026\u2026.189<\/p>\n<p>Tropa de Elite II \u2026\u2026\u2026\u2026\u2026\u2026\u2026\u2026\u2026\u2026\u2026\u2026\u2026\u2026\u2026\u2026\u2026\u2026\u2026\u2026\u2026\u2026\u2026\u2026\u2026\u2026\u2026..199<\/p>\n<p>Crise e disponibilidade \u2026\u2026\u2026\u2026\u2026\u2026\u2026\u2026\u2026\u2026\u2026\u2026\u2026\u2026\u2026\u2026\u2026\u2026\u2026\u2026\u2026\u2026..219<\/p>\n<p>A hist\u00f3ria sem fim \u2026\u2026\u2026\u2026\u2026\u2026\u2026\u2026\u2026\u2026\u2026\u2026\u2026\u2026\u2026\u2026\u2026\u2026\u2026\u2026\u2026\u2026\u2026\u2026\u2026..229<\/p>\n<p>&nbsp;<\/p>\n<\/div>\n<\/div>\n<p>Caracter\u00edsticas do Produto<\/p>\n<p>PESO: 0,360 Kg<\/p>\n<p>ALTURA: 23,00 cm<\/p>\n<p>LARGURA: 16,00 cm<\/p>\n<p>PROFUNDIDADE: 1,00 cm<\/p>\n<p>N\u00daMERO DE P\u00c1GINAS: 220<\/p>\n<\/div>\n<p>IDIOMA: Portugu\u00eas<\/p>\n<p>ACABAMENTO: Brochura<\/p>\n<p>C\u00d3DIGO DE BARRAS: 9788569350293<\/p>\n<p>AUTORA: ROSANA LEAL<\/p>\n<p>ISBN 978-85-69350-29-3<\/p>\n<\/div>\n<\/div>\n<\/div>\n<\/div>\n<\/div>\n<\/div>\n<\/div>\n<\/div>\n","protected":false},"excerpt":{"rendered":"<p><strong>Tema: Alzheimer na fam\u00edlia<\/strong><\/p>\n<p>Ao contar como a DA, Doen\u00e7a de Alzheimer, entrou na nossa vida, garfando mam\u00e3e aos pouquinhos, compartilho com pessoas que vivem situa\u00e7\u00f5es semelhantes a esperan\u00e7a de continuar suas vidas sem embarcar no bonde do desespero. Este ningu\u00e9m merece. Se algu\u00e9m pensa que conviver com o Alem\u00e3o \u00e9 f\u00e1cil, divertido, engra\u00e7ado, pode tirar o cavalinho da chuva, montar e galopar para ir se tratar no primeiro pinel que encontrar pelo caminho. Pronto, falei.<\/p>\n<p>O Alem\u00e3o, apelido pelo qual tratamos o Alzheimer, \u00e9 t\u00e3o assustador quanto aquele outro alem\u00e3o que mesmo depois de morto e enterrado ainda nos assusta por meio de seguidores obtusos. Um sacudiu o mundo com seu horror; o outro sacode fam\u00edlias ao eliminar quaisquer zonas de conforto.<\/p>\n<p>Aten\u00e7\u00e3o, cuidado, muito cuidado, pois sem o reconhecimento e a aceita\u00e7\u00e3o da presen\u00e7a do Alem\u00e3o o futuro da fam\u00edlia se esfacela de fato. Entendo a dificuldade em aceit\u00e1-lo, a rejei\u00e7\u00e3o, afinal, quem em s\u00e3 consci\u00eancia se disp\u00f5e a acolher um alem\u00e3o que entra com os dois p\u00e9s na sua casa e chega mandando, impondo mudan\u00e7as, amea\u00e7ando tirar o ju\u00edzo de todos, n\u00e3o s\u00f3 da anfitri\u00e3 ou anfitri\u00e3o, chega disposto a acabar com o parco conforto familiar? A princ\u00edpio, ningu\u00e9m quer receberesse visitante, mas vou dizer uma coisa, acolher o Alem\u00e3o n\u00e3o \u00e9 uma op\u00e7\u00e3o, trata-se de uma necessidade. Como assim? Falo por experi\u00eancia pr\u00f3pria, infelizmente.<\/p>\n<p>Conhe\u00e7a tamb\u00e9m <a href=\"https:\/\/edicoes.portaldoenvelhecimento.com.br\/novo\/index.php\/produto\/o-alemao-veio-no\u2026tante-indesejado\/\">O Alem\u00e3o Veio nos Visitar<\/a><\/p>\n","protected":false},"featured_media":9179,"comment_status":"open","ping_status":"closed","template":"","meta":{"_bbp_topic_count":0,"_bbp_reply_count":0,"_bbp_total_topic_count":0,"_bbp_total_reply_count":0,"_bbp_voice_count":0,"_bbp_anonymous_reply_count":0,"_bbp_topic_count_hidden":0,"_bbp_reply_count_hidden":0,"_bbp_forum_subforum_count":0,"pmpro_default_level":""},"product_brand":[],"product_cat":[67,66,90,69],"product_tag":[70,68],"class_list":{"0":"post-9176","1":"product","2":"type-product","3":"status-publish","4":"has-post-thumbnail","6":"product_cat-ebooks","7":"product_cat-livros","8":"product_cat-livros-sobre-alzheimer","9":"product_cat-todos-livros","10":"product_tag-ebook","11":"product_tag-livros","12":"pmpro-has-access","14":"first","15":"instock","16":"shipping-taxable","17":"purchasable","18":"product-type-variable"},"_links":{"self":[{"href":"https:\/\/edicoes.portaldoenvelhecimento.com.br\/novo\/wp-json\/wp\/v2\/product\/9176","targetHints":{"allow":["GET"]}}],"collection":[{"href":"https:\/\/edicoes.portaldoenvelhecimento.com.br\/novo\/wp-json\/wp\/v2\/product"}],"about":[{"href":"https:\/\/edicoes.portaldoenvelhecimento.com.br\/novo\/wp-json\/wp\/v2\/types\/product"}],"replies":[{"embeddable":true,"href":"https:\/\/edicoes.portaldoenvelhecimento.com.br\/novo\/wp-json\/wp\/v2\/comments?post=9176"}],"version-history":[{"count":6,"href":"https:\/\/edicoes.portaldoenvelhecimento.com.br\/novo\/wp-json\/wp\/v2\/product\/9176\/revisions"}],"predecessor-version":[{"id":38919,"href":"https:\/\/edicoes.portaldoenvelhecimento.com.br\/novo\/wp-json\/wp\/v2\/product\/9176\/revisions\/38919"}],"wp:featuredmedia":[{"embeddable":true,"href":"https:\/\/edicoes.portaldoenvelhecimento.com.br\/novo\/wp-json\/wp\/v2\/media\/9179"}],"wp:attachment":[{"href":"https:\/\/edicoes.portaldoenvelhecimento.com.br\/novo\/wp-json\/wp\/v2\/media?parent=9176"}],"wp:term":[{"taxonomy":"product_brand","embeddable":true,"href":"https:\/\/edicoes.portaldoenvelhecimento.com.br\/novo\/wp-json\/wp\/v2\/product_brand?post=9176"},{"taxonomy":"product_cat","embeddable":true,"href":"https:\/\/edicoes.portaldoenvelhecimento.com.br\/novo\/wp-json\/wp\/v2\/product_cat?post=9176"},{"taxonomy":"product_tag","embeddable":true,"href":"https:\/\/edicoes.portaldoenvelhecimento.com.br\/novo\/wp-json\/wp\/v2\/product_tag?post=9176"}],"curies":[{"name":"wp","href":"https:\/\/api.w.org\/{rel}","templated":true}]}}