{"id":40870,"date":"2026-02-25T21:45:18","date_gmt":"2026-02-26T00:45:18","guid":{"rendered":"https:\/\/edicoes.portaldoenvelhecimento.com.br\/novo\/?post_type=product&#038;p=40870"},"modified":"2026-04-23T23:30:04","modified_gmt":"2026-04-24T02:30:04","slug":"conectando-geracoes-um-guia-para-pessoas-idosas-no-mundo-digital","status":"publish","type":"product","link":"https:\/\/edicoes.portaldoenvelhecimento.com.br\/novo\/produto\/conectando-geracoes-um-guia-para-pessoas-idosas-no-mundo-digital\/","title":{"rendered":"Conectando Gera\u00e7\u00f5es: Um Guia para Pessoas Idosas no Mundo Digital"},"content":{"rendered":"<div class=\"page\" title=\"Page 1\"><\/div>\n<div class=\"page\" title=\"Page 3\">\n<div class=\"layoutArea\">\n<div class=\"column\">\n<div class=\"page\" title=\"Page 1\">\n<div class=\"page\" title=\"Page 1\">\n<div class=\"page\" title=\"Page 2\">\n<div class=\"layoutArea\">\n<div class=\"column\">\n<div class=\"page\" title=\"Page 1\">\n<div class=\"layoutArea\">\n<div class=\"page\" title=\"Page 1\">\n<div class=\"layoutArea\">\n<div class=\"column\">\n<div class=\"page\" title=\"Page 1\">\n<div class=\"section\">\n<div class=\"section\">\n<div class=\"layoutArea\">\n<div class=\"page\" title=\"Page 1\">\n<div class=\"section\">\n<p><strong>Organiza\u00e7\u00e3o<\/strong><\/p>\n<div class=\"layoutArea\">\n<div class=\"column\">\n<p>Profa. Ma. SARA JANE LINO DE CERQUEIRA &#8211; Professora Assistente da Universidade Estadual de Alagoas \u2013 UNEAL Coordenadora Geral do Programa de Extens\u00e3o Universidade Aberta \u00e0 Pessoa Idosa \u2013 UNAPI da UNEAL Graduada em Pedagogia (UFAL) P\u00f3s-graduada em Gerontologia (UNIFAVENI) Mestre em Educa\u00e7\u00e3o do Campo (UFRB)<\/p>\n<p>Fisioterapeuta RENATA LUIZA PENNA OLIVEIRA DE BARROS LIMA &#8211; Gradua\u00e7\u00e3o em Fisioterapia &#8211; IBMR\/RJ P\u00f3s-graduada em Fisioterapia em Uroginecologia &#8211; InterFisio\/RJ P\u00f3s-graduada em Fisioterapia em Gerontologia &#8211; InterFisio\/RJ Especialista em Fisioterapia em Gerontologia \u2013 ABRAFIGE<\/p>\n<p><strong>Administrador<\/strong><\/p>\n<p>LUCAS LOUREIRO DE BARROS LIMA &#8211; Gradua\u00e7\u00e3o em Administra\u00e7\u00e3o (UFAL) Analista de Sistemas de Informa\u00e7\u00e3o (Est\u00e1cio\/AL) Mestre em Gest\u00e3o de Empresas (FGV\/RJ)<\/p>\n<\/div>\n<div class=\"column\">\n<p><strong>Revis\u00e3o textual<\/strong><\/p>\n<p>Profa. Dra. SAN\u00a1DIA GAMA DOS SANTOS<\/p>\n<div class=\"layoutArea\">\n<div class=\"column\">\n<p><strong>Edi\u00e7\u00e3o, Diagrama\u00e7\u00e3o e Projeto Gr\u00e1fico<\/strong><\/p>\n<\/div>\n<\/div>\n<p>VANDERSON AURELIANO BARBOSA<\/p>\n<\/div>\n<\/div>\n<div class=\"layoutArea\">\n<div class=\"column\"><\/div>\n<\/div>\n<div class=\"layoutArea\">\n<div class=\"column\"><\/div>\n<\/div>\n<\/div>\n<\/div>\n<\/div>\n<\/div>\n<\/div>\n<\/div>\n<\/div>\n<\/div>\n<\/div>\n<\/div>\n<\/div>\n<\/div>\n<\/div>\n<\/div>\n<\/div>\n<\/div>\n<\/div>\n<\/div>\n<\/div>\n","protected":false},"excerpt":{"rendered":"<p style=\"font-weight: 400;\">A Universidade Aberta \u00e0 Pessoa Idosa \u2013 Unapi, da Universidade Estadual de Alagoas &#8211; Uneal, apresenta o 7\u00ba Caderno Pedag\u00f3gico intitulado \u201cConectando Gera\u00e7\u00f5es: um guia para pessoas idosas no mundo digital\u201d.<\/p>\n<p style=\"font-weight: 400;\">Este material foi desenvolvido com o prop\u00f3sito de contribuir com promo\u00e7\u00e3o da inclus\u00e3o digital da pessoa idosa, contribuindo para o fortalecimento da autonomia, da participa\u00e7\u00e3o social e da qualidade de vida. O conte\u00fado apresenta orienta\u00e7\u00f5es pr\u00e1ticas e acess\u00edveis sobre o uso de tecnologias digitais, como smartphones e redes sociais, al\u00e9m de informa\u00e7\u00f5es essenciais sobre seguran\u00e7a no ambiente virtual.<\/p>\n<p style=\"font-weight: 400;\">A proposta pedag\u00f3gica foi estruturada com linguagem clara, objetiva e respeitosa, considerando as especificidades do processo de aprendizagem\u00a0na maturidade. O material contempla, desde no\u00e7\u00f5es b\u00e1sicas sobre o uso do\u00a0celular, at\u00e9 reflex\u00f5es importantes sobre o uso consciente e seguro da\u00a0internet.<\/p>\n<p style=\"font-weight: 400;\">Acredita-se que o acesso ao conhecimento digital \u00e9 um direito e uma\u00a0ferramenta fundamental para acesso \u00e0 informa\u00e7\u00e3o e exerc\u00edcio da cidadania. Assim, este guia representa um instrumento de apoio ao envelhecimento ativo, estimulando a aprendizagem cont\u00ednua e a integra\u00e7\u00e3o das pessoas idosas ao mundo digital.<\/p>\n<p style=\"font-weight: 400;\">A tecnologia pode aproximar pessoas, fortalecer amizades, facilitar tarefas e trazer mais autonomia. Este guia \u00e9 um convite para a pessoa idosa explorar esse novo mundo com calma, curiosidade e seguran\u00e7a.<\/p>\n<p style=\"font-weight: 400;\">\n","protected":false},"featured_media":41996,"comment_status":"open","ping_status":"closed","template":"","meta":{"_bbp_topic_count":0,"_bbp_reply_count":0,"_bbp_total_topic_count":0,"_bbp_total_reply_count":0,"_bbp_voice_count":0,"_bbp_anonymous_reply_count":0,"_bbp_topic_count_hidden":0,"_bbp_reply_count_hidden":0,"_bbp_forum_subforum_count":0,"pmpro_default_level":""},"product_brand":[],"product_cat":[88],"product_tag":[70,87],"class_list":{"0":"post-40870","1":"product","2":"type-product","3":"status-publish","4":"has-post-thumbnail","6":"product_cat-e-books-gratis-2","7":"product_tag-ebook","8":"product_tag-e-books-gratis","9":"pmpro-has-access","11":"first","12":"instock","13":"downloadable","14":"virtual","15":"purchasable","16":"product-type-simple"},"_links":{"self":[{"href":"https:\/\/edicoes.portaldoenvelhecimento.com.br\/novo\/wp-json\/wp\/v2\/product\/40870","targetHints":{"allow":["GET"]}}],"collection":[{"href":"https:\/\/edicoes.portaldoenvelhecimento.com.br\/novo\/wp-json\/wp\/v2\/product"}],"about":[{"href":"https:\/\/edicoes.portaldoenvelhecimento.com.br\/novo\/wp-json\/wp\/v2\/types\/product"}],"replies":[{"embeddable":true,"href":"https:\/\/edicoes.portaldoenvelhecimento.com.br\/novo\/wp-json\/wp\/v2\/comments?post=40870"}],"version-history":[{"count":5,"href":"https:\/\/edicoes.portaldoenvelhecimento.com.br\/novo\/wp-json\/wp\/v2\/product\/40870\/revisions"}],"predecessor-version":[{"id":42099,"href":"https:\/\/edicoes.portaldoenvelhecimento.com.br\/novo\/wp-json\/wp\/v2\/product\/40870\/revisions\/42099"}],"wp:featuredmedia":[{"embeddable":true,"href":"https:\/\/edicoes.portaldoenvelhecimento.com.br\/novo\/wp-json\/wp\/v2\/media\/41996"}],"wp:attachment":[{"href":"https:\/\/edicoes.portaldoenvelhecimento.com.br\/novo\/wp-json\/wp\/v2\/media?parent=40870"}],"wp:term":[{"taxonomy":"product_brand","embeddable":true,"href":"https:\/\/edicoes.portaldoenvelhecimento.com.br\/novo\/wp-json\/wp\/v2\/product_brand?post=40870"},{"taxonomy":"product_cat","embeddable":true,"href":"https:\/\/edicoes.portaldoenvelhecimento.com.br\/novo\/wp-json\/wp\/v2\/product_cat?post=40870"},{"taxonomy":"product_tag","embeddable":true,"href":"https:\/\/edicoes.portaldoenvelhecimento.com.br\/novo\/wp-json\/wp\/v2\/product_tag?post=40870"}],"curies":[{"name":"wp","href":"https:\/\/api.w.org\/{rel}","templated":true}]}}