{"id":39251,"date":"2025-11-30T20:12:48","date_gmt":"2025-11-30T23:12:48","guid":{"rendered":"https:\/\/edicoes.portaldoenvelhecimento.com.br\/novo\/?post_type=product&#038;p=39251"},"modified":"2026-02-25T10:18:26","modified_gmt":"2026-02-25T13:18:26","slug":"intervencoes-psicossociais-com-pessoas-idosas-no-suas-direcoes-para-atuacao","status":"publish","type":"product","link":"https:\/\/edicoes.portaldoenvelhecimento.com.br\/novo\/produto\/intervencoes-psicossociais-com-pessoas-idosas-no-suas-direcoes-para-atuacao\/","title":{"rendered":"Interven\u00e7\u00f5es Psicossociais com Pessoas Idosas no SUAS &#8211; Dire\u00e7\u00f5es para Atua\u00e7\u00e3o"},"content":{"rendered":"<div class=\"page\" title=\"Page 1\">\n<div class=\"page\" title=\"Page 1\"><\/div>\n<\/div>\n<div class=\"page\" title=\"Page 3\">\n<div class=\"layoutArea\">\n<div class=\"column\">\n<div class=\"page\" title=\"Page 1\">\n<div class=\"page\" title=\"Page 1\"><strong>SUM\u00c1RIO<\/strong><\/div>\n<div title=\"Page 1\"><\/div>\n<div class=\"page\" title=\"Page 1\">\n<div class=\"page\" title=\"Page 1\">\n<div class=\"layoutArea\">\n<div class=\"column\">\u00a0Apresentac\u0327a\u0303o &#8212;&#8212;&#8212;&#8212;&#8212;&#8212;&#8212;&#8212;&#8212;&#8212;&#8212;&#8212;&#8212;&#8212;&#8212;&#8212;&#8211;1<\/div>\n<\/div>\n<\/div>\n<div class=\"page\" title=\"Page 2\">\n<div class=\"layoutArea\">\n<div class=\"column\">\n<div class=\"page\" title=\"Page 1\">\n<div class=\"layoutArea\">\n<div class=\"column\">\n<p>Objetivos &#8212;&#8212;&#8212;&#8212;&#8212;&#8212;&#8212;&#8212;&#8212;&#8212;&#8212;&#8212;&#8212;&#8212;&#8212;&#8212;&#8212;&#8212;&#8211;2<\/p>\n<p>Conceitos ba\u0301sicos sobre: Envelhecimento Humano &#8212;&#8212;-4<\/p>\n<p>Conceitos ba\u0301sicos sobre: Princi\u0301pios E\u0301ticos e Legais &#8212;&#8212;&#8211;7<\/p>\n<p>O que sa\u0303o? Intervenc\u0327o\u0303es Psicossociais &#8212;&#8212;&#8212;&#8212;&#8212;&#8212;&#8212;-9<\/p>\n<p>Trabalhando com pessoas idosas: &#8212;&#8212;&#8212;&#8212;&#8212;&#8212;&#8212;&#8212;&#8212;11 \u00a0 \u00a0 \u00a0 \u00a0 \u00a0 \u00a0 \u00a0 \u00a0 \u00a0 \u00a0 \u00a0 \u00a0 \u00a0 \u00a0 \u00a0 \u00a0 \u00a0 \u00a0 \u00a0 \u00a0 \u00a0 \u00a0 \u00a0 \u00a0 \u00a0 \u00a0 \u00a0 \u00a0 \u00a0 \u00a0 \u00a0 Habilidades Relacionais<\/p>\n<p>Como realizar a intervenc\u0327a\u0303o no SUAS? &#8212;&#8212;&#8212;&#8212;&#8212;&#8212;&#8212;&#8212;16 \u00a0 \u00a0 \u00a0 \u00a0 \u00a0 \u00a0 \u00a0 \u00a0 \u00a0 \u00a0 \u00a0 \u00a0 \u00a0 \u00a0 \u00a0 \u00a0 \u00a0 \u00a0 \u00a0 \u00a0 \u00a0 \u00a0 \u00a0 \u00a0 \u00a0 \u00a0 \u00a0 \u00a0 Estrate\u0301gias de Intervenc\u0327a\u0303o<\/p>\n<p>Na pra\u0301tica: Seguranc\u0327as Socioassistenciais &#8212;&#8212;&#8212;&#8212;&#8212;&#8212;19<\/p>\n<\/div>\n<div class=\"page\" title=\"Page 1\">\n<div class=\"layoutArea\">\n<div class=\"column\">\n<p>&nbsp;<\/p>\n<p><strong>organizadoras<\/strong><\/p>\n<p>Mai\u0301ra de Oliveira Valadares<\/p>\n<p>Psico\u0301loga. Mestra em Gerontologia. Doutora em Psicologia do Desenvolvimento e Escolar. Trabalhadora no SUAS\/DF<\/p>\n<p>Isabelle Patricia\u0301 Freitas Soares Chariglione<\/p>\n<p>Psico\u0301loga. Mestra e Doutora em Cognic\u0327a\u0303o e Neurocie\u0302ncias. Professora no Instituto de Psicologia, no Programa de Po\u0301s-Graduac\u0327a\u0303o em Psicologia do Desenvolvimento e Escolar (PGPDE) pela Universidade de Brasilia (UnB).<\/p>\n<p>&nbsp;<\/p>\n<p><strong>consultoria te\u0301cnica especializada<\/strong><\/p>\n<p>Andrezza Veridyanna Cardoso<\/p>\n<p>Psico\u0301loga. Mestranda no programa de Po\u0301s-Graduac\u0327a\u0303o em Psicologia do Desenvolvimento e Escolar (PGPDE) pela Universidade de Brasi\u0301lia (UnB)<\/p>\n<p>Sabino Manda<\/p>\n<p>Assistente Social. Especialista em Educac\u0327a\u0303o, Diversidade e Inclusa\u0303o Social. Gestor no SUAS\/DF<\/p>\n<p>Ludgleydson Fernandes de Arau\u0301jo<\/p>\n<p>Psico\u0301logo. Especialista em Gerontologia. Mestre em Psicologia Social. Doutor em Psicologia<\/p>\n<p>Henrique Salmazo da Silva<\/p>\n<p>Geronto\u0301logo. Mestre em Cie\u0302ncias. Doutor em Neurocie\u0302ncia e Cognic\u0327a\u0303o.<\/p>\n<p>Grasielle Silveira Tavares<\/p>\n<p>Terapeuta Ocupacional. Mestra em Sau\u0301de na Comunidade. Doutora em Sau\u0301de Pu\u0301blica e Po\u0301s-Doutora em Terapia Ocupacional.<\/p>\n<p>Todos os direitos reservados.<\/p>\n<p>E\u0301 proibida a reproduc\u0327a\u0303o parcial ou total desta cartilha sem expressa autorizac\u0327a\u0303o das organizadoras.<\/p>\n<\/div>\n<\/div>\n<\/div>\n<\/div>\n<\/div>\n<\/div>\n<\/div>\n<\/div>\n<\/div>\n<\/div>\n<\/div>\n<\/div>\n<\/div>\n","protected":false},"excerpt":{"rendered":"<p style=\"font-weight: 400;\"><strong>Interven\u00e7\u00f5es Psicossociais com Pessoas Idosas no SUAS \u2013 Dire\u00e7\u00f5es para Atua\u00e7\u00e3o<\/strong><\/p>\n<p style=\"font-weight: 400;\">O desenvolvimento de um material com pr\u00e1ticas norteadoras para interven\u00e7\u00f5es psicossociais em pessoas idosas representa uma contribui\u00e7\u00e3o significativa para a \u00e1rea da psicogerontologia. Ao oferecer um guia pr\u00e1tico e acess\u00edvel, este recurso pode auxiliar profissionais da \u00e1rea a implementarem a\u00e7\u00f5es eficazes e personalizadas para promover o bem-estar e a qualidade de vida nas pessoas idosas.<\/p>\n<p style=\"font-weight: 400;\">Essa constru\u00e7\u00e3o subsidia a constru\u00e7\u00e3o do conhecimento de maneira coletiva e participativa, buscando identificar solu\u00e7\u00f5es para um problema que necessita ser estudado.<\/p>\n<p style=\"font-weight: 400;\">A obra, organizada por <a href=\"https:\/\/orcid.org\/0000-0002-6230-3694\">Ma\u00edra Valadares<\/a> e\u00a0 <a href=\"https:\/\/orcid.org\/0000-0001-8627-3736\">Isabelle Chariglione<\/a>, publicada pela Editora da Universidade de Taubat\u00e9 (EdUnitau) em parceria com a Universidade de Bras\u00edlia (UnB), chega em 2025 como uma ferramenta essencial para capacitar trabalhadores do Sistema \u00danico de Assist\u00eancia Social (SUAS).<\/p>\n<p style=\"font-weight: 400;\">O Guia tem como objetivos:<\/p>\n<ol>\n<li style=\"font-weight: 400;\">a) oferecer orienta\u00e7\u00f5es pr\u00e1ticas para a realiza\u00e7\u00e3o de interven\u00e7\u00f5es psicossociais com pessoas idosas na Assist\u00eancia Social;<\/li>\n<li style=\"font-weight: 400;\">b) promover a ades\u00e3o ao acompanhamento socioassistencial;<\/li>\n<li style=\"font-weight: 400;\">c) fortalecer o protagonismo da pessoa idosa na solu\u00e7\u00e3o de problemas; e,<\/li>\n<li style=\"font-weight: 400;\">d) sensibilizar os profissionais para as especificidades do trabalho com pessoas idosas.<\/li>\n<\/ol>\n<p style=\"font-weight: 400;\">Em rela\u00e7\u00e3o ao conte\u00fado, a cartilha apresenta a) conceitos b\u00e1sicos sobre o envelhecimento e as necessidades das pessoas idosas; b) princ\u00edpios \u00e9ticos e legais que norteiam a pr\u00e1tica profissional com pessoas idosas; c) conceito de interven\u00e7\u00f5es psicossociais e suas indica\u00e7\u00f5es; d) habilidades comunicativas e relacionais para o trabalho com pessoas idosas; e) recursos Humanos e materiais necess\u00e1rios para o atendimento; e, f) recursos dispon\u00edveis na comunidade para o atendimento.<\/p>\n<p style=\"font-weight: 400;\">Ademais, o processo de desenvolvimento do material iniciou-se com base nos estudos organizados na Tese de Ma\u00edra Valadares (PGPDE-UnB). A partir dessa reflex\u00e3o, foram identificados os temas mais relevantes e recorrentes, como o fortalecimento do protagonismo das pessoas idosas.<\/p>\n<p style=\"font-weight: 400;\">O Guia \u00e9 dirigido a profissionais da Pol\u00edtica P\u00fablica de Assist\u00eancia Social que atuam no atendimento com pessoas idosas.<\/p>\n<p style=\"font-weight: 400;\">\n","protected":false},"featured_media":39252,"comment_status":"open","ping_status":"closed","template":"","meta":{"_bbp_topic_count":0,"_bbp_reply_count":0,"_bbp_total_topic_count":0,"_bbp_total_reply_count":0,"_bbp_voice_count":0,"_bbp_anonymous_reply_count":0,"_bbp_topic_count_hidden":0,"_bbp_reply_count_hidden":0,"_bbp_forum_subforum_count":0,"pmpro_default_level":""},"product_brand":[],"product_cat":[88],"product_tag":[70,87],"class_list":{"0":"post-39251","1":"product","2":"type-product","3":"status-publish","4":"has-post-thumbnail","6":"product_cat-e-books-gratis-2","7":"product_tag-ebook","8":"product_tag-e-books-gratis","9":"pmpro-has-access","11":"first","12":"instock","13":"downloadable","14":"virtual","15":"purchasable","16":"product-type-simple"},"_links":{"self":[{"href":"https:\/\/edicoes.portaldoenvelhecimento.com.br\/novo\/wp-json\/wp\/v2\/product\/39251","targetHints":{"allow":["GET"]}}],"collection":[{"href":"https:\/\/edicoes.portaldoenvelhecimento.com.br\/novo\/wp-json\/wp\/v2\/product"}],"about":[{"href":"https:\/\/edicoes.portaldoenvelhecimento.com.br\/novo\/wp-json\/wp\/v2\/types\/product"}],"replies":[{"embeddable":true,"href":"https:\/\/edicoes.portaldoenvelhecimento.com.br\/novo\/wp-json\/wp\/v2\/comments?post=39251"}],"version-history":[{"count":2,"href":"https:\/\/edicoes.portaldoenvelhecimento.com.br\/novo\/wp-json\/wp\/v2\/product\/39251\/revisions"}],"predecessor-version":[{"id":39258,"href":"https:\/\/edicoes.portaldoenvelhecimento.com.br\/novo\/wp-json\/wp\/v2\/product\/39251\/revisions\/39258"}],"wp:featuredmedia":[{"embeddable":true,"href":"https:\/\/edicoes.portaldoenvelhecimento.com.br\/novo\/wp-json\/wp\/v2\/media\/39252"}],"wp:attachment":[{"href":"https:\/\/edicoes.portaldoenvelhecimento.com.br\/novo\/wp-json\/wp\/v2\/media?parent=39251"}],"wp:term":[{"taxonomy":"product_brand","embeddable":true,"href":"https:\/\/edicoes.portaldoenvelhecimento.com.br\/novo\/wp-json\/wp\/v2\/product_brand?post=39251"},{"taxonomy":"product_cat","embeddable":true,"href":"https:\/\/edicoes.portaldoenvelhecimento.com.br\/novo\/wp-json\/wp\/v2\/product_cat?post=39251"},{"taxonomy":"product_tag","embeddable":true,"href":"https:\/\/edicoes.portaldoenvelhecimento.com.br\/novo\/wp-json\/wp\/v2\/product_tag?post=39251"}],"curies":[{"name":"wp","href":"https:\/\/api.w.org\/{rel}","templated":true}]}}