{"id":38886,"date":"2025-11-19T11:26:16","date_gmt":"2025-11-19T14:26:16","guid":{"rendered":"https:\/\/edicoes.portaldoenvelhecimento.com.br\/novo\/?post_type=product&#038;p=38886"},"modified":"2026-05-12T20:44:21","modified_gmt":"2026-05-12T23:44:21","slug":"as-aventuras-planetarias-de-liam-e-arthur-contra-o-malvado-idadismo","status":"publish","type":"product","link":"https:\/\/edicoes.portaldoenvelhecimento.com.br\/novo\/produto\/as-aventuras-planetarias-de-liam-e-arthur-contra-o-malvado-idadismo\/","title":{"rendered":"As Aventuras Planet\u00e1rias de Liam e Arthur Contra o Malvado Idadismo"},"content":{"rendered":"<div class=\"page\" title=\"Page 1\">\n<div class=\"layoutArea\">\n<div class=\"column\">\n<div class=\"layoutArea\">\n<div class=\"column\">\n<div class=\"page\" title=\"Page 1\">\n<div class=\"layoutArea\">\n<div class=\"column\">\n<div class=\"page\" title=\"Page 1\">\n<div class=\"layoutArea\">\n<div class=\"column\">\n<div class=\"page\" title=\"Page 1\">\n<div class=\"layoutArea\">\n<div class=\"column\">\n<div class=\"page\" title=\"Page 1\">\n<div class=\"layoutArea\">\n<div class=\"column\">\n<div class=\"page\" title=\"Page 1\">\n<div class=\"layoutArea\">\n<div class=\"column\">\n<div class=\"page\" title=\"Page 1\">\n<div class=\"layoutArea\">\n<div class=\"column\">\n<div class=\"page\" title=\"Page 1\">\n<div class=\"layoutArea\">\n<div class=\"column\">\n<p><strong>SUMA\u0301RIO<\/strong><\/p>\n<\/div>\n<\/div>\n<\/div>\n<p>As Aventuras Planet\u00e1rias de Liam e Arthur&#8230;&#8230;&#8230;&#8230;&#8230;&#8230;&#8230;&#8230;.05<\/p>\n<p>Apresenta\u00e7\u00e3o&#8230;&#8230;&#8230;&#8230;&#8230;&#8230;&#8230;&#8230;&#8230;&#8230;&#8230;&#8230;&#8230;&#8230;&#8230;&#8230;&#8230;&#8230;&#8230;&#8230;&#8230;&#8230;&#8230;&#8230;..25<\/p>\n<p>Objetivo e Resumo&#8230;&#8230;&#8230;&#8230;&#8230;&#8230;&#8230;&#8230;&#8230;&#8230;&#8230;&#8230;&#8230;&#8230;&#8230;&#8230;&#8230;&#8230;&#8230;&#8230;&#8230;..28<\/p>\n<p>Fundamenta\u00e7\u00e3o (O que \u00e9 Idadismo?)&#8230;&#8230;&#8230;&#8230;&#8230;&#8230;&#8230;&#8230;&#8230;&#8230;&#8230;&#8230;29<\/p>\n<p>Idadismo \u00e9 uma novidade?&#8230;&#8230;&#8230;&#8230;&#8230;&#8230;&#8230;&#8230;&#8230;&#8230;&#8230;&#8230;&#8230;&#8230;&#8230;&#8230;&#8230;.30<\/p>\n<\/div>\n<\/div>\n<p>Preconceito comum&#8230;&#8230;&#8230;&#8230;&#8230;&#8230;&#8230;&#8230;&#8230;&#8230;&#8230;&#8230;&#8230;&#8230;&#8230;&#8230;&#8230;&#8230;&#8230;&#8230;&#8230;.31<\/p>\n<p>Pesquisas pelo mundo sobre Idadismo&#8230;&#8230;&#8230;&#8230;&#8230;&#8230;&#8230;&#8230;&#8230;&#8230;&#8230;32<\/p>\n<p>Pesquisa no Brasil sobre Idadismo&#8230;&#8230;&#8230;&#8230;&#8230;&#8230;&#8230;&#8230;&#8230;&#8230;&#8230;&#8230;&#8230;33<\/p>\n<p>Voc\u00ea entende a realidade do Idoso?&#8230;&#8230;&#8230;&#8230;&#8230;&#8230;&#8230;&#8230;&#8230;&#8230;&#8230;&#8230;..34<\/p>\n<p>Como se manifesta o Idadismo?&#8230;&#8230;&#8230;&#8230;&#8230;&#8230;&#8230;&#8230;&#8230;&#8230;&#8230;&#8230;&#8230;&#8230;..35<\/p>\n<p>O Idadismo \u00e9 triste e doloroso&#8230;&#8230;&#8230;&#8230;&#8230;&#8230;&#8230;&#8230;&#8230;&#8230;&#8230;&#8230;&#8230;&#8230;&#8230;.36<\/p>\n<p>Vamos procurar e combater o Idadismo?&#8230;&#8230;&#8230;&#8230;&#8230;&#8230;&#8230;&#8230;&#8230;..37<\/p>\n<p>Onde come\u00e7a o Idadismo?&#8230;&#8230;&#8230;&#8230;&#8230;&#8230;&#8230;&#8230;&#8230;&#8230;&#8230;&#8230;&#8230;&#8230;&#8230;&#8230;&#8230;..38<\/p>\n<p><strong>ATIVIDADES<\/strong><\/p>\n<p>1 &#8211; Caracter\u00edsticas de uma pessoa idosa&#8230;&#8230;&#8230;&#8230;&#8230;&#8230;&#8230;&#8230;&#8230;&#8230;..39<\/p>\n<p>2 &#8211; Imagem da pessoa Idosa&#8230;&#8230;&#8230;&#8230;&#8230;&#8230;&#8230;&#8230;&#8230;&#8230;&#8230;&#8230;&#8230;&#8230;&#8230;&#8230;..40<\/p>\n<p>3 &#8211; Percep\u00e7\u00f5es do Envelhecimento&#8230;&#8230;&#8230;&#8230;&#8230;&#8230;&#8230;&#8230;&#8230;&#8230;&#8230;&#8230;&#8230;.41<\/p>\n<p>4 &#8211; Atitudes preconceituosas&#8230;&#8230;&#8230;&#8230;&#8230;&#8230;&#8230;&#8230;&#8230;&#8230;&#8230;&#8230;&#8230;&#8230;&#8230;&#8230;..42<\/p>\n<p>5 &#8211; Hist\u00f3ria de vida&#8230;&#8230;&#8230;&#8230;&#8230;&#8230;&#8230;&#8230;&#8230;&#8230;&#8230;&#8230;&#8230;&#8230;&#8230;&#8230;&#8230;&#8230;&#8230;&#8230;&#8230;.43<\/p>\n<p>6 &#8211; Trabalhos Interdisciplinares&#8230;&#8230;&#8230;&#8230;&#8230;&#8230;&#8230;&#8230;&#8230;&#8230;&#8230;&#8230;&#8230;&#8230;..44<\/p>\n<p><strong>PROPOSTA DE AVALIA\u00c7\u00c3O&#8230;&#8230;&#8230;&#8230;&#8230;&#8230;&#8230;&#8230;&#8230;&#8230;&#8230;..45<\/strong><\/p>\n<div class=\"layoutArea\">\n<div class=\"column\">\n<p>&nbsp;<\/p>\n<p><strong>Caracter\u00edsticas do Produto:<\/strong><\/p>\n<p>PESO: 0,250 Kg<br \/>\nI.S.B.N.: 978-85-69350-75-0<br \/>\nALTURA: 29,50 cm<br \/>\nLARGURA: 21,00 cm<br \/>\nPROFUNDIDADE: 0,50 cm<br \/>\nN\u00daMERO DE P\u00c1GINAS: 46<br \/>\nIDIOMA: Portugu\u00eas<br \/>\nACABAMENTO: Brochura<br \/>\nC\u00d3D. BARRAS: 9788569350750<br \/>\nANO DA EDI\u00c7\u00c3O: 2025<br \/>\nAUTOR: Egidio Lima D\u00f3rea<\/p>\n<\/div>\n<\/div>\n<\/div>\n<\/div>\n<\/div>\n<\/div>\n<\/div>\n<\/div>\n<\/div>\n<\/div>\n<\/div>\n<\/div>\n<\/div>\n<\/div>\n<\/div>\n<\/div>\n<\/div>\n<\/div>\n<\/div>\n<\/div>\n<\/div>\n<\/div>\n<\/div>\n","protected":false},"excerpt":{"rendered":"<p><span style=\"font-weight: 400;\">Este livro busca conscientizar e desconstruir os estere\u00f3tipos negativos relacionados ao envelhecimento e o preconceito contra as pessoas idosas, conhecido como idadismo. Atrav\u00e9s de uma narrativa cativante, acompanhamos Liam, um menino curioso, de um planeta distante, onde o respeito intergeracional \u00e9 fundamental, embarcar em uma expedi\u00e7\u00e3o cient\u00edfica para a Terra a fim de pesquisar como as pessoas vivem aqui. Pousa no jardim da fam\u00edlia de Arthur, de quem se torna um amigo invis\u00edvel, e logo percebe uma din\u00e2mica preocupante: o av\u00f4 de Arthur, Jo\u00e3o, \u00e9 frequentemente ignorado e desrespeitado pelos outros membros da fam\u00edlia. Jo\u00e3o expressa sua tristeza, sentindo-se invis\u00edvel para eles. Liam explica sua miss\u00e3o a Arthur e tamb\u00e9m a Jo\u00e3o, convidando-os a visitar seu planeta. L\u00e1, ambos testemunham uma realidade diferente, onde crian\u00e7as, jovens, adultos e pessoas idosas interagem de forma harmoniosa, aprendem juntos e se respeitam mutuamente. Arthur, inspirado pela li\u00e7\u00e3o aprendida, confronta sua fam\u00edlia, questionando por que apenas ele ouve o av\u00f4, e ressalta que &#8220;todos somos importantes e devemos ser respeitados, n\u00e3o importa a idade&#8221;. Essa interven\u00e7\u00e3o leva a fam\u00edlia a uma reflex\u00e3o e a um novo comportamento de uni\u00e3o e escuta. O av\u00f4 de Arthur recupera sua autoestima, compreendendo que merece ser respeitado por sua hist\u00f3ria e contribui\u00e7\u00f5es.<\/span><\/p>\n<p><span style=\"font-weight: 400;\">O livro, por meio de uma aventura infantil, aprofunda a discuss\u00e3o sobre o idadismo. \u00c9 explicado que o idadismo \u00e9 a cria\u00e7\u00e3o de estere\u00f3tipos negativos (ou positivos) e\/ou a discrimina\u00e7\u00e3o de indiv\u00edduos ou grupos com base na idade cronol\u00f3gica ou na percep\u00e7\u00e3o de que s\u00e3o velhos. Ele pode se manifestar de diversas formas, como preconceitos, pr\u00e1ticas discriminat\u00f3rias e pol\u00edticas institucionais que excluem as pessoas idosas.\u00a0<\/span><\/p>\n<p>&nbsp;<\/p>\n","protected":false},"featured_media":38892,"comment_status":"open","ping_status":"closed","template":"","meta":{"_bbp_topic_count":0,"_bbp_reply_count":0,"_bbp_total_topic_count":0,"_bbp_total_reply_count":0,"_bbp_voice_count":0,"_bbp_anonymous_reply_count":0,"_bbp_topic_count_hidden":0,"_bbp_reply_count_hidden":0,"_bbp_forum_subforum_count":0,"pmpro_default_level":""},"product_brand":[],"product_cat":[67,66,71,69],"product_tag":[85,68],"class_list":{"0":"post-38886","1":"product","2":"type-product","3":"status-publish","4":"has-post-thumbnail","6":"product_cat-ebooks","7":"product_cat-livros","8":"product_cat-promocoes","9":"product_cat-todos-livros","10":"product_tag-ebooks","11":"product_tag-livros","12":"pmpro-has-access","14":"first","15":"instock","16":"shipping-taxable","17":"purchasable","18":"product-type-variable"},"_links":{"self":[{"href":"https:\/\/edicoes.portaldoenvelhecimento.com.br\/novo\/wp-json\/wp\/v2\/product\/38886","targetHints":{"allow":["GET"]}}],"collection":[{"href":"https:\/\/edicoes.portaldoenvelhecimento.com.br\/novo\/wp-json\/wp\/v2\/product"}],"about":[{"href":"https:\/\/edicoes.portaldoenvelhecimento.com.br\/novo\/wp-json\/wp\/v2\/types\/product"}],"replies":[{"embeddable":true,"href":"https:\/\/edicoes.portaldoenvelhecimento.com.br\/novo\/wp-json\/wp\/v2\/comments?post=38886"}],"version-history":[{"count":1,"href":"https:\/\/edicoes.portaldoenvelhecimento.com.br\/novo\/wp-json\/wp\/v2\/product\/38886\/revisions"}],"predecessor-version":[{"id":38893,"href":"https:\/\/edicoes.portaldoenvelhecimento.com.br\/novo\/wp-json\/wp\/v2\/product\/38886\/revisions\/38893"}],"wp:featuredmedia":[{"embeddable":true,"href":"https:\/\/edicoes.portaldoenvelhecimento.com.br\/novo\/wp-json\/wp\/v2\/media\/38892"}],"wp:attachment":[{"href":"https:\/\/edicoes.portaldoenvelhecimento.com.br\/novo\/wp-json\/wp\/v2\/media?parent=38886"}],"wp:term":[{"taxonomy":"product_brand","embeddable":true,"href":"https:\/\/edicoes.portaldoenvelhecimento.com.br\/novo\/wp-json\/wp\/v2\/product_brand?post=38886"},{"taxonomy":"product_cat","embeddable":true,"href":"https:\/\/edicoes.portaldoenvelhecimento.com.br\/novo\/wp-json\/wp\/v2\/product_cat?post=38886"},{"taxonomy":"product_tag","embeddable":true,"href":"https:\/\/edicoes.portaldoenvelhecimento.com.br\/novo\/wp-json\/wp\/v2\/product_tag?post=38886"}],"curies":[{"name":"wp","href":"https:\/\/api.w.org\/{rel}","templated":true}]}}