{"id":38140,"date":"2025-10-26T16:26:45","date_gmt":"2025-10-26T19:26:45","guid":{"rendered":"https:\/\/edicoes.portaldoenvelhecimento.com.br\/novo\/?post_type=product&#038;p=38140"},"modified":"2025-12-08T15:54:04","modified_gmt":"2025-12-08T18:54:04","slug":"catalogo-de-pesquisa-ii-congresso-internacional-envelhecer-com-futuro-cief","status":"publish","type":"product","link":"https:\/\/edicoes.portaldoenvelhecimento.com.br\/novo\/produto\/catalogo-de-pesquisa-ii-congresso-internacional-envelhecer-com-futuro-cief\/","title":{"rendered":"Cat\u00e1logo de Pesquisa &#8211; II Congresso Internacional Envelhecer com Futuro CIEF"},"content":{"rendered":"<div class=\"page\" title=\"Page 1\">\n<div class=\"page\" title=\"Page 1\"><\/div>\n<\/div>\n<div class=\"page\" title=\"Page 3\">\n<div class=\"layoutArea\">\n<div class=\"column\">\n<div class=\"page\" title=\"Page 1\">\n<div class=\"page\" title=\"Page 1\">\n<div class=\"page\" title=\"Page 1\">\n<div class=\"section\">\n<div class=\"layoutArea\">\n<div class=\"column\">\n<p><strong>SUMA\u0301RIO<\/strong><\/p>\n<p>Apresentac\u0327a\u0303o &#8230;&#8230;&#8230;&#8230;&#8230;&#8230;&#8230;&#8230;&#8230;&#8230;&#8230;&#8230;&#8230;&#8230;&#8230;&#8230;&#8230;&#8230;&#8230;&#8230;&#8230;&#8230;&#8230;&#8230;&#8230;&#8230;&#8230; 8<\/p>\n<p>Daniela Zen e Beltrina Co\u0302rte<\/p>\n<p><strong>CONFERENCISTAS CONVIDADOS<\/strong><\/p>\n<p>Panorama Ame\u0301rica latina:<\/p>\n<p>Maria Isolina Dabove: Direitos Humanos e Velhice (Argentina) &#8230;&#8230;&#8230;&#8230;&#8230;&#8230;. 11<\/p>\n<p>Fernando Berriel: Poli\u0301ticas Pu\u0301blicas e Envelhecimento: Contribuic\u0327o\u0303es a partir do estudo de caso uruguaio (Uruguai) &#8230;&#8230;&#8230;&#8230;&#8230;&#8230;&#8230;&#8230;&#8230;&#8230;&#8230;&#8230;&#8230;&#8230;&#8230;&#8230;&#8230;. 13<\/p>\n<p>Panorama Brasil:<\/p>\n<p>Guita Grin Debert: Velhice e Cuidado: o familismo nas poli\u0301ticas sociais &#8230;. 18<\/p>\n<p>Jose\u0301 Eusta\u0301quio Diniz Alves: Panorama Brasil: Envelhecimento populacional e economia prateada no Brasil &#8230;&#8230;&#8230;&#8230;&#8230;&#8230;&#8230;&#8230;&#8230;&#8230;&#8230;&#8230;&#8230;&#8230;&#8230;&#8230;&#8230;&#8230;&#8230;&#8230;&#8230;&#8230;&#8230;&#8230;&#8230;. 20<\/p>\n<p>PESQUISADORES \u2013 EDITAL ACADE\u0302MICO ENVELHECER COM FUTURO<\/p>\n<p>Suprema velhice: A aplicac\u0327a\u0303o do Estatuto da Pessoa Idosa pela Corte Constitucional &#8230;&#8230;&#8230;&#8230;&#8230;.. 25 Mariana Moron Saes Braga \u2013 Mari\u0301lia (SP)<\/p>\n<p>Poli\u0301ticas pu\u0301blicas de letramento digital para pessoas idosas: Avanc\u0327os e desafios para materializac\u0327a\u0303o do direito fundamental a\u0300 inclusa\u0303o digital &#8230;&#8230;&#8230;&#8230;&#8230;&#8230;&#8230;&#8230;&#8230;&#8230;&#8230;&#8230;&#8230;&#8230;&#8230;&#8230;&#8230;&#8230;&#8230;&#8230;&#8230;&#8230;&#8230;&#8230;&#8230;&#8230;&#8230;&#8230;&#8230;&#8230; 29 Symone Maria Machado Bonfim \u2013 Brasi\u0301lia (DF)<\/p>\n<p>Envelhecimento na emerge\u0302ncia clima\u0301tica &#8211; mi\u0301dias, formatos e linguagens para comunicar riscos de desastres a\u0300 populac\u0327a\u0303o idosa &#8230;&#8230;&#8230;&#8230;&#8230;&#8230;&#8230;&#8230;&#8230;&#8230;&#8230;&#8230;&#8230;&#8230;&#8230;&#8230;&#8230;&#8230;&#8230;&#8230;&#8230;&#8230;&#8230;&#8230;&#8230;&#8230;&#8230;&#8230;&#8230;&#8230;&#8230;&#8230;&#8230;&#8230;&#8230; 33 Nilthon Fernandes \u2013 Sa\u0303o Paulo (SP)<\/p>\n<p>Cidades inteligentes e envelhecimento ativo: Uma revisa\u0303o sistema\u0301tica de soluc\u0327o\u0303es e pra\u0301ticas de inovac\u0327a\u0303o para um framework aplica\u0301vel &#8230;&#8230;&#8230;&#8230;&#8230;&#8230;&#8230;&#8230;&#8230;&#8230;&#8230;&#8230;&#8230;&#8230;&#8230;&#8230;&#8230;&#8230;&#8230;&#8230;&#8230;&#8230;&#8230;&#8230;&#8230;&#8230;&#8230;&#8230;&#8230;&#8230; 39 Antonio Brito \u2013 Rio de Janeiro (RJ)<\/p>\n<p>O que e\u0301 envelhecer sendo le\u0301sbica? Intersecc\u0327o\u0303es entre envelhecimento e lesbianidade &#8230;&#8230;&#8230;&#8230;&#8230;. 42 Sarah Sanches \u2013 Bahia (BA)<\/p>\n<p>Percepc\u0327o\u0303es de homens cisge\u0302neros gays sobre o processo de envelhecimento &#8230;&#8230;&#8230;&#8230;&#8230;&#8230;&#8230;&#8230;&#8230;&#8230;&#8230;. 45 Willy Nunes Ribeiro \u2013 Sa\u0303o Carlos (SP)<\/p>\n<p>Envelhecimento, cuidado e comunidade: O projeto favela compassiva &#8230;&#8230;&#8230;&#8230;&#8230;&#8230;&#8230;&#8230;&#8230;&#8230;&#8230;&#8230;&#8230;.. 49Lucas Faial Soneghet \u2013 Rio de Janeiro (RJ)<\/p>\n<\/div>\n<\/div>\n<\/div>\n<\/div>\n<div class=\"page\" title=\"Page 2\">\n<div class=\"section\">\n<div class=\"layoutArea\">\n<div class=\"column\">\n<p>Harmonia entre gerac\u0327o\u0303es: A musicoterapia como instrumento de transformac\u0327a\u0303o social &#8230;&#8230;&#8230;&#8230;&#8230; 52 Mauro Anastacio Junior \u2013 Campinas (SP)<\/p>\n<p>Diversidade da velhice e seu cuidado no sistema u\u0301nico de assiste\u0302ncia social de Sa\u0303o Gotardo\/MG: Reflexo\u0303es sobre o idadismo e suas manifestac\u0327o\u0303es &#8230;&#8230;&#8230;&#8230;&#8230;&#8230;&#8230;&#8230;&#8230;&#8230;&#8230;&#8230;&#8230;&#8230;&#8230;&#8230;&#8230;&#8230;&#8230;&#8230;&#8230;&#8230;&#8230;.. 55 Daniele Magnavita de Alencar De Alencar \u2013 Sa\u0303o Gotardo (MG)<\/p>\n<p>Espectros do envelhecimento: Poli\u0301ticas pu\u0301blicas para a velhice autista &#8230;&#8230;&#8230;&#8230;&#8230;&#8230;&#8230;&#8230;&#8230;&#8230;&#8230;&#8230;&#8230;&#8230;. 59 Adriana Cardoso Freitas \u2013 Sa\u0303o Paulo (SP)<\/p>\n<\/div>\n<\/div>\n<\/div>\n<\/div>\n<\/div>\n<div class=\"page\" title=\"Page 1\"><\/div>\n<\/div>\n<\/div>\n<\/div>\n<\/div>\n","protected":false},"excerpt":{"rendered":"<div class=\"woocommerce-product-details__short-description\">\n<p style=\"font-weight: 400;\">Cat\u00e1logo de Pesquisas 2025<\/p>\n<p style=\"font-weight: 400;\">O Cat\u00e1logo de Pesquisa 2025, que apresenta os destaques do <strong>II Congresso Internacional Envelhecer com Futuro, <\/strong>defende a supera\u00e7\u00e3o da vis\u00e3o do &#8220;\u00f4nus do envelhecimento&#8221; em favor do &#8220;b\u00f4nus da longevidade&#8221;, enxergando a transi\u00e7\u00e3o demogr\u00e1fica como uma oportunidade para vidas mais longas, saud\u00e1veis e participativas.<\/p>\n<p style=\"font-weight: 400;\">No campo dos direitos e pol\u00edticas p\u00fablicas, os estudos apontam para a import\u00e2ncia de compreender a articula\u00e7\u00e3o entre o jogo de poder e as a\u00e7\u00f5es de governo. A experi\u00eancia do Uruguai indica que uma abordagem cr\u00edtica, que amplia o conjunto de atores envolvidos, confere maior estabilidade e sustentabilidade \u00e0s pol\u00edticas. No Brasil, a an\u00e1lise do papel do Supremo Tribunal Federal \u00e9 considerada relevante para a consolida\u00e7\u00e3o dos direitos fundamentais da pessoa idosa e para a efetividade do Estatuto da Pessoa Idosa. Al\u00e9m disso, s\u00e3o investigados os dilemas da Pol\u00edtica Nacional do Cuidado e o processo de judicializa\u00e7\u00e3o da assist\u00eancia. As pesquisas tamb\u00e9m apontam desafios emergentes. A exclus\u00e3o digital \u00e9 um deles, limitando o exerc\u00edcio pleno de direitos em uma sociedade cada vez mais tecnol\u00f3gica e tornando o letramento digital uma condi\u00e7\u00e3o indispens\u00e1vel para a cidadania. Outro ponto cr\u00edtico \u00e9 a vulnerabilidade de pessoas idosas diante de desastres clim\u00e1ticos, o que exige estrat\u00e9gias de comunica\u00e7\u00e3o de riscos mais inclusivas por uma quest\u00e3o de justi\u00e7a social e direitos humanos. A falta de mensagens adaptadas pode agravar os impactos sobre esse grupo, que enfrenta condi\u00e7\u00f5es de sa\u00fade delicadas, mobilidade reduzida e redes de apoio fragilizadas.<\/p>\n<p style=\"font-weight: 400;\">A diversidade das velhices \u00e9 um tema central, com forte \u00eanfase na interseccionalidade. Estudos abordam as especificidades do envelhecimento de homens cisg\u00eaneros gays e de mulheres l\u00e9sbicas, cujas trajet\u00f3rias s\u00e3o marcadas por contextos de repress\u00e3o, impactando suas redes de apoio e sa\u00fade. Reconhecer essas hist\u00f3rias \u00e9 fundamental para combater desigualdades e direcionar pol\u00edticas p\u00fablicas mais eficazes. Afinal, o idadismo n\u00e3o ocorre de forma isolada, mas se soma a outros marcadores como g\u00eanero, ra\u00e7a e classe, intensificando vulnerabilidades, especialmente em munic\u00edpios de pequeno porte. Tamb\u00e9m se destaca a necessidade de dar visibilidade \u00e0 &#8220;velhice autista&#8221;, um tema pouco explorado que revela a urg\u00eancia de pol\u00edticas intersetoriais para assegurar autonomia e dignidade. O Cat\u00e1logo apresenta estudos com abordagens inovadoras, como a musicoterapia intergeracional, investigada como uma pr\u00e1tica acess\u00edvel com potencial para gerar benef\u00edcios psicossociais. Iniciativas como a &#8220;Favela Compassiva&#8221; s\u00e3o vistas como vanguardistas ao tratarem o envelhecimento e os cuidados paliativos como responsabilidades de toda a comunidade, e n\u00e3o apenas do Estado ou do setor privado. Em conjunto, as pesquisas fortalecem a agenda da D\u00e9cada do Envelhecimento Saud\u00e1vel da ONU, refor\u00e7ando o dever do Estado de assegurar dignidade, autonomia e participa\u00e7\u00e3o social a todas as pessoas idosas.<\/p>\n<p style=\"font-weight: 400;\">Esperamos que este Cat\u00e1logo seja uma ferramenta para pesquisadores de todas as \u00e1reas; formuladores e gestores de pol\u00edticas p\u00fablicas; estudantes; autoridades de prote\u00e7\u00e3o e defesa civil; \u00f3rg\u00e3os de controle, como os conselhos de pessoas idosas, de sa\u00fade, assist\u00eancia, arquitetura e urbanismo; profissionais; educadoras\/es; organiza\u00e7\u00f5es da sociedade civil; movimentos sociais; e \u00f3rg\u00e3os governamentais.<\/p>\n<p>&nbsp;<\/p>\n<p><strong>Para baixar o arquivo, clique em \u00ab adicionar ao carrinho \u00bb, mas na\u0303o se preocupe, o site na\u0303o pedir\u00e1 nenhuma informac\u0327a\u0303o de pagamento!<\/strong><\/p>\n<\/div>\n","protected":false},"featured_media":38141,"comment_status":"open","ping_status":"closed","template":"","meta":{"_bbp_topic_count":0,"_bbp_reply_count":0,"_bbp_total_topic_count":0,"_bbp_total_reply_count":0,"_bbp_voice_count":0,"_bbp_anonymous_reply_count":0,"_bbp_topic_count_hidden":0,"_bbp_reply_count_hidden":0,"_bbp_forum_subforum_count":0,"pmpro_default_level":""},"product_brand":[],"product_cat":[88],"product_tag":[70,87],"class_list":{"0":"post-38140","1":"product","2":"type-product","3":"status-publish","4":"has-post-thumbnail","6":"product_cat-e-books-gratis-2","7":"product_tag-ebook","8":"product_tag-e-books-gratis","9":"pmpro-has-access","11":"first","12":"instock","13":"downloadable","14":"virtual","15":"purchasable","16":"product-type-simple"},"_links":{"self":[{"href":"https:\/\/edicoes.portaldoenvelhecimento.com.br\/novo\/wp-json\/wp\/v2\/product\/38140","targetHints":{"allow":["GET"]}}],"collection":[{"href":"https:\/\/edicoes.portaldoenvelhecimento.com.br\/novo\/wp-json\/wp\/v2\/product"}],"about":[{"href":"https:\/\/edicoes.portaldoenvelhecimento.com.br\/novo\/wp-json\/wp\/v2\/types\/product"}],"replies":[{"embeddable":true,"href":"https:\/\/edicoes.portaldoenvelhecimento.com.br\/novo\/wp-json\/wp\/v2\/comments?post=38140"}],"version-history":[{"count":2,"href":"https:\/\/edicoes.portaldoenvelhecimento.com.br\/novo\/wp-json\/wp\/v2\/product\/38140\/revisions"}],"predecessor-version":[{"id":38144,"href":"https:\/\/edicoes.portaldoenvelhecimento.com.br\/novo\/wp-json\/wp\/v2\/product\/38140\/revisions\/38144"}],"wp:featuredmedia":[{"embeddable":true,"href":"https:\/\/edicoes.portaldoenvelhecimento.com.br\/novo\/wp-json\/wp\/v2\/media\/38141"}],"wp:attachment":[{"href":"https:\/\/edicoes.portaldoenvelhecimento.com.br\/novo\/wp-json\/wp\/v2\/media?parent=38140"}],"wp:term":[{"taxonomy":"product_brand","embeddable":true,"href":"https:\/\/edicoes.portaldoenvelhecimento.com.br\/novo\/wp-json\/wp\/v2\/product_brand?post=38140"},{"taxonomy":"product_cat","embeddable":true,"href":"https:\/\/edicoes.portaldoenvelhecimento.com.br\/novo\/wp-json\/wp\/v2\/product_cat?post=38140"},{"taxonomy":"product_tag","embeddable":true,"href":"https:\/\/edicoes.portaldoenvelhecimento.com.br\/novo\/wp-json\/wp\/v2\/product_tag?post=38140"}],"curies":[{"name":"wp","href":"https:\/\/api.w.org\/{rel}","templated":true}]}}