{"id":31346,"date":"2025-11-08T18:59:29","date_gmt":"2025-11-08T21:59:29","guid":{"rendered":"https:\/\/edicoes.portaldoenvelhecimento.com.br\/novo\/?post_type=product&#038;p=31346"},"modified":"2025-12-15T17:01:50","modified_gmt":"2025-12-15T20:01:50","slug":"combo-de-e-books-tudo-sobre-cuidados","status":"publish","type":"product","link":"https:\/\/edicoes.portaldoenvelhecimento.com.br\/novo\/produto\/combo-de-e-books-tudo-sobre-cuidados\/","title":{"rendered":"COMBO DE E-BOOKS: Tudo sobre Aten\u00e7\u00e3o e Cuidados"},"content":{"rendered":"<p>E-books:<\/p>\n<ol>\n<li><strong>Envelhecimento e Cuidados<\/strong><\/li>\n<li><strong>Envelhecimento com Depend\u00eancia<\/strong><\/li>\n<li><strong>O Cuidador do Idoso em ILPI<\/strong><\/li>\n<li><strong>Alzheimer: Cuidadoras Familiares<\/strong><\/li>\n<\/ol>\n<p>+ Cartilhas:<\/p>\n<ol>\n<li><strong>Cuidando em Casa: Guia B\u00e1sico do Cuidado ao Idoso<\/strong><\/li>\n<li><strong>Gest\u00e3o da aten\u00e7\u00e3o a pessoa idosa institucionalizada<\/strong><\/li>\n<\/ol>\n<p>&nbsp;<\/p>\n<p>&nbsp;<\/p>\n<p><strong>Aten\u00e7\u00e3o e Cuidados<\/strong><\/p>\n<p>Cuidados e sustentabilidade do Homem e da Natureza, segundo Leonardo Boff, caminham juntos, amparando-se mutuamente. Se n\u00e3o houver cuidados, dificilmente se alcan\u00e7ar\u00e1 uma sustentabilidade que se mantenha em m\u00e9dio e longo prazos. S\u00e3o as duas pilastras b\u00e1sicas, n\u00e3o as \u00fanicas, que v\u00e3o sustentar uma necess\u00e1ria transforma\u00e7\u00e3o do nosso estar na Terra.<\/p>\n<p>Quando pensamos no termo Cuidados posto logo ap\u00f3s o termo Envelhecimento, ambos em uma solid\u00e1ria justaposi\u00e7\u00e3o, nos faz lembrar que <strong>o cuidado \u00e9 condi\u00e7\u00e3o para que o envelhecimento possa se dar de forma desejada e bem-sucedida.<\/strong><\/p>\n<p>&nbsp;<\/p>\n","protected":false},"excerpt":{"rendered":"<p>Esta promo\u00e7\u00e3o tem o prop\u00f3sito de trazer \u00e0 discuss\u00e3o <strong>um tema muito relevante e atual:<\/strong> <strong>os<\/strong> <strong>cuidados<\/strong>. S\u00e3o livros que nos fazem pensar sobre como \u00e9 necess\u00e1rio cuidar do corpo e de mente \u2013 durante toda a vida \u2013 para que se possa ter assegurada uma velhice plena e com sustentabilidade.<\/p>\n<p>Os livros &#8220;<strong>Envelhecimento e Cuidados&#8221;<\/strong> e &#8220;<strong>Envelhecimento com Depend\u00eancia&#8221;<\/strong> foram elaborados por mestres da PUC-SP. O livro &#8220;<strong>O Cuidador do Idoso em ILPI&#8221;\u00a0<\/strong>\u00e9 fruto de uma tese de doutorado e, por fim, &#8220;<strong>Alzheimer: Cuidadoras Familiares&#8221;<\/strong> traz a rica experi\u00eancia de filhas que cuidaram de suas m\u00e3es com a Doen\u00e7a de Alzheimer.<\/p>\n<p>O combo conta ainda com as cartilhas\/e-books:<\/p>\n<ol>\n<li><strong>Cuidando em Casa: Guia B\u00e1sico do Cuidado ao Idoso<\/strong><\/li>\n<li><strong>Gest\u00e3o da aten\u00e7\u00e3o a pessoa idosa institucionalizada<\/strong><\/li>\n<\/ol>\n<p>&nbsp;<\/p>\n","protected":false},"featured_media":32152,"comment_status":"open","ping_status":"closed","template":"","meta":{"_bbp_topic_count":0,"_bbp_reply_count":0,"_bbp_total_topic_count":0,"_bbp_total_reply_count":0,"_bbp_voice_count":0,"_bbp_anonymous_reply_count":0,"_bbp_topic_count_hidden":0,"_bbp_reply_count_hidden":0,"_bbp_forum_subforum_count":0,"pmpro_default_level":""},"product_brand":[],"product_cat":[67,90,71,69],"product_tag":[68],"class_list":{"0":"post-31346","1":"product","2":"type-product","3":"status-publish","4":"has-post-thumbnail","6":"product_cat-ebooks","7":"product_cat-livros-sobre-alzheimer","8":"product_cat-promocoes","9":"product_cat-todos-livros","10":"product_tag-livros","11":"pmpro-has-access","13":"first","14":"instock","15":"sale","16":"downloadable","17":"virtual","18":"purchasable","19":"product-type-simple"},"_links":{"self":[{"href":"https:\/\/edicoes.portaldoenvelhecimento.com.br\/novo\/wp-json\/wp\/v2\/product\/31346","targetHints":{"allow":["GET"]}}],"collection":[{"href":"https:\/\/edicoes.portaldoenvelhecimento.com.br\/novo\/wp-json\/wp\/v2\/product"}],"about":[{"href":"https:\/\/edicoes.portaldoenvelhecimento.com.br\/novo\/wp-json\/wp\/v2\/types\/product"}],"replies":[{"embeddable":true,"href":"https:\/\/edicoes.portaldoenvelhecimento.com.br\/novo\/wp-json\/wp\/v2\/comments?post=31346"}],"version-history":[{"count":16,"href":"https:\/\/edicoes.portaldoenvelhecimento.com.br\/novo\/wp-json\/wp\/v2\/product\/31346\/revisions"}],"predecessor-version":[{"id":39291,"href":"https:\/\/edicoes.portaldoenvelhecimento.com.br\/novo\/wp-json\/wp\/v2\/product\/31346\/revisions\/39291"}],"wp:featuredmedia":[{"embeddable":true,"href":"https:\/\/edicoes.portaldoenvelhecimento.com.br\/novo\/wp-json\/wp\/v2\/media\/32152"}],"wp:attachment":[{"href":"https:\/\/edicoes.portaldoenvelhecimento.com.br\/novo\/wp-json\/wp\/v2\/media?parent=31346"}],"wp:term":[{"taxonomy":"product_brand","embeddable":true,"href":"https:\/\/edicoes.portaldoenvelhecimento.com.br\/novo\/wp-json\/wp\/v2\/product_brand?post=31346"},{"taxonomy":"product_cat","embeddable":true,"href":"https:\/\/edicoes.portaldoenvelhecimento.com.br\/novo\/wp-json\/wp\/v2\/product_cat?post=31346"},{"taxonomy":"product_tag","embeddable":true,"href":"https:\/\/edicoes.portaldoenvelhecimento.com.br\/novo\/wp-json\/wp\/v2\/product_tag?post=31346"}],"curies":[{"name":"wp","href":"https:\/\/api.w.org\/{rel}","templated":true}]}}

COMBO DE E-BOOKS: Tudo sobre Atenção e Cuidados

<p>E-books:</p>
<ol>
<li><strong>Envelhecimento e Cuidados</strong></li>
<li><strong>Envelhecimento com Dependência</strong></li>
<li><strong>O Cuidador do Idoso em ILPI</strong></li>
<li><strong>Alzheimer: Cuidadoras Familiares</strong></li>
</ol>
<p>+ Cartilhas:</p>
<ol>
<li><strong>Cuidando em Casa: Guia Básico do Cuidado ao Idoso</strong></li>
<li><strong>Gestão da atenção a pessoa idosa institucionalizada</strong></li>
</ol>
<p>&nbsp;</p>
<p>&nbsp;</p>
<p><strong>Atenção e Cuidados</strong></p>
<p>Cuidados e sustentabilidade do Homem e da Natureza, segundo Leonardo Boff, caminham juntos, amparando-se mutuamente. Se não houver cuidados, dificilmente se alcançará uma sustentabilidade que se mantenha em médio e longo prazos. São as duas pilastras básicas, não as únicas, que vão sustentar uma necessária transformação do nosso estar na Terra.</p>
<p>Quando pensamos no termo Cuidados posto logo após o termo Envelhecimento, ambos em uma solidária justaposição, nos faz lembrar que <strong>o cuidado é condição para que o envelhecimento possa se dar de forma desejada e bem-sucedida.</strong></p>
<p>&nbsp;</p>

<p>Esta promoção tem o propósito de trazer à discussão <strong>um tema muito relevante e atual:</strong> <strong>os</strong> <strong>cuidados</strong>. São livros que nos fazem pensar sobre como é necessário cuidar do corpo e de mente – durante toda a vida – para que se possa ter assegurada uma velhice plena e com sustentabilidade.</p>
<p>Os livros &#8220;<strong>Envelhecimento e Cuidados&#8221;</strong> e &#8220;<strong>Envelhecimento com Dependência&#8221;</strong> foram elaborados por mestres da PUC-SP. O livro &#8220;<strong>O Cuidador do Idoso em ILPI&#8221; </strong>é fruto de uma tese de doutorado e, por fim, &#8220;<strong>Alzheimer: Cuidadoras Familiares&#8221;</strong> traz a rica experiência de filhas que cuidaram de suas mães com a Doença de Alzheimer.</p>
<p>O combo conta ainda com as cartilhas/e-books:</p>
<ol>
<li><strong>Cuidando em Casa: Guia Básico do Cuidado ao Idoso</strong></li>
<li><strong>Gestão da atenção a pessoa idosa institucionalizada</strong></li>
</ol>
<p>&nbsp;</p>
