{"id":31332,"date":"2025-11-09T17:14:11","date_gmt":"2025-11-09T20:14:11","guid":{"rendered":"https:\/\/edicoes.portaldoenvelhecimento.com.br\/novo\/?post_type=product&#038;p=31332"},"modified":"2025-12-15T17:01:00","modified_gmt":"2025-12-15T20:01:00","slug":"combo-de-e-books-gerontologia-social","status":"publish","type":"product","link":"https:\/\/edicoes.portaldoenvelhecimento.com.br\/novo\/produto\/combo-de-e-books-gerontologia-social\/","title":{"rendered":"COMBO DE E-BOOKS: Gerontologia Social"},"content":{"rendered":"<h5>Dois livros s\u00e3o fundamentais para quem se interessa pelo envelhecimento, pois refletem o trabalho e as ideias das <strong>Pioneiras da Gerontologia no Brasil, Suzana Medeiros e Tomiko Born.<\/strong><\/h5>\n<p>O livro do qual tiramos o texto abaixo vale por um curso de mestrado, pois reflete todo o programa apresentado para tal pela PUC-SP. Veja a rela\u00e7\u00e3o de livros abaixo e tenha em m\u00e3os o melhor conte\u00fado sobre Gerontologia Social.<\/p>\n<blockquote><p>\u00c9 um pacote que re\u00fane pesquisadores com vasta experi\u00eancia e produ\u00e7\u00e3o na \u00e1rea da <strong>gerontologia social e do Longeviver, <\/strong>tema moderno que coloca voc\u00ea no meio do ciclone entre vis\u00f5es e sentimentos contradit\u00f3rios sobre o envelhecer. <strong>O alargamento dos anos cronol\u00f3gicos traz novos horizontes para a sociedade e para os sujeitos, \u00e9 este o amplo debate proposto.<\/strong>N\u00e3o podemos mais empurrar a velhice para as margens, porque os velhos desejantes j\u00e1 n\u00e3o se submetem a ser plateia, exigem o protagonismo. Batalhas intergeracionais, latentes e at\u00e9 mesmo institu\u00eddas, s\u00e3o hoje mais complexas e incluem mais de duas ou tr\u00eas gera\u00e7\u00f5es.<\/p>\n<p><strong>Criar e gerir programas e pol\u00edticas s\u00e3o priorit\u00e1rio para o enfrentamento desses novos desafios<\/strong>. Para tal, a abordagem multidisciplinar dos docentes-autores \u00e9 muito bem-vinda e d\u00e1 subs\u00eddios para todos que pretendem acessar \u00e1reas como cultura, ambiente, sa\u00fade, \u00e9tica, pol\u00edtica e o que se convencionou chamar de mercado prateado.<\/p><\/blockquote>\n<p>&nbsp;<\/p>\n<p>E-books indispens\u00e1veis retratando o trabalho e as ideias das pioneiras da Gerontologia Social no Brasil:<\/p>\n<ol>\n<li>\n<h5><strong>Envelhecimento no Brasil: legado Tomiko Born<\/strong><\/h5>\n<\/li>\n<li>\n<h5><strong>Gerontologia Social na PUC-SP: legado de Suzana Medeiros aos estudos do envelhecimento<\/strong><\/h5>\n<\/li>\n<\/ol>\n<p>Mais duas produ\u00e7\u00f5es internacionais:<\/p>\n<ol>\n<li>\n<h5><strong>Gerontologia e Transdiciplinaridade I<\/strong><\/h5>\n<\/li>\n<li>\n<h5><strong>Gerontologia e Transdiciplinaridade II<\/strong><\/h5>\n<\/li>\n<\/ol>\n<p>&nbsp;<\/p>\n<p>No total s\u00e3o <strong>20 e-books<\/strong> abordando a tem\u00e1tica do envelhecimento:<\/p>\n<ul>\n<li>Envelhecimento Rural<\/li>\n<li>Envelhecimento Ativo<\/li>\n<li>Envelhecimento Artivo<\/li>\n<li>Vulnerabilidade Humana<\/li>\n<li>Habita\u00e7\u00e3o e Cidade para um Envelhecimento Digno<\/li>\n<li>Envelhecer Diante da Amea\u00e7a de Morte&#8230;<\/li>\n<li>Intergeracionalidade<\/li>\n<li>Longeviver 80+<\/li>\n<li>Sexualidade e Longevidade<\/li>\n<li>Curatela<\/li>\n<li>A pessoa Idosa na Cidade de S\u00e3o Paulo<\/li>\n<li>Longeviver e Grupos<\/li>\n<li>Longeviver, Pol\u00edticas e Mercado<\/li>\n<li>Envelhecer com Futuro I, II e III<\/li>\n<li>Golpes Contra a Pessoa Idosa<\/li>\n<li>e mais a cartilha Direitos da Pessoa Idosa<\/li>\n<\/ul>\n<p>&nbsp;<\/p>\n<p>Voc\u00ea encontra mais informa\u00e7\u00f5es sobre cada e-book buscando por seu t\u00edtulo aqui no nosso site: <a href=\"https:\/\/edicoes.portaldoenvelhecimento.com.br\/novo\/categoria-produto\/todos-livros\/\">https:\/\/edicoes.portaldoenvelhecimento.com.br\/novo\/categoria-produto\/todos-livros\/<\/a><\/p>\n<p>&nbsp;<\/p>\n<p>Boa leitura!<\/p>\n<p>&nbsp;<\/p>\n","protected":false},"excerpt":{"rendered":"<p>Dois livros s\u00e3o fundamentais para quem se interessa pelo envelhecimento, pois refletem o trabalho e as ideias das <strong>Pioneiras da Gerontologia no Brasil, Suzana Medeiros e Tomiko Born.<\/strong><\/p>\n<ol>\n<li>Envelhecimento no Brasil: legado Tomiko Born<\/li>\n<li>Gerontologia Social na PUC-SP: legado de Suzana Medeiros aos estudos do envelhecimento<\/li>\n<\/ol>\n<p>&nbsp;<\/p>\n<p><strong>Mais duas produ\u00e7\u00f5es internacionais:<\/strong><\/p>\n<ol>\n<li>Gerontologia e Transdiciplinaridade I<\/li>\n<li>Gerontologia e Transdiciplinaridade II<\/li>\n<\/ol>\n<p>&nbsp;<\/p>\n<p>No total s\u00e3o <strong>20 e-books<\/strong> abordando a tem\u00e1tica do envelhecimento:<\/p>\n<ol>\n<li>Envelhecimento Rural<\/li>\n<li>Envelhecimento Ativo<\/li>\n<li>Envelhecimento Artivo<\/li>\n<li>Vulnerabilidade Humana<\/li>\n<li>Habita\u00e7\u00e3o e Cidade para um Envelhecimento Digno<\/li>\n<li>Envelhecer Diante da Amea\u00e7a de Morte&#8230;<\/li>\n<li>Intergeracionalidade<\/li>\n<li>Longeviver 80+<\/li>\n<li>Sexualidade e Longevidade<\/li>\n<li>Curatela<\/li>\n<li>A pessoa Idosa na Cidade de S\u00e3o Paulo<\/li>\n<li>Longeviver e Grupos<\/li>\n<li>Longeviver, Pol\u00edticas e Mercado<\/li>\n<li>Envelhecer com Futuro I, II e III<\/li>\n<li>Golpes Contra a Pessoa Idosa<\/li>\n<li>e mais a cartilha Direitos da Pessoa Idosa<\/li>\n<\/ol>\n<p>&nbsp;<\/p>\n","protected":false},"featured_media":32147,"comment_status":"open","ping_status":"closed","template":"","meta":{"_bbp_topic_count":0,"_bbp_reply_count":0,"_bbp_total_topic_count":0,"_bbp_total_reply_count":0,"_bbp_voice_count":0,"_bbp_anonymous_reply_count":0,"_bbp_topic_count_hidden":0,"_bbp_reply_count_hidden":0,"_bbp_forum_subforum_count":0,"pmpro_default_level":""},"product_brand":[],"product_cat":[67,71,69],"product_tag":[68],"class_list":{"0":"post-31332","1":"product","2":"type-product","3":"status-publish","4":"has-post-thumbnail","6":"product_cat-ebooks","7":"product_cat-promocoes","8":"product_cat-todos-livros","9":"product_tag-livros","10":"pmpro-has-access","12":"first","13":"instock","14":"sale","15":"downloadable","16":"virtual","17":"purchasable","18":"product-type-simple"},"_links":{"self":[{"href":"https:\/\/edicoes.portaldoenvelhecimento.com.br\/novo\/wp-json\/wp\/v2\/product\/31332","targetHints":{"allow":["GET"]}}],"collection":[{"href":"https:\/\/edicoes.portaldoenvelhecimento.com.br\/novo\/wp-json\/wp\/v2\/product"}],"about":[{"href":"https:\/\/edicoes.portaldoenvelhecimento.com.br\/novo\/wp-json\/wp\/v2\/types\/product"}],"replies":[{"embeddable":true,"href":"https:\/\/edicoes.portaldoenvelhecimento.com.br\/novo\/wp-json\/wp\/v2\/comments?post=31332"}],"version-history":[{"count":21,"href":"https:\/\/edicoes.portaldoenvelhecimento.com.br\/novo\/wp-json\/wp\/v2\/product\/31332\/revisions"}],"predecessor-version":[{"id":39289,"href":"https:\/\/edicoes.portaldoenvelhecimento.com.br\/novo\/wp-json\/wp\/v2\/product\/31332\/revisions\/39289"}],"wp:featuredmedia":[{"embeddable":true,"href":"https:\/\/edicoes.portaldoenvelhecimento.com.br\/novo\/wp-json\/wp\/v2\/media\/32147"}],"wp:attachment":[{"href":"https:\/\/edicoes.portaldoenvelhecimento.com.br\/novo\/wp-json\/wp\/v2\/media?parent=31332"}],"wp:term":[{"taxonomy":"product_brand","embeddable":true,"href":"https:\/\/edicoes.portaldoenvelhecimento.com.br\/novo\/wp-json\/wp\/v2\/product_brand?post=31332"},{"taxonomy":"product_cat","embeddable":true,"href":"https:\/\/edicoes.portaldoenvelhecimento.com.br\/novo\/wp-json\/wp\/v2\/product_cat?post=31332"},{"taxonomy":"product_tag","embeddable":true,"href":"https:\/\/edicoes.portaldoenvelhecimento.com.br\/novo\/wp-json\/wp\/v2\/product_tag?post=31332"}],"curies":[{"name":"wp","href":"https:\/\/api.w.org\/{rel}","templated":true}]}}

<h5>Dois livros são fundamentais para quem se interessa pelo envelhecimento, pois refletem o trabalho e as ideias das <strong>Pioneiras da Gerontologia no Brasil, Suzana Medeiros e Tomiko Born.</strong></h5>
<p>O livro do qual tiramos o texto abaixo vale por um curso de mestrado, pois reflete todo o programa apresentado para tal pela PUC-SP. Veja a relação de livros abaixo e tenha em mãos o melhor conteúdo sobre Gerontologia Social.</p>
<blockquote><p>É um pacote que reúne pesquisadores com vasta experiência e produção na área da <strong>gerontologia social e do Longeviver, </strong>tema moderno que coloca você no meio do ciclone entre visões e sentimentos contraditórios sobre o envelhecer. <strong>O alargamento dos anos cronológicos traz novos horizontes para a sociedade e para os sujeitos, é este o amplo debate proposto.</strong>Não podemos mais empurrar a velhice para as margens, porque os velhos desejantes já não se submetem a ser plateia, exigem o protagonismo. Batalhas intergeracionais, latentes e até mesmo instituídas, são hoje mais complexas e incluem mais de duas ou três gerações.</p>
<p><strong>Criar e gerir programas e políticas são prioritário para o enfrentamento desses novos desafios</strong>. Para tal, a abordagem multidisciplinar dos docentes-autores é muito bem-vinda e dá subsídios para todos que pretendem acessar áreas como cultura, ambiente, saúde, ética, política e o que se convencionou chamar de mercado prateado.</p></blockquote>
<p>&nbsp;</p>
<p>E-books indispensáveis retratando o trabalho e as ideias das pioneiras da Gerontologia Social no Brasil:</p>
<ol>
<li>
<h5><strong>Envelhecimento no Brasil: legado Tomiko Born</strong></h5>
</li>
<li>
<h5><strong>Gerontologia Social na PUC-SP: legado de Suzana Medeiros aos estudos do envelhecimento</strong></h5>
</li>
</ol>
<p>Mais duas produções internacionais:</p>
<ol>
<li>
<h5><strong>Gerontologia e Transdiciplinaridade I</strong></h5>
</li>
<li>
<h5><strong>Gerontologia e Transdiciplinaridade II</strong></h5>
</li>
</ol>
<p>&nbsp;</p>
<p>No total são <strong>20 e-books</strong> abordando a temática do envelhecimento:</p>
<ul>
<li>Envelhecimento Rural</li>
<li>Envelhecimento Ativo</li>
<li>Envelhecimento Artivo</li>
<li>Vulnerabilidade Humana</li>
<li>Habitação e Cidade para um Envelhecimento Digno</li>
<li>Envelhecer Diante da Ameaça de Morte&#8230;</li>
<li>Intergeracionalidade</li>
<li>Longeviver 80+</li>
<li>Sexualidade e Longevidade</li>
<li>Curatela</li>
<li>A pessoa Idosa na Cidade de São Paulo</li>
<li>Longeviver e Grupos</li>
<li>Longeviver, Políticas e Mercado</li>
<li>Envelhecer com Futuro I, II e III</li>
<li>Golpes Contra a Pessoa Idosa</li>
<li>e mais a cartilha Direitos da Pessoa Idosa</li>
</ul>
<p>&nbsp;</p>
<p>Você encontra mais informações sobre cada e-book buscando por seu título aqui no nosso site: <a href="https://edicoes.portaldoenvelhecimento.com.br/novo/categoria-produto/todos-livros/">https://edicoes.portaldoenvelhecimento.com.br/novo/categoria-produto/todos-livros/</a></p>
<p>&nbsp;</p>
<p>Boa leitura!</p>
<p>&nbsp;</p>

<p>Dois livros são fundamentais para quem se interessa pelo envelhecimento, pois refletem o trabalho e as ideias das <strong>Pioneiras da Gerontologia no Brasil, Suzana Medeiros e Tomiko Born.</strong></p>
<ol>
<li>Envelhecimento no Brasil: legado Tomiko Born</li>
<li>Gerontologia Social na PUC-SP: legado de Suzana Medeiros aos estudos do envelhecimento</li>
</ol>
<p>&nbsp;</p>
<p><strong>Mais duas produções internacionais:</strong></p>
<ol>
<li>Gerontologia e Transdiciplinaridade I</li>
<li>Gerontologia e Transdiciplinaridade II</li>
</ol>
<p>&nbsp;</p>
<p>No total são <strong>20 e-books</strong> abordando a temática do envelhecimento:</p>
<ol>
<li>Envelhecimento Rural</li>
<li>Envelhecimento Ativo</li>
<li>Envelhecimento Artivo</li>
<li>Vulnerabilidade Humana</li>
<li>Habitação e Cidade para um Envelhecimento Digno</li>
<li>Envelhecer Diante da Ameaça de Morte&#8230;</li>
<li>Intergeracionalidade</li>
<li>Longeviver 80+</li>
<li>Sexualidade e Longevidade</li>
<li>Curatela</li>
<li>A pessoa Idosa na Cidade de São Paulo</li>
<li>Longeviver e Grupos</li>
<li>Longeviver, Políticas e Mercado</li>
<li>Envelhecer com Futuro I, II e III</li>
<li>Golpes Contra a Pessoa Idosa</li>
<li>e mais a cartilha Direitos da Pessoa Idosa</li>
</ol>
<p>&nbsp;</p>
