{"id":28849,"date":"2024-10-30T22:03:46","date_gmt":"2024-10-31T01:03:46","guid":{"rendered":"https:\/\/edicoes.portaldoenvelhecimento.com.br\/novo\/?post_type=product&#038;p=28849"},"modified":"2025-09-30T10:41:42","modified_gmt":"2025-09-30T13:41:42","slug":"gibis-educativos-geracao-prateada-uma-forma-ludica-de-comunicar-sobre-direitos-da-pessoa-idosa","status":"publish","type":"product","link":"https:\/\/edicoes.portaldoenvelhecimento.com.br\/novo\/produto\/gibis-educativos-geracao-prateada-uma-forma-ludica-de-comunicar-sobre-direitos-da-pessoa-idosa\/","title":{"rendered":"Gibis Educativos &#8220;Gera\u00e7\u00e3o Prateada&#8221; + Cartilha para professores e multiplicadores &#8211; uma forma l\u00fadica de comunicar sobre direitos da pessoa idosa"},"content":{"rendered":"<p><span style=\"font-weight: 400;\">Essa \u00e9 uma produ\u00e7\u00e3o desenvolvida em coopera\u00e7\u00e3o entre a Universidade Federal de Vi\u00e7osa, o Conselho Nacional d<\/span><span style=\"font-weight: 400;\">os Direitos <\/span><span style=\"font-weight: 400;\">da Pessoa Idosa e a R<\/span><span style=\"font-weight: 400;\">ede de Apoio \u00e0 Pessoa Idosa, <\/span><span style=\"font-weight: 400;\">do Governo de Minas Gerais.\u00a0<\/span><\/p>\n","protected":false},"excerpt":{"rendered":"<p><span style=\"font-weight: 400;\">Conhe\u00e7a a cole\u00e7\u00e3o de gibis: \u201cGera\u00e7\u00e3o Prateada\u201d, composta por tr\u00eas volumes que pretendem ser amigos da p<\/span><span style=\"font-weight: 400;\">opula\u00e7\u00e3o <\/span><span style=\"font-weight: 400;\">idosa. Uma forma l\u00fadica de comunicar sobre direitos da pessoa idosa, com pessoas de todas as idades.<\/span><\/p>\n<p><span style=\"font-weight: 400;\">O\u00a0<\/span><b>volume 1<\/b><span style=\"font-weight: 400;\">\u00a0aborda os\u00a0<\/span><b>Direitos da Pessoa Idosa<\/b><span style=\"font-weight: 400;\"> mostrando situa\u00e7\u00f5es em que precisamos superar o preconceito e atentar<\/span> <span style=\"font-weight: 400;\">ao cumprimento do Estatuto d<\/span><span style=\"font-weight: 400;\">a Pessoa Idosa<\/span><span style=\"font-weight: 400;\">. J\u00e1 o\u00a0<\/span><b>volume 2<\/b><span style=\"font-weight: 400;\"> explica sobre a forma\u00e7\u00e3o e a import\u00e2ncia dos\u00a0<\/span><b>Conselhos Municipais dos Direitos da Pessoa Idosa<\/b><span style=\"font-weight: 400;\">. E o\u00a0<\/span><b>volume 3<\/b><span style=\"font-weight: 400;\">\u00a0fala da import\u00e2ncia de<\/span> <span style=\"font-weight: 400;\">o Conselho Municipal possuir o\u00a0<\/span><b>Fundo d<\/b><b>a Pessoa Idosa, <\/b><span style=\"font-weight: 400;\">capaz de beneficiar o desenvolvimento dos projetos ligados \u00e0 e<\/span><span style=\"font-weight: 400;\">ste grupo et\u00e1rio<\/span><span style=\"font-weight: 400;\">.\u00a0\u00a0<\/span><\/p>\n<p><span style=\"font-weight: 400;\">Essa \u00e9 uma produ\u00e7\u00e3o desenvolvida em coopera\u00e7\u00e3o entre a Universidade Federal de Vi\u00e7osa, o Conselho Nacional d<\/span><span style=\"font-weight: 400;\">os Direitos <\/span><span style=\"font-weight: 400;\">da Pessoa Idosa e a R<\/span><span style=\"font-weight: 400;\">ede de Apoio \u00e0 Pessoa Idosa, <\/span><span style=\"font-weight: 400;\">do Governo de Minas Gerais.\u00a0<\/span><\/p>\n<p><span style=\"font-weight: 400;\">Os volumes t\u00eam grande potencial para serem utilizados em sala de aula de ensino fundamental e m\u00e9dio e em outros espa\u00e7os formativos.<\/span><\/p>\n<p><span style=\"font-weight: 400;\">Al\u00e9m dos gibis, h\u00e1 a cartilha, um material did\u00e1tico desenvolvido para apoiar professores e multiplicadores na utiliza\u00e7\u00e3o dos <\/span><span style=\"font-weight: 400;\">gibis Gera\u00e7\u00e3o Prateada<\/span><span style=\"font-weight: 400;\"> no processo de ressignifica\u00e7\u00e3o da velhice nas escolas.\u00a0<\/span><\/p>\n<p>&nbsp;<\/p>\n<h3><strong>Adquira os gibis gratuitamente clicando neste link:<\/strong><\/h3>\n<p><a href=\"https:\/\/drive.google.com\/drive\/folders\/1Y1i3gbVj3xjZRWkjrT0KUIAtl7AT2Oho?usp=sharing\" target=\"_blank\" rel=\"noopener\">https:\/\/drive.google.com\/drive\/folders\/1Y1i3gbVj3xjZRWkjrT0KUIAtl7AT2Oho?usp=sharing<\/a><\/p>\n<h3><strong>Adquira a cartilha para professores e multiplicadores clicando neste link:<\/strong><\/h3>\n<p><a href=\"https:\/\/drive.google.com\/file\/d\/1EpDcm6XptumSKeAAyLCsJHul2Rw-zaKo\/view\" target=\"_blank\" rel=\"noopener\">https:\/\/drive.google.com\/file\/d\/1EpDcm6XptumSKeAAyLCsJHul2Rw-zaKo\/view<\/a><\/p>\n<div class=\"description\">\n<p>Ou adquira clicando em \u201cadicionar ao carrinho\u201d logo abaixo (como \u00e9 um produto gratuito o site n\u00e3o pedir\u00e1 informa\u00e7\u00f5es de pagamento).<\/p>\n<\/div>\n","protected":false},"featured_media":28851,"comment_status":"open","ping_status":"closed","template":"","meta":{"_bbp_topic_count":0,"_bbp_reply_count":0,"_bbp_total_topic_count":0,"_bbp_total_reply_count":0,"_bbp_voice_count":0,"_bbp_anonymous_reply_count":0,"_bbp_topic_count_hidden":0,"_bbp_reply_count_hidden":0,"_bbp_forum_subforum_count":0,"pmpro_default_level":""},"product_brand":[],"product_cat":[88],"product_tag":[70,87],"class_list":{"0":"post-28849","1":"product","2":"type-product","3":"status-publish","4":"has-post-thumbnail","6":"product_cat-e-books-gratis-2","7":"product_tag-ebook","8":"product_tag-e-books-gratis","9":"pmpro-has-access","11":"first","12":"instock","13":"downloadable","14":"virtual","15":"purchasable","16":"product-type-simple"},"_links":{"self":[{"href":"https:\/\/edicoes.portaldoenvelhecimento.com.br\/novo\/wp-json\/wp\/v2\/product\/28849","targetHints":{"allow":["GET"]}}],"collection":[{"href":"https:\/\/edicoes.portaldoenvelhecimento.com.br\/novo\/wp-json\/wp\/v2\/product"}],"about":[{"href":"https:\/\/edicoes.portaldoenvelhecimento.com.br\/novo\/wp-json\/wp\/v2\/types\/product"}],"replies":[{"embeddable":true,"href":"https:\/\/edicoes.portaldoenvelhecimento.com.br\/novo\/wp-json\/wp\/v2\/comments?post=28849"}],"version-history":[{"count":7,"href":"https:\/\/edicoes.portaldoenvelhecimento.com.br\/novo\/wp-json\/wp\/v2\/product\/28849\/revisions"}],"predecessor-version":[{"id":33875,"href":"https:\/\/edicoes.portaldoenvelhecimento.com.br\/novo\/wp-json\/wp\/v2\/product\/28849\/revisions\/33875"}],"wp:featuredmedia":[{"embeddable":true,"href":"https:\/\/edicoes.portaldoenvelhecimento.com.br\/novo\/wp-json\/wp\/v2\/media\/28851"}],"wp:attachment":[{"href":"https:\/\/edicoes.portaldoenvelhecimento.com.br\/novo\/wp-json\/wp\/v2\/media?parent=28849"}],"wp:term":[{"taxonomy":"product_brand","embeddable":true,"href":"https:\/\/edicoes.portaldoenvelhecimento.com.br\/novo\/wp-json\/wp\/v2\/product_brand?post=28849"},{"taxonomy":"product_cat","embeddable":true,"href":"https:\/\/edicoes.portaldoenvelhecimento.com.br\/novo\/wp-json\/wp\/v2\/product_cat?post=28849"},{"taxonomy":"product_tag","embeddable":true,"href":"https:\/\/edicoes.portaldoenvelhecimento.com.br\/novo\/wp-json\/wp\/v2\/product_tag?post=28849"}],"curies":[{"name":"wp","href":"https:\/\/api.w.org\/{rel}","templated":true}]}}

Gibis Educativos &#8220;Geração Prateada&#8221; + Cartilha para professores e multiplicadores &#8211; uma forma lúdica de comunicar sobre direitos da pessoa idosa

<p><span style="font-weight: 400;">Essa é uma produção desenvolvida em cooperação entre a Universidade Federal de Viçosa, o Conselho Nacional d</span><span style="font-weight: 400;">os Direitos </span><span style="font-weight: 400;">da Pessoa Idosa e a R</span><span style="font-weight: 400;">ede de Apoio à Pessoa Idosa, </span><span style="font-weight: 400;">do Governo de Minas Gerais. </span></p>

<p><span style="font-weight: 400;">Conheça a coleção de gibis: “Geração Prateada”, composta por três volumes que pretendem ser amigos da p</span><span style="font-weight: 400;">opulação </span><span style="font-weight: 400;">idosa. Uma forma lúdica de comunicar sobre direitos da pessoa idosa, com pessoas de todas as idades.</span></p>
<p><span style="font-weight: 400;">O </span><b>volume 1</b><span style="font-weight: 400;"> aborda os </span><b>Direitos da Pessoa Idosa</b><span style="font-weight: 400;"> mostrando situações em que precisamos superar o preconceito e atentar</span> <span style="font-weight: 400;">ao cumprimento do Estatuto d</span><span style="font-weight: 400;">a Pessoa Idosa</span><span style="font-weight: 400;">. Já o </span><b>volume 2</b><span style="font-weight: 400;"> explica sobre a formação e a importância dos </span><b>Conselhos Municipais dos Direitos da Pessoa Idosa</b><span style="font-weight: 400;">. E o </span><b>volume 3</b><span style="font-weight: 400;"> fala da importância de</span> <span style="font-weight: 400;">o Conselho Municipal possuir o </span><b>Fundo d</b><b>a Pessoa Idosa, </b><span style="font-weight: 400;">capaz de beneficiar o desenvolvimento dos projetos ligados à e</span><span style="font-weight: 400;">ste grupo etário</span><span style="font-weight: 400;">.  </span></p>
<p><span style="font-weight: 400;">Essa é uma produção desenvolvida em cooperação entre a Universidade Federal de Viçosa, o Conselho Nacional d</span><span style="font-weight: 400;">os Direitos </span><span style="font-weight: 400;">da Pessoa Idosa e a R</span><span style="font-weight: 400;">ede de Apoio à Pessoa Idosa, </span><span style="font-weight: 400;">do Governo de Minas Gerais. </span></p>
<p><span style="font-weight: 400;">Os volumes têm grande potencial para serem utilizados em sala de aula de ensino fundamental e médio e em outros espaços formativos.</span></p>
<p><span style="font-weight: 400;">Além dos gibis, há a cartilha, um material didático desenvolvido para apoiar professores e multiplicadores na utilização dos </span><span style="font-weight: 400;">gibis Geração Prateada</span><span style="font-weight: 400;"> no processo de ressignificação da velhice nas escolas. </span></p>
<p>&nbsp;</p>
<h3><strong>Adquira os gibis gratuitamente clicando neste link:</strong></h3>
<p><a href="https://drive.google.com/drive/folders/1Y1i3gbVj3xjZRWkjrT0KUIAtl7AT2Oho?usp=sharing" target="_blank" rel="noopener">https://drive.google.com/drive/folders/1Y1i3gbVj3xjZRWkjrT0KUIAtl7AT2Oho?usp=sharing</a></p>
<h3><strong>Adquira a cartilha para professores e multiplicadores clicando neste link:</strong></h3>
<p><a href="https://drive.google.com/file/d/1EpDcm6XptumSKeAAyLCsJHul2Rw-zaKo/view" target="_blank" rel="noopener">https://drive.google.com/file/d/1EpDcm6XptumSKeAAyLCsJHul2Rw-zaKo/view</a></p>
<div class="description">
<p>Ou adquira clicando em “adicionar ao carrinho” logo abaixo (como é um produto gratuito o site não pedirá informações de pagamento).</p>
</div>
