{"id":28780,"date":"2024-10-28T19:21:53","date_gmt":"2024-10-28T22:21:53","guid":{"rendered":"https:\/\/edicoes.portaldoenvelhecimento.com.br\/novo\/?post_type=product&#038;p=28780"},"modified":"2025-05-23T11:16:14","modified_gmt":"2025-05-23T14:16:14","slug":"gentileza-de-ser-volume-iii","status":"publish","type":"product","link":"https:\/\/edicoes.portaldoenvelhecimento.com.br\/novo\/produto\/gentileza-de-ser-volume-iii\/","title":{"rendered":"Gentileza de Ser Volume III"},"content":{"rendered":"<p>SERVI\u00c7O<\/p>\n<p style=\"text-align: center;\"><strong>Gentileza de SER<\/strong><\/p>\n<p style=\"text-align: center;\"><strong>Solidariedade, Empatia e Respeito. Longevidade \u2013 Pr\u00e1ticas de Qualidade de Vida e Bem-estar<\/strong><\/p>\n<p style=\"text-align: center;\"><span style=\"font-weight: 400;\">Organizadores: K\u00e9lvio Lu\u00eds e Sara Sales<\/span><\/p>\n","protected":false},"excerpt":{"rendered":"<p><b>Gentileza de Ser Volume III<\/b><\/p>\n<p>&nbsp;<\/p>\n<p><span style=\"font-weight: 400;\">O <\/span><a href=\"http:\/\/@movimento.vidasidosas\"><span style=\"font-weight: 400;\">Movimento Nacional Vidas Idosas Importam<\/span><\/a><span style=\"font-weight: 400;\"> lan\u00e7a mais um E-book: Gentileza de SER \u2013\u00a0 Solidariedade, Empatia e Respeito. Longevidade \u2013 Pr\u00e1ticas de Qualidade de Vida e Bem-estar. Organizado por K\u00e9lvio Lu\u00eds e Sara Sales, a cartilha conta com diversos colaboradores e depoimentos de pessoas idosas.<\/span><\/p>\n<p><span style=\"font-weight: 400;\">Nesta edi\u00e7\u00e3o, o <\/span><i><span style=\"font-weight: 400;\">Movimento Nacional Vidas Idosas Importam<\/span><\/i><span style=\"font-weight: 400;\"> pretende evidenciar a longevidade, com pr\u00e1ticas de qualidade de vida e bem-estar, al\u00e9m de alguns depoimentos de pessoas longevas.<\/span><\/p>\n<p><span style=\"font-weight: 400;\">O Movimento existe para que a sociedade se conscientize sobre a import\u00e2ncia do envelhecimento humano e sobre o valor existente na promo\u00e7\u00e3o dos direitos da pessoa idosa em toda a sua diversidade.<\/span><\/p>\n<p><span style=\"font-weight: 400;\">Entre os temas apresentados no e-book est\u00e3o Rota da Longevidade: quais sa\u0303o os pilares para viver bem?; Sono, como uma forma natural de promover longevidade; Respirar Longevidade; Longevidade \u2013 Envelhecer com Sentido; Eutonia como pra\u0301tica de qualidade de vida e bem-estar na longevidade; A vida e\u0301 o dom mais precioso; As cores na\u0303o se acabam; Programa Reflorescer;\u00a0 A importa\u0302ncia da espiritualidade na vida do idoso; Envelhecimento e Longevidade: Dificuldades e Pote\u0302ncias do Envelhecer; Alimentos para longevidade; Vidas transformadas atrave\u0301s da arte; Vive\u0302ncias na Sau\u0301de Mental; A sexualidade nas diferentes gerac\u0327o\u0303es; O resgate de si mesmo; A expressa\u0303o de sentimentos, acolher e ressignificar. Al\u00e9m de diversos depoimentos de pessoas idosas a respeito do sentido desta etapa da exist\u00eancia para elas.\u00a0<\/span><\/p>\n<p><span style=\"font-weight: 400;\">Os organizadores agradecem a todas as pessoas que contribu\u00edram para a concretiza\u00e7\u00e3o do novo e-book e esperam que este material possa inspirar pessoas para uma nova vis\u00e3o sobre o processo de envelhecimento e estimular novas iniciativas em prol da longevidade.<\/span><\/p>\n<p><strong>Para baixar o arquivo, clique em \u00ab adicionar ao carrinho \u00bb, mas na\u0303o se preocupe, o site na\u0303o pedir\u00e1 nenhuma informac\u0327a\u0303o de pagamento!<\/strong><\/p>\n","protected":false},"featured_media":28781,"comment_status":"open","ping_status":"closed","template":"","meta":{"_bbp_topic_count":0,"_bbp_reply_count":0,"_bbp_total_topic_count":0,"_bbp_total_reply_count":0,"_bbp_voice_count":0,"_bbp_anonymous_reply_count":0,"_bbp_topic_count_hidden":0,"_bbp_reply_count_hidden":0,"_bbp_forum_subforum_count":0,"pmpro_default_level":""},"product_brand":[],"product_cat":[88],"product_tag":[70,87],"class_list":{"0":"post-28780","1":"product","2":"type-product","3":"status-publish","4":"has-post-thumbnail","6":"product_cat-e-books-gratis-2","7":"product_tag-ebook","8":"product_tag-e-books-gratis","9":"pmpro-has-access","11":"first","12":"instock","13":"downloadable","14":"virtual","15":"purchasable","16":"product-type-simple"},"_links":{"self":[{"href":"https:\/\/edicoes.portaldoenvelhecimento.com.br\/novo\/wp-json\/wp\/v2\/product\/28780","targetHints":{"allow":["GET"]}}],"collection":[{"href":"https:\/\/edicoes.portaldoenvelhecimento.com.br\/novo\/wp-json\/wp\/v2\/product"}],"about":[{"href":"https:\/\/edicoes.portaldoenvelhecimento.com.br\/novo\/wp-json\/wp\/v2\/types\/product"}],"replies":[{"embeddable":true,"href":"https:\/\/edicoes.portaldoenvelhecimento.com.br\/novo\/wp-json\/wp\/v2\/comments?post=28780"}],"version-history":[{"count":3,"href":"https:\/\/edicoes.portaldoenvelhecimento.com.br\/novo\/wp-json\/wp\/v2\/product\/28780\/revisions"}],"predecessor-version":[{"id":33876,"href":"https:\/\/edicoes.portaldoenvelhecimento.com.br\/novo\/wp-json\/wp\/v2\/product\/28780\/revisions\/33876"}],"wp:featuredmedia":[{"embeddable":true,"href":"https:\/\/edicoes.portaldoenvelhecimento.com.br\/novo\/wp-json\/wp\/v2\/media\/28781"}],"wp:attachment":[{"href":"https:\/\/edicoes.portaldoenvelhecimento.com.br\/novo\/wp-json\/wp\/v2\/media?parent=28780"}],"wp:term":[{"taxonomy":"product_brand","embeddable":true,"href":"https:\/\/edicoes.portaldoenvelhecimento.com.br\/novo\/wp-json\/wp\/v2\/product_brand?post=28780"},{"taxonomy":"product_cat","embeddable":true,"href":"https:\/\/edicoes.portaldoenvelhecimento.com.br\/novo\/wp-json\/wp\/v2\/product_cat?post=28780"},{"taxonomy":"product_tag","embeddable":true,"href":"https:\/\/edicoes.portaldoenvelhecimento.com.br\/novo\/wp-json\/wp\/v2\/product_tag?post=28780"}],"curies":[{"name":"wp","href":"https:\/\/api.w.org\/{rel}","templated":true}]}}