{"id":27713,"date":"2024-09-25T12:36:37","date_gmt":"2024-09-25T15:36:37","guid":{"rendered":"https:\/\/edicoes.portaldoenvelhecimento.com.br\/novo\/?post_type=product&#038;p=27713"},"modified":"2026-03-14T11:15:48","modified_gmt":"2026-03-14T14:15:48","slug":"golpes-contra-a-pessoa-idosa","status":"publish","type":"product","link":"https:\/\/edicoes.portaldoenvelhecimento.com.br\/novo\/produto\/golpes-contra-a-pessoa-idosa\/","title":{"rendered":"Golpes Contra a Pessoa Idosa"},"content":{"rendered":"<div class=\"page\" title=\"Page 1\">\n<div class=\"layoutArea\">\n<div class=\"column\">\n<div class=\"layoutArea\">\n<div class=\"column\">\n<div class=\"page\" title=\"Page 1\">\n<div class=\"layoutArea\">\n<div class=\"column\">\n<div class=\"page\" title=\"Page 1\">\n<div class=\"layoutArea\">\n<div class=\"column\">\n<div class=\"page\" title=\"Page 1\">\n<div class=\"layoutArea\">\n<div class=\"column\">\n<div class=\"page\" title=\"Page 1\">\n<div class=\"layoutArea\">\n<div class=\"column\">\n<div class=\"page\" title=\"Page 1\">\n<div class=\"layoutArea\">\n<div class=\"column\">\n<div class=\"layoutArea\">\n<div class=\"column\">\n<div class=\"column\">\n<div class=\"page\" title=\"Page 1\"><\/div>\n<div class=\"page\" title=\"Page 4\">\n<div class=\"layoutArea\">\n<div class=\"column\">\n<div class=\"page\" title=\"Page 1\">\n<div class=\"layoutArea\">\n<div class=\"column\">\n<p><strong>SUMA\u0301RIO<\/strong><\/p>\n<\/div>\n<\/div>\n<div class=\"layoutArea\">\n<div class=\"column\">\n<p>Em direc\u0327a\u0303o a um futuro seguro e justo &#8230;&#8230;&#8230;&#8230;&#8230;&#8230;&#8230;&#8230;&#8230;&#8230;&#8230;.. 13<\/p>\n<p>Luiza Helena Trajano<\/p>\n<p>INTRODUC\u0327A\u0303O<\/p>\n<p>Vamos abrac\u0327ar o que vem por ai\u0301 &#8230;&#8230;&#8230;&#8230;&#8230;&#8230;&#8230;&#8230;&#8230;&#8230;&#8230;&#8230;&#8230;&#8230;&#8230;&#8230; 17<\/p>\n<p>Beltrina Co\u0302rte<\/p>\n<p>APRESENTAC\u0327A\u0303O<\/p>\n<p>Golpe, a dor maior &#8230;&#8230;&#8230;&#8230;&#8230;&#8230;&#8230;&#8230;&#8230;&#8230;&#8230;&#8230;&#8230;&#8230;&#8230;&#8230;&#8230;&#8230;&#8230;&#8230;&#8230;&#8230;&#8230;&#8230;. 21<\/p>\n<p>Suely Tonarque<\/p>\n<p><strong>CAPI\u0301TULO I<\/strong><\/p>\n<p>GOLPES CONTRA A PESSOA IDOSA<br \/>\nCasos para discussa\u0303o &#8230;&#8230;&#8230;&#8230;&#8230;&#8230;&#8230;&#8230;&#8230;&#8230;&#8230;&#8230;&#8230;&#8230;&#8230;&#8230;&#8230;&#8230;.. 27<\/p>\n<p>1 \u2013 Asse\u0301dio banca\u0301rio<br \/>\n2 \u2013 Exclusa\u0303o unilateral de plano de sau\u0301de<br \/>\n3 \u2013 Golpe da falsa central de seguranc\u0327a<br \/>\n4 \u2013 Golpe da ma\u0301quina adulterada<br \/>\n5 \u2013 Negativa de atendimento &#8211; plano de sau\u0301de<br \/>\n6 \u2013 Atendimento inadequado pela operadora de telefonia 7 \u2013 Golpe do consignado<br \/>\n8 \u2013 Problemas com grandes empresas<br \/>\n9 \u2013 Golpe por anu\u0301ncios na internet \u00a0 \u00a0 \u00a0 \u00a0 \u00a0 \u00a0 \u00a0 \u00a0 \u00a0 \u00a0 \u00a0 \u00a0 \u00a0 \u00a0 \u00a0 \u00a0 \u00a0 \u00a0 \u00a0 \u00a0 \u00a0 \u00a0 \u00a0 \u00a0 \u00a0 \u00a0 \u00a0 \u00a0 \u00a0 \u00a0 \u00a0 \u00a0 \u00a0 \u00a0 \u00a0 \u00a0 \u00a0 \u00a0 \u00a0 \u00a0 \u00a0 \u00a0 \u00a0 \u00a0 \u00a0 \u00a0 \u00a0 \u00a0 \u00a0 \u00a0 \u00a0 \u00a0 \u00a0 \u00a0 \u00a0 \u00a0 \u00a0 \u00a0 \u00a0 \u00a0 10 \u2013 Problemas de atendimento ao cliente\/consumidor de grandes empresas \u00a0 \u00a0 \u00a0 \u00a0 \u00a0 \u00a0 \u00a0 \u00a0 \u00a0 \u00a0 \u00a0 \u00a0 \u00a0 \u00a0 \u00a0 \u00a0 \u00a0 \u00a0 \u00a0 \u00a0 \u00a0 \u00a0 \u00a011 \u2013 Variac\u0327a\u0303o do golpe do empre\u0301stimo consignado \u00a0 \u00a0 \u00a0 \u00a0 \u00a0 \u00a0 \u00a0 \u00a0 \u00a0 \u00a0 \u00a0 \u00a0 \u00a0 \u00a0 \u00a0 \u00a0 \u00a0 \u00a0 \u00a0 \u00a0 \u00a0 \u00a0 \u00a0 \u00a0 \u00a0 \u00a0 \u00a0 \u00a0 \u00a0 \u00a0 \u00a0 \u00a0 \u00a0 \u00a0 \u00a0 \u00a0 \u00a0 \u00a0 \u00a0 \u00a0 \u00a0 \u00a0 \u00a0 \u00a0 \u00a0 \u00a0 \u00a012 \u2013 O golpe do valor a receber do governo \u00a0 \u00a0 \u00a0 \u00a0 \u00a0 \u00a0 \u00a0 \u00a0 \u00a0 \u00a0 \u00a0 \u00a0 \u00a0 \u00a0 \u00a0 \u00a0 \u00a0 \u00a0 \u00a0 \u00a0 \u00a0 \u00a0 \u00a0 \u00a0 \u00a0 \u00a0 \u00a0 \u00a0 \u00a0 \u00a0 \u00a0 \u00a0 \u00a0 \u00a0 \u00a0 \u00a0 \u00a0 \u00a0 \u00a0 \u00a0 \u00a0 \u00a0 \u00a0 \u00a0 \u00a0 \u00a0 \u00a0 \u00a0 \u00a0 \u00a0 \u00a0 \u00a0 \u00a0 \u00a013 \u2013 Modalidade de golpe do empre\u0301stimo consignado \u00a0 \u00a0 \u00a0 \u00a0 \u00a0 \u00a0 \u00a0 \u00a0 \u00a0 \u00a0 \u00a0 \u00a0 \u00a0 \u00a0 \u00a0 \u00a0 \u00a0 \u00a0 \u00a0 \u00a0 \u00a0 \u00a0 \u00a0 \u00a0 \u00a0 \u00a0 \u00a0 \u00a0 \u00a0 \u00a0 \u00a0 \u00a0 \u00a0 \u00a0 \u00a0 \u00a0 \u00a0 \u00a0 \u00a0 \u00a0 \u00a0 \u00a0 \u00a0 \u00a014 \u2013 Clonagem de carta\u0303o \u00a0 \u00a0 \u00a0 \u00a0 \u00a0 \u00a0 \u00a0 \u00a0 \u00a0 \u00a0 \u00a0 \u00a0 \u00a0 \u00a0 \u00a0 \u00a0 \u00a0 \u00a0 \u00a0 \u00a0 \u00a0 \u00a0 \u00a0 \u00a0 \u00a0 \u00a0 \u00a0 \u00a0 \u00a0 \u00a0 \u00a0 \u00a0 \u00a0 \u00a0 \u00a0 \u00a0 \u00a0 \u00a0 \u00a0 \u00a0 \u00a0 \u00a0 \u00a0 \u00a0 \u00a0 \u00a0 \u00a0 \u00a0 \u00a0 \u00a0 \u00a0 \u00a0 \u00a0 \u00a0 \u00a0 \u00a0 \u00a0 \u00a0 \u00a0 \u00a0 \u00a0 \u00a0 \u00a0 \u00a0 \u00a0 \u00a0 \u00a0 \u00a0 \u00a0 \u00a0 15 \u2013 Golpe do falso motoboy I \u00a0 \u00a0 \u00a0 \u00a0 \u00a0 \u00a0 \u00a0 \u00a0 \u00a0 \u00a0 \u00a0 \u00a0 \u00a0 \u00a0 \u00a0 \u00a0 \u00a0 \u00a0 \u00a0 \u00a0 \u00a0 \u00a0 \u00a0 \u00a0 \u00a0 \u00a0 \u00a0 \u00a0 \u00a0 \u00a0 \u00a0 \u00a0 \u00a0 \u00a0 \u00a0 \u00a0 \u00a0 \u00a0 \u00a0 \u00a0 \u00a0 \u00a0 \u00a0 \u00a0 \u00a0 \u00a0 \u00a0 \u00a0 \u00a0 \u00a0 \u00a0 \u00a0 \u00a0 \u00a0 \u00a0 \u00a0 \u00a0 \u00a0 \u00a0 \u00a0 \u00a0 \u00a0 \u00a0 \u00a0 \u00a0 \u00a016 \u2013 Golpe do falso motoboy II \u00a0 \u00a0 \u00a0 \u00a0 \u00a0 \u00a0 \u00a0 \u00a0 \u00a0 \u00a0 \u00a0 \u00a0 \u00a0 \u00a0 \u00a0 \u00a0 \u00a0 \u00a0 \u00a0 \u00a0 \u00a0 \u00a0 \u00a0 \u00a0 \u00a0 \u00a0 \u00a0 \u00a0 \u00a0 \u00a0 \u00a0 \u00a0 \u00a0 \u00a0 \u00a0 \u00a0 \u00a0 \u00a0 \u00a0 \u00a0 \u00a0 \u00a0 \u00a0 \u00a0 \u00a0 \u00a0 \u00a0 \u00a0 \u00a0 \u00a0 \u00a0 \u00a0 \u00a0 \u00a0 \u00a0 \u00a0 \u00a0 \u00a0 \u00a0 \u00a0 \u00a0 \u00a0 \u00a0 \u00a0 \u00a017 \u2013 Barreira tecnolo\u0301gica \u00a0 \u00a0 \u00a0 \u00a0 \u00a0 \u00a0 \u00a0 \u00a0 \u00a0 \u00a0 \u00a0 \u00a0 \u00a0 \u00a0 \u00a0 \u00a0 \u00a0 \u00a0 \u00a0 \u00a0 \u00a0 \u00a0 \u00a0 \u00a0 \u00a0 \u00a0 \u00a0 \u00a0 \u00a0 \u00a0 \u00a0 \u00a0 \u00a0 \u00a0 \u00a0 \u00a0 \u00a0 \u00a0 \u00a0 \u00a0 \u00a0 \u00a0 \u00a0 \u00a0 \u00a0 \u00a0 \u00a0 \u00a0 \u00a0 \u00a0 \u00a0 \u00a0 \u00a0 \u00a0 \u00a0 \u00a0 \u00a0 \u00a0 \u00a0 \u00a0 \u00a0 \u00a0 \u00a0 \u00a0 \u00a0 \u00a0 \u00a0 \u00a0 \u00a0 \u00a018 \u2013 Precariedade no atendimento \u00a0 \u00a0 \u00a0 \u00a0 \u00a0 \u00a0 \u00a0 \u00a0 \u00a0 \u00a0 \u00a0 \u00a0 \u00a0 \u00a0 \u00a0 \u00a0 \u00a0 \u00a0 \u00a0 \u00a0 \u00a0 \u00a0 \u00a0 \u00a0 \u00a0 \u00a0 \u00a0 \u00a0 \u00a0 \u00a0 \u00a0 \u00a0 \u00a0 \u00a0 \u00a0 \u00a0 \u00a0 \u00a0 \u00a0 \u00a0 \u00a0 \u00a0 \u00a0 \u00a0 \u00a0 \u00a0 \u00a0 \u00a0 \u00a0 \u00a0 \u00a0 \u00a0 \u00a0 \u00a0 \u00a0 \u00a0 \u00a0 \u00a0 \u00a0 \u00a0 \u00a0 19 \u2013 Negativa de procedimento me\u0301dico pelo plano de sau\u0301de \u00a0 \u00a0 \u00a0 \u00a0 \u00a0 \u00a0 \u00a0 \u00a0 \u00a0 \u00a0 \u00a0 \u00a0 \u00a0 \u00a0 \u00a0 \u00a0 \u00a0 \u00a0 \u00a0 \u00a0 \u00a0 \u00a0 \u00a0 \u00a0 \u00a0 \u00a0 \u00a0 \u00a0 \u00a0 \u00a0 \u00a0 \u00a0 \u00a0 \u00a0 \u00a0 \u00a0 \u00a0 \u00a0 20 \u2013 Golpe do falso precato\u0301rio \u00a0 \u00a0 \u00a0 \u00a0 \u00a0 \u00a0 \u00a0 \u00a0 \u00a0 \u00a0 \u00a0 \u00a0 \u00a0 \u00a0 \u00a0 \u00a0 \u00a0 \u00a0 \u00a0 \u00a0 \u00a0 \u00a0 \u00a0 \u00a0 \u00a0 \u00a0 \u00a0 \u00a0 \u00a0 \u00a0 \u00a0 \u00a0 \u00a0 \u00a0 \u00a0 \u00a0 \u00a0 \u00a0 \u00a0 \u00a0 \u00a0 \u00a0 \u00a0 \u00a0 \u00a0 \u00a0 \u00a0 \u00a0 \u00a0 \u00a0 \u00a0 \u00a0 \u00a0 \u00a0 \u00a0 \u00a0 \u00a0 \u00a0 \u00a0 \u00a0 \u00a0 \u00a0 \u00a0 \u00a0 \u00a021 \u2013 Golpe do falso sequestro \u00a0 \u00a0 \u00a0 \u00a0 \u00a0 \u00a0 \u00a0 \u00a0 \u00a0 \u00a0 \u00a0 \u00a0 \u00a0 \u00a0 \u00a0 \u00a0 \u00a0 \u00a0 \u00a0 \u00a0 \u00a0 \u00a0 \u00a0 \u00a0 \u00a0 \u00a0 \u00a0 \u00a0 \u00a0 \u00a0 \u00a0 \u00a0 \u00a0 \u00a0 \u00a0 \u00a0 \u00a0 \u00a0 \u00a0 \u00a0 \u00a0 \u00a0 \u00a0 \u00a0 \u00a0 \u00a0 \u00a0 \u00a0 \u00a0 \u00a0 \u00a0 \u00a0 \u00a0 \u00a0 \u00a0 \u00a0 \u00a0 \u00a0 \u00a0 \u00a0 \u00a0 \u00a0 \u00a0 \u00a0 \u00a0 \u00a022 \u2013 Golpe do empre\u0301stimo consignado \u00a0 \u00a0 \u00a0 \u00a0 \u00a0 \u00a0 \u00a0 \u00a0 \u00a0 \u00a0 \u00a0 \u00a0 \u00a0 \u00a0 \u00a0 \u00a0 \u00a0 \u00a0 \u00a0 \u00a0 \u00a0 \u00a0 \u00a0 \u00a0 \u00a0 \u00a0 \u00a0 \u00a0 \u00a0 \u00a0 \u00a0 \u00a0 \u00a0 \u00a0 \u00a0 \u00a0 \u00a0 \u00a0 \u00a0 \u00a0 \u00a0 \u00a0 \u00a0 \u00a0 \u00a0 \u00a0 \u00a0 \u00a0 \u00a0 \u00a0 \u00a0 \u00a0 \u00a0 \u00a0 \u00a0 \u00a0 \u00a0 23 \u2013 Cabines de autoatendimento<\/p>\n<\/div>\n<\/div>\n<\/div>\n<div class=\"page\" title=\"Page 2\">\n<div class=\"layoutArea\">\n<div class=\"column\">\n<p>Dicas pra\u0301ticas de seguranc\u0327a nas relac\u0327o\u0303es de consumo para pessoas idosas &#8230;&#8230;&#8230;&#8230;&#8230;&#8230;&#8230;&#8230;&#8230;.. 73<\/p>\n<p>1 &#8211; Aumento excessivo de mensalidades de planos de sau\u0301de \u00a0 \u00a0 \u00a0 \u00a0 \u00a0 \u00a0 \u00a0 \u00a0 \u00a0 \u00a0 \u00a0 \u00a0 \u00a0 \u00a0 \u00a0 \u00a0 \u00a0 \u00a0 \u00a0 \u00a0 \u00a0 \u00a0 \u00a0 \u00a0 \u00a0 \u00a0 \u00a0 \u00a0 \u00a0 \u00a0 \u00a0 \u00a0 \u00a0 \u00a0 \u00a0 \u00a0 \u00a0 \u00a0 \u00a0 \u00a0 2 &#8211; Negativa de atendimento de planos de sau\u0301de \u00a0 \u00a0 \u00a0 \u00a0 \u00a0 \u00a0 \u00a0 \u00a0 \u00a0 \u00a0 \u00a0 \u00a0 \u00a0 \u00a0 \u00a0 \u00a0 \u00a0 \u00a0 \u00a0 \u00a0 \u00a0 \u00a0 \u00a0 \u00a0 \u00a0 \u00a0 \u00a0 \u00a0 \u00a0 \u00a0 \u00a0 \u00a0 \u00a0 \u00a0 \u00a0 \u00a0 \u00a0 \u00a0 \u00a0 \u00a0 \u00a0 \u00a0 \u00a0 \u00a0 \u00a0 \u00a0 \u00a0 \u00a0 \u00a0 \u00a03 &#8211; Rescisa\u0303o unilateral de planos de sau\u0301de<br \/>\n4 &#8211; Empre\u0301stimos consignados<br \/>\n5 &#8211; Golpes banca\u0301rios e ciberne\u0301ticos<\/p>\n<p><strong>CAPI\u0301TULO II<\/strong><\/p>\n<p>UM RAIO-X DOS GOLPES CONTRA A PESSOA IDOSA &#8230;..85<\/p>\n<p>Entendendo a engenharia social<br \/>\nMarcelo Nascimento<\/p>\n<p>1. O ma\u0301gico da conversa: o que e\u0301 Engenharia Social?<br \/>\n2. Por que no\u0301s, idosos, somos alvos?<br \/>\n3. As armas secretas dos golpistas: as emoc\u0327o\u0303es que eles exploram \u00a0 \u00a0 \u00a0 \u00a0 \u00a0 \u00a0 \u00a0 \u00a0 \u00a0 \u00a0 \u00a0 \u00a0 \u00a0 \u00a0 \u00a0 \u00a0 \u00a0 \u00a0 \u00a0 \u00a0 \u00a0 \u00a0 \u00a0 \u00a0 \u00a0 \u00a0 \u00a0 \u00a0 \u00a0 \u00a0 \u00a0 \u00a0 \u00a0 \u00a04. Como se defender: o Escudo da Sabedoria<br \/>\n5. O que fazer se acontecer?<\/p>\n<\/div>\n<\/div>\n<\/div>\n<div class=\"page\" title=\"Page 3\">\n<div class=\"layoutArea\">\n<div class=\"column\">\n<p>DICAS PRA\u0301TICAS PARA EVITAR GOLPES PELOS MEIOS DIGITAIS &#8230;&#8230;&#8230;&#8230;&#8230;&#8230;&#8230;&#8230;101<\/p>\n<p>Keli Stoyanow<\/p>\n<p><strong>CAPI\u0301TULO III<\/strong><\/p>\n<p>O CONSUMO INVISI\u0301VEL DOS 60+ &#8230;&#8230;&#8230;&#8230;&#8230;&#8230;&#8230;&#8230;&#8230;..107<\/p>\n<p>Reflexo\u0303es sobre letramento digital na velhice<br \/>\nAtender quem? Como?<br \/>\nAs principais questo\u0303es que afligem o consumidor idoso<br \/>\nA invisibilidade da pessoa idosa como consumidora<\/p>\n<p><strong>CAPI\u0301TULO IV<\/strong><\/p>\n<p>DIREITOS DA PESSOA IDOSA &#8230;&#8230;&#8230;&#8230;&#8230;&#8230;&#8230;&#8230;&#8230;&#8230;&#8230;&#8230;127<\/p>\n<p>Histo\u0301rico sobre o Co\u0301digo de Defesa do Consumidor Histo\u0301rico do Estatuto da Pessoa idosa<\/p>\n<p><strong>CAPI\u0301TULO V<\/strong><\/p>\n<p>AVANC\u0327OS NA PROTEC\u0327A\u0303O AO IDOSO &#8230;&#8230;&#8230;&#8230;&#8230;&#8230;&#8230;. 139<\/p>\n<p>Principais Projetos de Lei em tramitac\u0327a\u0303o no Congresso para Protec\u0327a\u0303o do Consumidor Idoso:<\/p>\n<p>1 &#8211; Projeto de Lei 554\/2024<br \/>\n2 &#8211; Projeto de Lei 1.448\/2024<br \/>\n3 &#8211; Projeto de Lei 74\/2023 (Senado)<br \/>\n4 \u2013 Projeto de Lei 895\/2021<br \/>\n5 \u2013 Projeto de Lei 2.036\/2024 (Senado)<\/p>\n<p><strong>CAPI\u0301TULO VI<\/strong><\/p>\n<p>NOVOS TEMPOS, NOVOS DESAFIOS &#8230;&#8230;&#8230;&#8230;&#8230;&#8230;&#8230;.. 149<\/p>\n<p>Como a IA pode impactar o dia a dia das pessoas idosas Desafios e barreiras<br \/>\nOportunidades e Soluc\u0327o\u0303es<\/p>\n<\/div>\n<\/div>\n<\/div>\n<div class=\"page\" title=\"Page 4\">\n<div class=\"layoutArea\">\n<div class=\"column\">\n<p>DEPOIMENTOS &#8230;&#8230;&#8230;&#8230;&#8230;&#8230;&#8230;&#8230;&#8230;&#8230;&#8230;&#8230;&#8230;&#8230;&#8230;&#8230;&#8230;&#8230;&#8230;&#8230;.155<\/p>\n<p>Golpe no posto de combusti\u0301vel<\/p>\n<p>Ma\u0301rcia Cabral<\/p>\n<p>O que escuto por ai\u0301&#8230;<\/p>\n<p>Ary Filler<\/p>\n<p>POSFA\u0301CIO &#8230;&#8230;&#8230;&#8230;&#8230;&#8230;&#8230;&#8230;&#8230;&#8230;&#8230;&#8230;&#8230;&#8230;&#8230;&#8230;&#8230;&#8230;&#8230;&#8230;&#8230;&#8230;&#8230;..171<\/p>\n<p>Informac\u0327a\u0303o ou (des)informac\u0327a\u0303o, a intelige\u0302ncia artificial e a pessoa idosa<br \/>\nEdna Pedroso Romanini<\/p>\n<\/div>\n<\/div>\n<div class=\"layoutArea\">\n<div class=\"column\"><\/div>\n<\/div>\n<\/div>\n<p>&nbsp;<\/p>\n<p><strong>Caracter\u00edsticas do Produto:<\/strong><\/p>\n<\/div>\n<\/div>\n<\/div>\n<\/div>\n<p>PESO: 280g<br \/>\nI.S.B.N.: 978-85-69350-71-2<br \/>\nALTURA: 23,00 cm<br \/>\nLARGURA: 16,00 cm<br \/>\nPROFUNDIDADE: 1,3 cm<br \/>\nN\u00daMERO DE P\u00c1GINAS: 172<br \/>\nIDIOMA: Portugu\u00eas<br \/>\nACABAMENTO: Brochura<br \/>\nC\u00d3D. BARRAS: 9788569350712<br \/>\nANO DA EDI\u00c7\u00c3O 2: 2025<br \/>\nAUTORAS: Andrea Mottola e Suely Tonarque<\/p>\n<\/div>\n<\/div>\n<\/div>\n<\/div>\n<\/div>\n<\/div>\n<\/div>\n<\/div>\n<\/div>\n<\/div>\n<\/div>\n<\/div>\n<\/div>\n<\/div>\n<\/div>\n<\/div>\n<\/div>\n<\/div>\n<\/div>\n<\/div>\n<\/div>\n<\/div>\n","protected":false},"excerpt":{"rendered":"<p>Em uma era onde a tecnologia avan\u00e7a a passos largos e a sociedade se transforma com rapidez, os desafios enfrentados pelos consumidores idosos tornam-se cada vez mais complexos e preocupantes. O livro &#8220;Golpes Contra as Pessoas Idosas: Como se Prevenir &#8211; Os Desafios do Consumidor Idoso na Atualidade&#8221;, organizado por Andrea Mottola e Suely Tonarque, surge como uma luz orientadora em meio a um cen\u00e1rio repleto de armadilhas e injusti\u00e7as.<\/p>\n<p>Golpes j\u00e1 s\u00e3o armadilhas cru\u00e9is para enganar pessoas que, na maioria das vezes, dependem de seus poucos recursos para sobreviv\u00eancia, quando aplicados em idosos, torna-se mais perverso ainda, devido a crescente vulnerabilidade dos idosos em nossa sociedade.<\/p>\n<p>O livro oferece uma an\u00e1lise detalhada e essencial dos golpes e fraudes que afetam essa parcela da popula\u00e7\u00e3o, explorando desde ass\u00e9dios banc\u00e1rios e fraudes em planos de sa\u00fade at\u00e9 golpes sofisticados como a clonagem de cart\u00f5es e fraudes na internet.<\/p>\n<p>A abordagem cuidadosa e informativa das autoras n\u00e3o se limita apenas \u00e0 identifica\u00e7\u00e3o desses crimes, mas tamb\u00e9m se dedica a oferecer estrat\u00e9gias de preven\u00e7\u00e3o e conscientiza\u00e7\u00e3o. Atrav\u00e9s de exemplos concretos e estudos de caso, o livro destaca os perigos reais que os idosos enfrentam e sugere formas pr\u00e1ticas de se proteger contra tais amea\u00e7as.<\/p>\n<p>Entre os t\u00f3picos abordados, destacam-se o ass\u00e9dio banc\u00e1rio, as pr\u00e1ticas abusivas por parte de operadoras de planos de sa\u00fade, os golpes de falso sequestro e os desafios impostos pela barreira tecnol\u00f3gica. A an\u00e1lise n\u00e3o poupa detalhes sobre a explora\u00e7\u00e3o de vulnerabilidades e os mecanismos utilizados para enganar e explorar os consumidores idosos.<\/p>\n<p>Al\u00e9m de examinar os golpes mais comuns, o livro tamb\u00e9m oferece uma vis\u00e3o cr\u00edtica sobre os desafios enfrentados pelos idosos, incluindo o aumento excessivo das mensalidades de planos de sa\u00fade e a negativa de atendimento. O exame dos principais projetos de lei em tramita\u00e7\u00e3o no Congresso para prote\u00e7\u00e3o do consumidor idoso \u00e9 uma adi\u00e7\u00e3o valiosa, fornecendo um panorama das iniciativas legislativas que visam melhorar a seguran\u00e7a e o bem-estar dos mais vulner\u00e1veis.<\/p>\n<p>A import\u00e2ncia desta obra \u00e9 muito grande, especialmente em tempos onde a informa\u00e7\u00e3o \u00e9 uma ferramenta crucial para a prote\u00e7\u00e3o e o empoderamento. A obra se estabelece como um guia indispens\u00e1vel para aqueles que buscam n\u00e3o apenas entender, mas combater e prevenir as pr\u00e1ticas predat\u00f3rias que afetam os idosos. Com uma abordagem acess\u00edvel e esclarecedora, representa um esfor\u00e7o louv\u00e1vel para garantir que a dignidade e a seguran\u00e7a dos consumidores idosos sejam respeitadas e protegidas.<\/p>\n<p>Andrea Mottola e Suely Tonarque proporcionam uma contribui\u00e7\u00e3o inestim\u00e1vel \u00e0 nossa compreens\u00e3o desses desafios e oferecem uma plataforma para que possamos todos trabalhar juntos em dire\u00e7\u00e3o a um futuro mais seguro e justo para nossos idosos.<\/p>\n<p>Luiza Helena Trajano<\/p>\n<p>Presidente do Conselho do Magazine Luiza e do Grupo Mulheres do Brasil<\/p>\n","protected":false},"featured_media":38193,"comment_status":"open","ping_status":"closed","template":"","meta":{"_bbp_topic_count":0,"_bbp_reply_count":0,"_bbp_total_topic_count":0,"_bbp_total_reply_count":0,"_bbp_voice_count":0,"_bbp_anonymous_reply_count":0,"_bbp_topic_count_hidden":0,"_bbp_reply_count_hidden":0,"_bbp_forum_subforum_count":0,"pmpro_default_level":""},"product_brand":[],"product_cat":[66,69],"product_tag":[70,68],"class_list":{"0":"post-27713","1":"product","2":"type-product","3":"status-publish","4":"has-post-thumbnail","6":"product_cat-livros","7":"product_cat-todos-livros","8":"product_tag-ebook","9":"product_tag-livros","10":"pmpro-has-access","12":"first","13":"instock","14":"shipping-taxable","15":"purchasable","16":"product-type-variable"},"_links":{"self":[{"href":"https:\/\/edicoes.portaldoenvelhecimento.com.br\/novo\/wp-json\/wp\/v2\/product\/27713","targetHints":{"allow":["GET"]}}],"collection":[{"href":"https:\/\/edicoes.portaldoenvelhecimento.com.br\/novo\/wp-json\/wp\/v2\/product"}],"about":[{"href":"https:\/\/edicoes.portaldoenvelhecimento.com.br\/novo\/wp-json\/wp\/v2\/types\/product"}],"replies":[{"embeddable":true,"href":"https:\/\/edicoes.portaldoenvelhecimento.com.br\/novo\/wp-json\/wp\/v2\/comments?post=27713"}],"version-history":[{"count":9,"href":"https:\/\/edicoes.portaldoenvelhecimento.com.br\/novo\/wp-json\/wp\/v2\/product\/27713\/revisions"}],"predecessor-version":[{"id":41125,"href":"https:\/\/edicoes.portaldoenvelhecimento.com.br\/novo\/wp-json\/wp\/v2\/product\/27713\/revisions\/41125"}],"wp:featuredmedia":[{"embeddable":true,"href":"https:\/\/edicoes.portaldoenvelhecimento.com.br\/novo\/wp-json\/wp\/v2\/media\/38193"}],"wp:attachment":[{"href":"https:\/\/edicoes.portaldoenvelhecimento.com.br\/novo\/wp-json\/wp\/v2\/media?parent=27713"}],"wp:term":[{"taxonomy":"product_brand","embeddable":true,"href":"https:\/\/edicoes.portaldoenvelhecimento.com.br\/novo\/wp-json\/wp\/v2\/product_brand?post=27713"},{"taxonomy":"product_cat","embeddable":true,"href":"https:\/\/edicoes.portaldoenvelhecimento.com.br\/novo\/wp-json\/wp\/v2\/product_cat?post=27713"},{"taxonomy":"product_tag","embeddable":true,"href":"https:\/\/edicoes.portaldoenvelhecimento.com.br\/novo\/wp-json\/wp\/v2\/product_tag?post=27713"}],"curies":[{"name":"wp","href":"https:\/\/api.w.org\/{rel}","templated":true}]}}