{"id":26129,"date":"2024-07-16T16:29:26","date_gmt":"2024-07-16T19:29:26","guid":{"rendered":"https:\/\/edicoes.portaldoenvelhecimento.com.br\/novo\/?post_type=product&#038;p=26129"},"modified":"2026-03-30T10:43:37","modified_gmt":"2026-03-30T13:43:37","slug":"inteligencia-artificial-no-dia-a-dia","status":"publish","type":"product","link":"https:\/\/edicoes.portaldoenvelhecimento.com.br\/novo\/produto\/inteligencia-artificial-no-dia-a-dia\/","title":{"rendered":"Intelig\u00eancia Artificial no Dia a Dia"},"content":{"rendered":"<p><strong>SERVI\u00c7O<\/strong><\/p>\n<p>&nbsp;<\/p>\n<div class=\"page\" title=\"Page 1\">\n<div class=\"section\">\n<div class=\"layoutArea\">\n<div class=\"column\">\n<p>QUEM FAZ O EDUCAMI\u0301DIA 60+<\/p>\n<p>O Instituto Palavra Aberta e\u0301 uma entidade sem fins lucrativos que advoga a causa da plena liberda- de de ideias, de pensamento e de opinio\u0303es. Promove a liberdade de expressa\u0303o, a liberdade de imprensa e a livre circulac\u0327a\u0303o de informac\u0327a\u0303o como pilares fundamentais para o desenvolvimento de uma sociedade forte e democra\u0301tica.<\/p>\n<p>www.60mais.educamidia.gov.br<\/p>\n<\/div>\n<\/div>\n<\/div>\n<\/div>\n","protected":false},"excerpt":{"rendered":"<p style=\"font-weight: 400;\">Voc\u00ea notou que o termo Intelig\u00eancia Artificial (IA) tem se tornado cada vez mais comum? Isso n\u00e3o \u00e9 por acaso. Essa tecnologia avan\u00e7ou significativamente desde 2023 e, em pouco tempo, vem transformando as maneiras como a sociedade produz e acessa informa\u00e7\u00f5es.<\/p>\n<p style=\"font-weight: 400;\">Mas, apesar da recente populariza\u00e7\u00e3o do termo, esta n\u00e3o \u00e9, propriamente, uma novidade. Tamb\u00e9m s\u00e3o uma forma de intelig\u00eancia artificial recursos como chatbots, aqueles rob\u00f4s que conversam conosco pelo telefone ou at\u00e9 mesmo WhatsApp, ajudando-nos a conferir saldo banc\u00e1rio ou agendar e cancelar consultas, por exemplo, a partir de um menu de op\u00e7\u00f5es que vamos escolhendo por meio das teclas do celular ou bot\u00f5es nas conversas. Ela tamb\u00e9m est\u00e1 presente nos chamados sistemas de personaliza\u00e7\u00e3o, que nos ajudam a encontrar os conte\u00fados que desejamos nas plataformas digitais, bem como nos sistemas de recomenda\u00e7\u00e3o, que nos sugere filmes e s\u00e9ries na Netflix.<\/p>\n<p style=\"font-weight: 400;\">Corretores ortogr\u00e1ficos e assistentes virtuais, como Siri e Alexa, tamb\u00e9m s\u00e3o formas de IA, que utilizam modelos de linguagem para se comunicar conosco ou facilitar nosso processo de escrita. Temos tamb\u00e9m o reconhecimento facial e a biometria, que s\u00e3o uma intelig\u00eancia artificial reativa, isto \u00e9, reage ao nos reconhecer, liberando acessos a espa\u00e7os f\u00edsicos ou digitais, e serve como guardi\u00e3s da nossa identidade.<\/p>\n<p style=\"font-weight: 400;\">No entanto, o que tem causado pol\u00eamica \u00e9 a chamada intelig\u00eancia artificial generativa (IAG) que pode gerar textos, imagens, v\u00eddeos, \u00e1udios e c\u00f3digos com base nas solicita\u00e7\u00f5es de um usu\u00e1rio. Normalmente se apresenta na forma de uma interface de bate-papo, como ChatGPT, LuzIA e Gemini. Ele funciona aprendendo padr\u00f5es a partir de uma base inicial de dados de treinamento, e continua aprendendo a partir dos comandos (prompts) inseridos pelo usu\u00e1rio.<\/p>\n<p style=\"font-weight: 400;\">Considerando as complexidades que envolvem a intelig\u00eancia artificial &#8211; um sistema computacional que simula a intelig\u00eancia humana para operar sites, apps, rob\u00f4s e outros ambientes ou equipamentos program\u00e1veis -, o EducaM\u00eddia 60+ entende ser necess\u00e1rio expandir a compreens\u00e3o sobre esse tema, para que tenhamos condi\u00e7\u00f5es de explorar essa ferramenta com \u00e9tica, responsabilidade e criticidade. Uma ferramenta em que, por tr\u00e1s dela, est\u00e3o sequ\u00eancias de instru\u00e7\u00f5es ou algoritmos que permitem que os computadores \u201caprendam\u201d a partir dos dados, sendo capazes de executar tarefas, entre as quais, gerar conte\u00fado.<\/p>\n<p><strong>Para baixar o arquivo, clique em \u00ab adicionar ao carrinho \u00bb, mas na\u0303o se preocupe, o site na\u0303o pedir\u00e1 nenhuma informac\u0327a\u0303o de pagamento!<\/strong><\/p>\n","protected":false},"featured_media":26130,"comment_status":"open","ping_status":"closed","template":"","meta":{"_bbp_topic_count":0,"_bbp_reply_count":0,"_bbp_total_topic_count":0,"_bbp_total_reply_count":0,"_bbp_voice_count":0,"_bbp_anonymous_reply_count":0,"_bbp_topic_count_hidden":0,"_bbp_reply_count_hidden":0,"_bbp_forum_subforum_count":0,"pmpro_default_level":""},"product_brand":[],"product_cat":[88],"product_tag":[70,87],"class_list":{"0":"post-26129","1":"product","2":"type-product","3":"status-publish","4":"has-post-thumbnail","6":"product_cat-e-books-gratis-2","7":"product_tag-ebook","8":"product_tag-e-books-gratis","9":"pmpro-has-access","11":"first","12":"instock","13":"downloadable","14":"virtual","15":"purchasable","16":"product-type-simple"},"_links":{"self":[{"href":"https:\/\/edicoes.portaldoenvelhecimento.com.br\/novo\/wp-json\/wp\/v2\/product\/26129","targetHints":{"allow":["GET"]}}],"collection":[{"href":"https:\/\/edicoes.portaldoenvelhecimento.com.br\/novo\/wp-json\/wp\/v2\/product"}],"about":[{"href":"https:\/\/edicoes.portaldoenvelhecimento.com.br\/novo\/wp-json\/wp\/v2\/types\/product"}],"replies":[{"embeddable":true,"href":"https:\/\/edicoes.portaldoenvelhecimento.com.br\/novo\/wp-json\/wp\/v2\/comments?post=26129"}],"version-history":[{"count":3,"href":"https:\/\/edicoes.portaldoenvelhecimento.com.br\/novo\/wp-json\/wp\/v2\/product\/26129\/revisions"}],"predecessor-version":[{"id":33883,"href":"https:\/\/edicoes.portaldoenvelhecimento.com.br\/novo\/wp-json\/wp\/v2\/product\/26129\/revisions\/33883"}],"wp:featuredmedia":[{"embeddable":true,"href":"https:\/\/edicoes.portaldoenvelhecimento.com.br\/novo\/wp-json\/wp\/v2\/media\/26130"}],"wp:attachment":[{"href":"https:\/\/edicoes.portaldoenvelhecimento.com.br\/novo\/wp-json\/wp\/v2\/media?parent=26129"}],"wp:term":[{"taxonomy":"product_brand","embeddable":true,"href":"https:\/\/edicoes.portaldoenvelhecimento.com.br\/novo\/wp-json\/wp\/v2\/product_brand?post=26129"},{"taxonomy":"product_cat","embeddable":true,"href":"https:\/\/edicoes.portaldoenvelhecimento.com.br\/novo\/wp-json\/wp\/v2\/product_cat?post=26129"},{"taxonomy":"product_tag","embeddable":true,"href":"https:\/\/edicoes.portaldoenvelhecimento.com.br\/novo\/wp-json\/wp\/v2\/product_tag?post=26129"}],"curies":[{"name":"wp","href":"https:\/\/api.w.org\/{rel}","templated":true}]}}