{"id":23535,"date":"2024-03-19T20:49:35","date_gmt":"2024-03-19T23:49:35","guid":{"rendered":"https:\/\/edicoes.portaldoenvelhecimento.com.br\/novo\/?post_type=product&#038;p=23535"},"modified":"2026-02-16T13:12:28","modified_gmt":"2026-02-16T16:12:28","slug":"gerontologia-social-na-puc-sp-legado-de-suzana-medeiros-aos-estudos-do-envelhecimento","status":"publish","type":"product","link":"https:\/\/edicoes.portaldoenvelhecimento.com.br\/novo\/produto\/gerontologia-social-na-puc-sp-legado-de-suzana-medeiros-aos-estudos-do-envelhecimento\/","title":{"rendered":"Gerontologia Social na PUC-SP &#8211; Legado de Suzana Medeiros aos Estudos do Envelhecimento"},"content":{"rendered":"<div class=\"page\" title=\"Page 1\">\n<div class=\"layoutArea\">\n<div class=\"column\">\n<p><strong>SUMA\u0301RIO<\/strong><\/p>\n<\/div>\n<\/div>\n<div class=\"layoutArea\">\n<div class=\"column\">\n<p>Apresentac\u0327a\u0303o &#8230;&#8230;&#8230;&#8230;&#8230;&#8230;&#8230;&#8230;&#8230;&#8230;&#8230;&#8230;&#8230;&#8230;&#8230;&#8230;&#8230;&#8230;&#8230;&#8230;&#8230;&#8230;&#8230;&#8230;&#8230;&#8230;&#8230;&#8230;&#8230;&#8230;&#8230;&#8230;&#8230;&#8230;&#8230;&#8230;&#8230;&#8230; 8<\/p>\n<p>Suzana Medeiros: sem perder a ternura jamais<br \/>\nRuth Gelehrter da Costa Lopes, Beltrina Co\u0302rte e Vera Branda\u0303o<\/p>\n<p>Prefa\u0301cio &#8230;&#8230;&#8230;&#8230;&#8230;&#8230;&#8230;&#8230;&#8230;&#8230;&#8230;&#8230;&#8230;&#8230;&#8230;&#8230;&#8230;&#8230;&#8230;&#8230;&#8230;&#8230;&#8230;&#8230;&#8230;&#8230;&#8230;&#8230;&#8230;&#8230;&#8230;&#8230;&#8230;&#8230;&#8230;&#8230;&#8230;&#8230;&#8230;&#8230;.. 24<\/p>\n<p>\u201cSuzana Medeiros: reflexa\u0303o de uma vida dedicada ao conhecimento Salvador Antonio Mireles Sandoval<\/p>\n<p>Bolinha de Saba\u0303o &#8230;&#8230;&#8230;&#8230;&#8230;&#8230;&#8230;&#8230;&#8230;&#8230;&#8230;&#8230;&#8230;&#8230;&#8230;&#8230;&#8230;&#8230;&#8230;&#8230;&#8230;&#8230;&#8230;&#8230;&#8230;&#8230;&#8230;&#8230;&#8230;&#8230;&#8230;&#8230;&#8230;&#8230;.. 29<\/p>\n<p>Ana Bre\u0302tas<\/p>\n<p><strong>PRIMEIRA PARTE: O LEGADO<\/strong><\/p>\n<p>O legado de Suzana Medeiros para a Gerontologia Social &#8230;&#8230;&#8230;&#8230;&#8230;&#8230;&#8230;&#8230;&#8230; 34<\/p>\n<p>Vera Branda\u0303o e Beltrina Co\u0302rte<\/p>\n<p>Filosofia para geronto\u0301logos \u2013 um relato &#8230;&#8230;&#8230;&#8230;&#8230;&#8230;&#8230;&#8230;&#8230;&#8230;&#8230;&#8230;&#8230;&#8230;&#8230;&#8230;&#8230;&#8230;&#8230;&#8230; 61<\/p>\n<p>Salma Tannus Muchail<\/p>\n<p>A informac\u0327a\u0303o, fundamental para o longeviver: a criac\u0327a\u0303o da revista Kairo\u0301s e do Portal do Envelhecimento &#8230;&#8230;&#8230;&#8230;&#8230;&#8230;&#8230;&#8230;&#8230;&#8230;&#8230;&#8230;&#8230;&#8230;&#8230;&#8230;&#8230;&#8230;&#8230;&#8230;&#8230;&#8230;&#8230;&#8230;&#8230;.. 70<\/p>\n<p>Vera Branda\u0303o, Beltrina Co\u0302rte e Ruth Gelehrter da Costa Lopes<\/p>\n<p>A Velhice Insubmissa: vulnerabilidade e resiste\u0302ncia &#8230;&#8230;&#8230;&#8230;&#8230;&#8230;&#8230;&#8230;&#8230;&#8230;&#8230;&#8230;.. 101<\/p>\n<p>Guita Grin Debert e Jorge Felix<\/p>\n<p>Idosas Protagonistas e Exerci\u0301cio da Cidadania &#8230;&#8230;&#8230;&#8230;&#8230;&#8230;&#8230;&#8230;&#8230;&#8230;&#8230;&#8230;&#8230;&#8230;&#8230;.. 123<\/p>\n<p>Nadia Dumara Ruiz Silveira, Flami\u0301nia Manzano Moreira Lodovici e Claudia Galvani<\/p>\n<p>6. Negras Velhices: o estudo do processo de envelhecimento da populac\u0327a\u0303o negra em um programa de po\u0301s-graduac\u0327a\u0303o na PUC\/SP &#8211; a contribuic\u0327a\u0303o da profa. Suzana Medeiros &#8230;&#8230;&#8230;&#8230;&#8230;&#8230;&#8230;&#8230;&#8230;&#8230;&#8230;&#8230; 152<\/p>\n<p>Isidoro Cruz Neto, Suelma Ine\u0302s de Deus Branco e Ruth Gelehrter da Costa Lopes<\/p>\n<div class=\"page\" title=\"Page 1\">\n<div class=\"section\">\n<div class=\"layoutArea\">\n<div class=\"column\">\n<p>7. A Problema\u0301tica Geracional: a longevidade e\u0301 uma conquista e um desafio considera\u0301vel para ma\u0303es e filhos adultos, que convivem com a distrofia muscular de Duchenne e que esta\u0303o envelhecendo lado a lado &#8230;&#8230;&#8230;&#8230;&#8230;&#8230;&#8230;&#8230;&#8230;&#8230;&#8230;&#8230;&#8230;&#8230;&#8230;&#8230;&#8230;&#8230;&#8230;&#8230;&#8230;&#8230;&#8230;&#8230;&#8230;&#8230;&#8230;&#8230;&#8230;&#8230;&#8230;&#8230;&#8230;&#8230;&#8230;&#8230;&#8230;&#8230;&#8230;&#8230;&#8230;&#8230;&#8230;&#8230;&#8230;&#8230;&#8230;.. 171<\/p>\n<p>Bernadete de Oliveira<\/p>\n<p><strong>SEGUNDA PARTE: AS PRA\u0301TICAS<\/strong><\/p>\n<p>8. A institucionalizac\u0327a\u0303o com possibilidades de concretizac\u0327a\u0303o de fazeres &#8230;&#8230;&#8230;&#8230;&#8230;&#8230;&#8230;&#8230;&#8230;&#8230; 187<\/p>\n<p>Maria Ame\u0301lia Ximenes e Beltrina Co\u0302rte<\/p>\n<p>9. A psicoterapia de grupo em idosos: uma possibilidade de resgate e ressignificac\u0327a\u0303o de fragmentos de vida &#8230;&#8230;&#8230;&#8230;&#8230;&#8230;&#8230;&#8230;&#8230;&#8230;&#8230;&#8230;&#8230;&#8230;&#8230;&#8230;&#8230;&#8230;&#8230;&#8230;&#8230;&#8230;&#8230;&#8230;&#8230;&#8230;&#8230;&#8230;&#8230;&#8230;&#8230;&#8230;&#8230;&#8230;&#8230;&#8230;&#8230;&#8230;&#8230;&#8230;&#8230;&#8230;&#8230;&#8230;. 213<\/p>\n<p>Ana Carolina de Oliveira Costa e Dorli Kamkhagi<\/p>\n<p>10. A velhice sob impacto de doenc\u0327as cro\u0302nicas: a importa\u0302ncia do suporte social &#8230;&#8230;&#8230;&#8230;&#8230;&#8230;. 239<\/p>\n<p>Suzana Carielo da Fonseca<\/p>\n<p>11. Transformac\u0327o\u0303es necessa\u0301rias nos ordenamentos situacionais diante das expectativas das pessoas idosas deste tempo &#8230;&#8230;&#8230;&#8230;&#8230;&#8230;&#8230;&#8230;&#8230;&#8230;&#8230;&#8230;&#8230;&#8230;&#8230;&#8230;&#8230;&#8230;&#8230;&#8230;&#8230;&#8230;&#8230;&#8230;&#8230;&#8230;&#8230;&#8230;&#8230;&#8230;&#8230;&#8230;&#8230;&#8230;&#8230; 280<\/p>\n<p>Lilian Avivia Lubochinski<\/p>\n<p>12. Envelhecimento e contadores de histo\u0301rias &#8230;&#8230;&#8230;&#8230;&#8230;&#8230;&#8230;&#8230;&#8230;&#8230;&#8230;&#8230;&#8230;&#8230;&#8230;&#8230;&#8230;&#8230;&#8230;&#8230;.. 296<\/p>\n<p>Maria de Fa\u0301tima de Jesus Agostinho Ferreira e Ruth Gelehrter da Costa Lopes<\/p>\n<p>13. Pra\u0301ticas dialo\u0301gicas consensuais fundamentadas no enfoque interdisciplinar para a promoc\u0327a\u0303o de Poli\u0301ticas Pu\u0301blicas de Protec\u0327a\u0303o &#8230;&#8230;&#8230;&#8230;&#8230;&#8230;&#8230;&#8230;&#8230;&#8230;&#8230;&#8230;&#8230;&#8230;&#8230;&#8230;&#8230;&#8230;&#8230;&#8230;&#8230;&#8230;&#8230;&#8230;&#8230;&#8230;&#8230;&#8230;&#8230;&#8230;&#8230;. 322<\/p>\n<p>Alessandra Negra\u0303o Elias Martins e Nadia D. R. Silveira<\/p>\n<p>AUTORES &#8230;&#8230;&#8230;&#8230;&#8230;&#8230;&#8230;&#8230;&#8230;&#8230;&#8230;&#8230;&#8230;&#8230;&#8230;&#8230;&#8230;&#8230;&#8230;&#8230;&#8230;&#8230;&#8230;&#8230;&#8230;&#8230;&#8230;&#8230;&#8230;&#8230;&#8230;&#8230;&#8230;&#8230;&#8230;&#8230;&#8230;&#8230;&#8230;&#8230;&#8230;..347<\/p>\n<\/div>\n<\/div>\n<\/div>\n<\/div>\n<\/div>\n<\/div>\n<\/div>\n","protected":false},"excerpt":{"rendered":"<p>A colet\u00e2nea \u201cGerontologia Social na PUC-SP, legado de Suzana Medeiros\u201d, homenageia a Professora Em\u00e9rita da PUC-SP, atrav\u00e9s de depoimentos de professores e ex-alunos que vivenciaram o Programa de Estudos P\u00f3s-Graduados em Gerontologia, um dos pioneiros do pa\u00eds na perspectiva social, da Pontif\u00edcia Universidade Cat\u00f3lica de S\u00e3o Paulo (1997-2019).<\/p>\n<p>A todos que com ela conviveram, legou a postura respons\u00e1vel, \u00e9tica e engajada no campo inicial (\u00e0 epoca) dos estudos sobre envelhecimento como fen\u00f4meno complexo, no contexto social amplo. Aprendemos que a educa\u00e7\u00e3o deve ter como premissa o di\u00e1logo \u2013 n\u00e3o s\u00f3 transfer\u00eancia de saberes \u2013 como encontro de sujeitos que buscam, na troca solid\u00e1ria, experi\u00eancias e saberes, valorizando as experi\u00eancias e projetos de vida-trabalho.<\/p>\n<p>A leitura dos muitos artigos que comp\u00f5em esta colet\u00e2nea desenha o percurso de reconhecimento, como proposto pelo fil\u00f3sofo franc\u00eas Paul Ricouer (1913-2005), na obra de mesmo nome, como processo de constru\u00e7\u00e3o identit\u00e1ria. Segundo o autor, os processos de reconhecimento de si e do reconhecimento m\u00fatuo, que formam as bases das culturas, surgem das inter-rela\u00e7\u00f5es e reciprocidades estabelecidas entre os indiv\u00edduos e os grupos \u2013 nos atos de dar e receber.<\/p>\n<p>Observamos que este \u201cdom\u201d da troca &#8211; t\u00e3o bem estudada pelos antrop\u00f3logos, com o qual deparamos nos trabalhos que aqui se apresentam, \u00e9 pleno de sentidos ligados aos valores \u00e9ticos, morais e jur\u00eddicos, princ\u00edpios que regem e organizam a vida social. Neste processo, os indiv\u00edduos passam de um momento individual e solit\u00e1rio de reconhecimento de si, para um reconhecimento do outro &#8211; estabelecido nas rela\u00e7\u00f5es de reciprocidade das trocas e escutas sens\u00edveis. Despojadas da hierarquia professor-aluno, o reconhecimento m\u00fatuo \u2013 reconhe\u00e7o\/ sou reconhecido &#8211; se apresenta como uma partilha natural. Assim reconhecemos a mestra Suzana Medeiros.<\/p>\n<p>&nbsp;<\/p>\n<p><strong>Para baixar o arquivo, clique em \u00ab adicionar ao carrinho \u00bb, mas na\u0303o se preocupe, o site na\u0303o pedir\u00e1 nenhuma informac\u0327a\u0303o de pagamento!<\/strong><\/p>\n","protected":false},"featured_media":23536,"comment_status":"open","ping_status":"closed","template":"","meta":{"_bbp_topic_count":0,"_bbp_reply_count":0,"_bbp_total_topic_count":0,"_bbp_total_reply_count":0,"_bbp_voice_count":0,"_bbp_anonymous_reply_count":0,"_bbp_topic_count_hidden":0,"_bbp_reply_count_hidden":0,"_bbp_forum_subforum_count":0,"pmpro_default_level":""},"product_brand":[],"product_cat":[88],"product_tag":[70,87],"class_list":{"0":"post-23535","1":"product","2":"type-product","3":"status-publish","4":"has-post-thumbnail","6":"product_cat-e-books-gratis-2","7":"product_tag-ebook","8":"product_tag-e-books-gratis","9":"pmpro-has-access","11":"first","12":"instock","13":"downloadable","14":"virtual","15":"purchasable","16":"product-type-simple"},"_links":{"self":[{"href":"https:\/\/edicoes.portaldoenvelhecimento.com.br\/novo\/wp-json\/wp\/v2\/product\/23535","targetHints":{"allow":["GET"]}}],"collection":[{"href":"https:\/\/edicoes.portaldoenvelhecimento.com.br\/novo\/wp-json\/wp\/v2\/product"}],"about":[{"href":"https:\/\/edicoes.portaldoenvelhecimento.com.br\/novo\/wp-json\/wp\/v2\/types\/product"}],"replies":[{"embeddable":true,"href":"https:\/\/edicoes.portaldoenvelhecimento.com.br\/novo\/wp-json\/wp\/v2\/comments?post=23535"}],"version-history":[{"count":4,"href":"https:\/\/edicoes.portaldoenvelhecimento.com.br\/novo\/wp-json\/wp\/v2\/product\/23535\/revisions"}],"predecessor-version":[{"id":33886,"href":"https:\/\/edicoes.portaldoenvelhecimento.com.br\/novo\/wp-json\/wp\/v2\/product\/23535\/revisions\/33886"}],"wp:featuredmedia":[{"embeddable":true,"href":"https:\/\/edicoes.portaldoenvelhecimento.com.br\/novo\/wp-json\/wp\/v2\/media\/23536"}],"wp:attachment":[{"href":"https:\/\/edicoes.portaldoenvelhecimento.com.br\/novo\/wp-json\/wp\/v2\/media?parent=23535"}],"wp:term":[{"taxonomy":"product_brand","embeddable":true,"href":"https:\/\/edicoes.portaldoenvelhecimento.com.br\/novo\/wp-json\/wp\/v2\/product_brand?post=23535"},{"taxonomy":"product_cat","embeddable":true,"href":"https:\/\/edicoes.portaldoenvelhecimento.com.br\/novo\/wp-json\/wp\/v2\/product_cat?post=23535"},{"taxonomy":"product_tag","embeddable":true,"href":"https:\/\/edicoes.portaldoenvelhecimento.com.br\/novo\/wp-json\/wp\/v2\/product_tag?post=23535"}],"curies":[{"name":"wp","href":"https:\/\/api.w.org\/{rel}","templated":true}]}}

<p>A coletânea “Gerontologia Social na PUC-SP, legado de Suzana Medeiros”, homenageia a Professora Emérita da PUC-SP, através de depoimentos de professores e ex-alunos que vivenciaram o Programa de Estudos Pós-Graduados em Gerontologia, um dos pioneiros do país na perspectiva social, da Pontifícia Universidade Católica de São Paulo (1997-2019).</p>
<p>A todos que com ela conviveram, legou a postura responsável, ética e engajada no campo inicial (à epoca) dos estudos sobre envelhecimento como fenômeno complexo, no contexto social amplo. Aprendemos que a educação deve ter como premissa o diálogo – não só transferência de saberes – como encontro de sujeitos que buscam, na troca solidária, experiências e saberes, valorizando as experiências e projetos de vida-trabalho.</p>
<p>A leitura dos muitos artigos que compõem esta coletânea desenha o percurso de reconhecimento, como proposto pelo filósofo francês Paul Ricouer (1913-2005), na obra de mesmo nome, como processo de construção identitária. Segundo o autor, os processos de reconhecimento de si e do reconhecimento mútuo, que formam as bases das culturas, surgem das inter-relações e reciprocidades estabelecidas entre os indivíduos e os grupos – nos atos de dar e receber.</p>
<p>Observamos que este “dom” da troca &#8211; tão bem estudada pelos antropólogos, com o qual deparamos nos trabalhos que aqui se apresentam, é pleno de sentidos ligados aos valores éticos, morais e jurídicos, princípios que regem e organizam a vida social. Neste processo, os indivíduos passam de um momento individual e solitário de reconhecimento de si, para um reconhecimento do outro &#8211; estabelecido nas relações de reciprocidade das trocas e escutas sensíveis. Despojadas da hierarquia professor-aluno, o reconhecimento mútuo – reconheço/ sou reconhecido &#8211; se apresenta como uma partilha natural. Assim reconhecemos a mestra Suzana Medeiros.</p>
<p>&nbsp;</p>
<p><strong>Para baixar o arquivo, clique em « adicionar ao carrinho », mas não se preocupe, o site não pedirá nenhuma informação de pagamento!</strong></p>
