{"id":19394,"date":"2024-07-12T13:39:58","date_gmt":"2024-07-12T16:39:58","guid":{"rendered":"https:\/\/edicoes.portaldoenvelhecimento.com.br\/novo\/?post_type=product&#038;p=19394"},"modified":"2025-12-02T02:17:08","modified_gmt":"2025-12-02T05:17:08","slug":"empregabilidade-50-estrategias-e-informacoes-para-uma-carreira-de-sucesso-na-maturidade","status":"publish","type":"product","link":"https:\/\/edicoes.portaldoenvelhecimento.com.br\/novo\/produto\/empregabilidade-50-estrategias-e-informacoes-para-uma-carreira-de-sucesso-na-maturidade\/","title":{"rendered":"Empregabilidade 50+ Estrat\u00e9gias para uma Carreira de Sucesso na Maturidade"},"content":{"rendered":"<div class=\"page\" title=\"Page 1\">\n<div class=\"layoutArea\">\n<div class=\"column\">\n<div class=\"layoutArea\">\n<div class=\"column\">\n<div class=\"page\" title=\"Page 1\">\n<div class=\"layoutArea\">\n<div class=\"column\">\n<div class=\"page\" title=\"Page 1\">\n<div class=\"layoutArea\">\n<div class=\"column\">\n<div class=\"page\" title=\"Page 1\">\n<div class=\"layoutArea\">\n<div class=\"column\">\n<div class=\"page\" title=\"Page 1\">\n<div class=\"layoutArea\">\n<div class=\"column\">\n<div class=\"page\" title=\"Page 1\">\n<div class=\"layoutArea\">\n<div class=\"column\">\n<div class=\"layoutArea\">\n<div class=\"column\">\n<div class=\"column\">\n<p><strong>SUM\u00c1RIO<\/strong><\/p>\n<\/div>\n<p><strong>Apresenta\u00e7\u00e3o<\/strong><\/p>\n<p><strong>Pref\u00e1cio<\/strong><\/p>\n<p><strong>Introdu\u00e7\u00e3o<\/strong><\/p>\n<p><strong>CAP\u00cdTULO 1 &#8211; <\/strong>Est\u00edmulos \u00e0 empregabilidade 50+<\/p>\n<p>10 passos para superar o choque de uma demiss\u00e3o<\/p>\n<p>11 dicas para encontrar um emprego ap\u00f3s os 50 anos<\/p>\n<p>3 dicas de como conseguir um novo emprego quando voc\u00ea tem mais de 50 anos.<\/p>\n<p>4 dicas para ter uma linguagem inclusiva e precisa em seu dia a dia<\/p>\n<p>&nbsp;<\/p>\n<p><strong>CAP\u00cdTULO 2<\/strong> \u2013 A pot\u00eancia que merece respeito<\/p>\n<p>Al\u00f4 RH! Sabe o que n\u00f3s, s\u00eaniores, valorizamos no trabalho?<\/p>\n<p><em>Work for Tomorrow<\/em> \u2013 a\u00e7\u00f5es para fortalecer a for\u00e7a de trabalho 50+<\/p>\n<p>Raz\u00f5es para incluir os trabalhadores 50+ nas equipes de trabalho<\/p>\n<p>Eu quero que n\u00e3o me discriminem no trabalho<\/p>\n<p>&nbsp;<\/p>\n<p><strong>CAP\u00cdTULO 3<\/strong> &#8211; A empregabilidade s\u00eanior levada a s\u00e9rio<\/p>\n<p>A import\u00e2ncia do Estado na inclus\u00e3o do trabalhador 50+ no mercado de trabalho<\/p>\n<p><em>Chief Elder Officer<\/em> \u2013 a fun\u00e7\u00e3o que conecta seniores ao interesse da empresa<\/p>\n<p>Empresas europeias praticam inclus\u00e3o et\u00e1ria no trabalho h\u00e1 mais de 30 anos<\/p>\n<p>Empresas que rompem o idadismo em suas for\u00e7as de trabalho<\/p>\n<p>Sabia que h\u00e1 normas ISO para o trabalho <em>age-inclusive<\/em>?<\/p>\n<p>A longevidade da empresa e do trabalhador devem ser igualmente reverenciadas.<\/p>\n<p>Prote\u00e7\u00e3o ao trabalhador s\u00eanior no Canad\u00e1 \u00e9 coisa s\u00e9ria<\/p>\n<p>&nbsp;<\/p>\n<p><strong>Considera\u00e7\u00f5es finais e convite \u00e0 reflex\u00e3o<\/strong><\/p>\n<p>&nbsp;<\/p>\n<p><strong>Caracter\u00edsticas do Produto:<\/strong><br \/>\nPESO: 0,350 Kg<br \/>\nI.S.B.N.: 978-85-69350-58-3<br \/>\nALTURA: 23,00 cm<br \/>\nLARGURA: 16,00 cm<br \/>\nPROFUNDIDADE: 1,0 cm<br \/>\nN\u00daMERO DE P\u00c1GINAS: 168<br \/>\nIDIOMA: Portugu\u00eas<br \/>\nACABAMENTO: Brochura<br \/>\nC\u00d3D. BARRAS: 9788569350583<br \/>\nANO DA EDI\u00c7\u00c3O: 2023<br \/>\nAutora: S\u00edlvia Triboni<\/p>\n<\/div>\n<\/div>\n<\/div>\n<\/div>\n<\/div>\n<\/div>\n<\/div>\n<\/div>\n<\/div>\n<\/div>\n<\/div>\n<\/div>\n<\/div>\n<\/div>\n<\/div>\n<\/div>\n<\/div>\n<\/div>\n<\/div>\n<\/div>\n<\/div>\n<\/div>\n","protected":false},"excerpt":{"rendered":"<p>A idade n\u00e3o \u00e9 uma barreira para o aprendizado e o crescimento profissional constante, raz\u00e3o pela qual decidi publicar este livro que tem como objetivo estimular o conhecimento e a reflex\u00e3o sobre temas importantes para aqueles que est\u00e3o em busca de novas oportunidades no mercado de trabalho ou desejam se atualizar em temas relacionados \u00e0 empregabilidade s\u00eanior. Estamos vivenciando uma verdadeira revolu\u00e7\u00e3o demogr\u00e1fica, com significativas transforma\u00e7\u00f5es sociais, que repercutem em todos os setores da sociedade. Estima-se que o n\u00famero de pessoas com mais de 60 anos duplique at\u00e9 2050 e mais do que triplique at\u00e9 2100. E mais: globalmente, o n\u00famero de pessoas com 80 anos ou mais dever\u00e1 triplicar at\u00e9 2050, passando para 425 milh\u00f5es. Tais fatos nos obriga a uma prepara\u00e7\u00e3o individual e coletiva para que estas d\u00e9cadas extras de vida sejam plenas de sa\u00fade, vigor e realiza\u00e7\u00f5es de tudo aquilo que almejarmos. O cont\u00ednuo aprimoramento \u00e9, em minha opini\u00e3o, condi\u00e7\u00e3o para a realiza\u00e7\u00e3o de todos os nossos objetivos e sonhos atuais, antigos e futuros. Por esta raz\u00e3o, neste livro apresento artigos com dicas e est\u00edmulos \u00e0 empregabilidade e boas pr\u00e1ticas no \u00e2mbito do trabalho para as pessoas 50+, uma vez que, nos dias de hoje, manter-se ou ser admitido para uma vaga de trabalho \u00e9 uma preocupa\u00e7\u00e3o crescente para muitos trabalhadores.<\/p>\n<p>&nbsp;<\/p>\n","protected":false},"featured_media":19397,"comment_status":"open","ping_status":"closed","template":"","meta":{"_bbp_topic_count":0,"_bbp_reply_count":0,"_bbp_total_topic_count":0,"_bbp_total_reply_count":0,"_bbp_voice_count":0,"_bbp_anonymous_reply_count":0,"_bbp_topic_count_hidden":0,"_bbp_reply_count_hidden":0,"_bbp_forum_subforum_count":0,"pmpro_default_level":""},"product_brand":[],"product_cat":[66,69],"product_tag":[70,68],"class_list":{"0":"post-19394","1":"product","2":"type-product","3":"status-publish","4":"has-post-thumbnail","6":"product_cat-livros","7":"product_cat-todos-livros","8":"product_tag-ebook","9":"product_tag-livros","10":"pmpro-has-access","12":"first","13":"instock","14":"shipping-taxable","15":"purchasable","16":"product-type-variable"},"_links":{"self":[{"href":"https:\/\/edicoes.portaldoenvelhecimento.com.br\/novo\/wp-json\/wp\/v2\/product\/19394","targetHints":{"allow":["GET"]}}],"collection":[{"href":"https:\/\/edicoes.portaldoenvelhecimento.com.br\/novo\/wp-json\/wp\/v2\/product"}],"about":[{"href":"https:\/\/edicoes.portaldoenvelhecimento.com.br\/novo\/wp-json\/wp\/v2\/types\/product"}],"replies":[{"embeddable":true,"href":"https:\/\/edicoes.portaldoenvelhecimento.com.br\/novo\/wp-json\/wp\/v2\/comments?post=19394"}],"version-history":[{"count":5,"href":"https:\/\/edicoes.portaldoenvelhecimento.com.br\/novo\/wp-json\/wp\/v2\/product\/19394\/revisions"}],"predecessor-version":[{"id":37855,"href":"https:\/\/edicoes.portaldoenvelhecimento.com.br\/novo\/wp-json\/wp\/v2\/product\/19394\/revisions\/37855"}],"wp:featuredmedia":[{"embeddable":true,"href":"https:\/\/edicoes.portaldoenvelhecimento.com.br\/novo\/wp-json\/wp\/v2\/media\/19397"}],"wp:attachment":[{"href":"https:\/\/edicoes.portaldoenvelhecimento.com.br\/novo\/wp-json\/wp\/v2\/media?parent=19394"}],"wp:term":[{"taxonomy":"product_brand","embeddable":true,"href":"https:\/\/edicoes.portaldoenvelhecimento.com.br\/novo\/wp-json\/wp\/v2\/product_brand?post=19394"},{"taxonomy":"product_cat","embeddable":true,"href":"https:\/\/edicoes.portaldoenvelhecimento.com.br\/novo\/wp-json\/wp\/v2\/product_cat?post=19394"},{"taxonomy":"product_tag","embeddable":true,"href":"https:\/\/edicoes.portaldoenvelhecimento.com.br\/novo\/wp-json\/wp\/v2\/product_tag?post=19394"}],"curies":[{"name":"wp","href":"https:\/\/api.w.org\/{rel}","templated":true}]}}

Empregabilidade 50+ Estratégias para uma Carreira de Sucesso na Maturidade

<div class="page" title="Page 1">
<div class="layoutArea">
<div class="column">
<div class="layoutArea">
<div class="column">
<div class="page" title="Page 1">
<div class="layoutArea">
<div class="column">
<div class="page" title="Page 1">
<div class="layoutArea">
<div class="column">
<div class="page" title="Page 1">
<div class="layoutArea">
<div class="column">
<div class="page" title="Page 1">
<div class="layoutArea">
<div class="column">
<div class="page" title="Page 1">
<div class="layoutArea">
<div class="column">
<div class="layoutArea">
<div class="column">
<div class="column">
<p><strong>SUMÁRIO</strong></p>
</div>
<p><strong>Apresentação</strong></p>
<p><strong>Prefácio</strong></p>
<p><strong>Introdução</strong></p>
<p><strong>CAPÍTULO 1 &#8211; </strong>Estímulos à empregabilidade 50+</p>
<p>10 passos para superar o choque de uma demissão</p>
<p>11 dicas para encontrar um emprego após os 50 anos</p>
<p>3 dicas de como conseguir um novo emprego quando você tem mais de 50 anos.</p>
<p>4 dicas para ter uma linguagem inclusiva e precisa em seu dia a dia</p>
<p>&nbsp;</p>
<p><strong>CAPÍTULO 2</strong> – A potência que merece respeito</p>
<p>Alô RH! Sabe o que nós, sêniores, valorizamos no trabalho?</p>
<p><em>Work for Tomorrow</em> – ações para fortalecer a força de trabalho 50+</p>
<p>Razões para incluir os trabalhadores 50+ nas equipes de trabalho</p>
<p>Eu quero que não me discriminem no trabalho</p>
<p>&nbsp;</p>
<p><strong>CAPÍTULO 3</strong> &#8211; A empregabilidade sênior levada a sério</p>
<p>A importância do Estado na inclusão do trabalhador 50+ no mercado de trabalho</p>
<p><em>Chief Elder Officer</em> – a função que conecta seniores ao interesse da empresa</p>
<p>Empresas europeias praticam inclusão etária no trabalho há mais de 30 anos</p>
<p>Empresas que rompem o idadismo em suas forças de trabalho</p>
<p>Sabia que há normas ISO para o trabalho <em>age-inclusive</em>?</p>
<p>A longevidade da empresa e do trabalhador devem ser igualmente reverenciadas.</p>
<p>Proteção ao trabalhador sênior no Canadá é coisa séria</p>
<p>&nbsp;</p>
<p><strong>Considerações finais e convite à reflexão</strong></p>
<p>&nbsp;</p>
<p><strong>Características do Produto:</strong><br />
PESO: 0,350 Kg<br />
I.S.B.N.: 978-85-69350-58-3<br />
ALTURA: 23,00 cm<br />
LARGURA: 16,00 cm<br />
PROFUNDIDADE: 1,0 cm<br />
NÚMERO DE PÁGINAS: 168<br />
IDIOMA: Português<br />
ACABAMENTO: Brochura<br />
CÓD. BARRAS: 9788569350583<br />
ANO DA EDIÇÃO: 2023<br />
Autora: Sílvia Triboni</p>
</div>
</div>
</div>
</div>
</div>
</div>
</div>
</div>
</div>
</div>
</div>
</div>
</div>
</div>
</div>
</div>
</div>
</div>
</div>
</div>
</div>
</div>

<p>A idade não é uma barreira para o aprendizado e o crescimento profissional constante, razão pela qual decidi publicar este livro que tem como objetivo estimular o conhecimento e a reflexão sobre temas importantes para aqueles que estão em busca de novas oportunidades no mercado de trabalho ou desejam se atualizar em temas relacionados à empregabilidade sênior. Estamos vivenciando uma verdadeira revolução demográfica, com significativas transformações sociais, que repercutem em todos os setores da sociedade. Estima-se que o número de pessoas com mais de 60 anos duplique até 2050 e mais do que triplique até 2100. E mais: globalmente, o número de pessoas com 80 anos ou mais deverá triplicar até 2050, passando para 425 milhões. Tais fatos nos obriga a uma preparação individual e coletiva para que estas décadas extras de vida sejam plenas de saúde, vigor e realizações de tudo aquilo que almejarmos. O contínuo aprimoramento é, em minha opinião, condição para a realização de todos os nossos objetivos e sonhos atuais, antigos e futuros. Por esta razão, neste livro apresento artigos com dicas e estímulos à empregabilidade e boas práticas no âmbito do trabalho para as pessoas 50+, uma vez que, nos dias de hoje, manter-se ou ser admitido para uma vaga de trabalho é uma preocupação crescente para muitos trabalhadores.</p>
<p>&nbsp;</p>
