{"id":13089,"date":"2023-01-12T17:09:06","date_gmt":"2023-01-12T20:09:06","guid":{"rendered":"https:\/\/edicoes.portaldoenvelhecimento.com.br\/novo\/?post_type=product&#038;p=13089"},"modified":"2025-05-23T11:45:21","modified_gmt":"2025-05-23T14:45:21","slug":"vidas-idosas-importam-relatorio-anual-2020-2021","status":"publish","type":"product","link":"https:\/\/edicoes.portaldoenvelhecimento.com.br\/novo\/produto\/vidas-idosas-importam-relatorio-anual-2020-2021\/","title":{"rendered":"Vidas Idosas Importam: Relat\u00f3rio Anual 2020- 2021"},"content":{"rendered":"<p><strong>Movimento Vidas Idosas Importam, Brasil, 2021.<\/strong><\/p>\n","protected":false},"excerpt":{"rendered":"<div class=\"layoutArea\">\n<div class=\"column\">\n<div class=\"page\" title=\"Page 5\">\n<div class=\"section\">\n<div class=\"layoutArea\">\n<div class=\"page\" title=\"Page 5\">\n<div class=\"section\">\n<div class=\"woocommerce-product-details__short-description\">\n<div class=\"page\" title=\"Page 6\">\n<div class=\"layoutArea\">\n<div class=\"page\" title=\"Page 5\">\n<div class=\"section\">\n<div class=\"layoutArea\">\n<div class=\"page\" title=\"Page 5\">\n<div class=\"section\">\n<div class=\"layoutArea\">\n<div class=\"column\">\n<div class=\"column\">\n<div class=\"page\" title=\"Page 6\">\n<div class=\"layoutArea\">\n<div class=\"column\">\n<div class=\"page\" title=\"Page 6\">\n<div class=\"layoutArea\">\n<div class=\"column\">\n<p>Criado em 10 de dezembro de 2020, Dia Internacional dos Direitos Humanos, em meio a uma pandemia que ceifou tantas vidas idosas, o movimento nacional\u00a0Vidas Idosas Importam completa 1 ano de exist\u00eancia e se constitui justamente em observ\u00e2ncia \u00e0 necessidade de possibilitar vez e voz \u00e0queles\/as que muitas vezes s\u00e3o negligenciados e silenciados nesta sociedade.<\/p>\n<p>&nbsp;<\/p>\n<\/div>\n<div class=\"column\">O movimento Vidas Idosas Importam tem como:<\/div>\n<\/div>\n<\/div>\n<\/div>\n<div class=\"column\">a) miss\u00e3o: promover a valoriza\u00e7\u00e3o do envelhecimento e defender a dignidade da pessoa idosa em toda sua diversidade;<\/div>\n<div class=\"column\">b) vis\u00e3o: realizar e apoiar mobiliza\u00e7\u00f5es sociais em prol dos direitos da pessoa idosa para consolidar uma cultura de respeito; e<\/div>\n<div class=\"column\">c) objetivo: acolher, valorizar, incluir e defender \u00e0s m\u00faltiplas faces das velhices.<\/div>\n<\/div>\n<\/div>\n<p>Durante esse per\u00edodo, o Movimento ganhou vida, for\u00e7a e reconhecimento, conseguindo reunir em sua rede de ativistas, parceiros e colaboradores um grupo consistente e empenhado na luta pela defesa dos direitos das pessoas idosas em toda sua diversidade.<\/p>\n<p>Este portf\u00f3lio \u00e9, portanto, uma apresenta\u00e7\u00e3o em resumo do trabalho realizado durante este ano, do esfor\u00e7o e dedica\u00e7\u00e3o de muitas mentes e m\u00e3os, viv\u00eancias e realidades de lugares diversos do Brasil.<\/p>\n<p>E \u00e9 em agradecimento e dedica\u00e7\u00e3o \u00e0 todas as pessoas envolvidas no Movimento e \u00e0 cada pessoa idosa que nossas a\u00e7\u00f5es puderem alcan\u00e7ar, que apresentamos este produto do nosso trabalho, como gesto concreto de celebrar a luta e a caminhada.<\/p>\n<p>Com isso, e a partir desse material, convidamos a conhecer nosso Movimento e fazer parte dele!<\/p>\n<p><strong>Para baixar o arquivo, clique em \u00ab adicionar ao carrinho \u00bb, mas na\u0303o se preocupe, o site na\u0303o pedir\u00e1 nenhuma informac\u0327a\u0303o de pagamento!<\/strong><\/p>\n<\/div>\n<\/div>\n<\/div>\n<\/div>\n<\/div>\n<\/div>\n<\/div>\n<\/div>\n<\/div>\n<\/div>\n<\/div>\n<\/div>\n<\/div>\n<\/div>\n<\/div>\n<\/div>\n<\/div>\n<\/div>\n","protected":false},"featured_media":13090,"comment_status":"open","ping_status":"closed","template":"","meta":{"_bbp_topic_count":0,"_bbp_reply_count":0,"_bbp_total_topic_count":0,"_bbp_total_reply_count":0,"_bbp_voice_count":0,"_bbp_anonymous_reply_count":0,"_bbp_topic_count_hidden":0,"_bbp_reply_count_hidden":0,"_bbp_forum_subforum_count":0,"pmpro_default_level":""},"product_brand":[],"product_cat":[88],"product_tag":[70,87],"class_list":{"0":"post-13089","1":"product","2":"type-product","3":"status-publish","4":"has-post-thumbnail","6":"product_cat-e-books-gratis-2","7":"product_tag-ebook","8":"product_tag-e-books-gratis","9":"pmpro-has-access","11":"first","12":"instock","13":"downloadable","14":"virtual","15":"purchasable","16":"product-type-simple"},"_links":{"self":[{"href":"https:\/\/edicoes.portaldoenvelhecimento.com.br\/novo\/wp-json\/wp\/v2\/product\/13089","targetHints":{"allow":["GET"]}}],"collection":[{"href":"https:\/\/edicoes.portaldoenvelhecimento.com.br\/novo\/wp-json\/wp\/v2\/product"}],"about":[{"href":"https:\/\/edicoes.portaldoenvelhecimento.com.br\/novo\/wp-json\/wp\/v2\/types\/product"}],"replies":[{"embeddable":true,"href":"https:\/\/edicoes.portaldoenvelhecimento.com.br\/novo\/wp-json\/wp\/v2\/comments?post=13089"}],"version-history":[{"count":5,"href":"https:\/\/edicoes.portaldoenvelhecimento.com.br\/novo\/wp-json\/wp\/v2\/product\/13089\/revisions"}],"predecessor-version":[{"id":33898,"href":"https:\/\/edicoes.portaldoenvelhecimento.com.br\/novo\/wp-json\/wp\/v2\/product\/13089\/revisions\/33898"}],"wp:featuredmedia":[{"embeddable":true,"href":"https:\/\/edicoes.portaldoenvelhecimento.com.br\/novo\/wp-json\/wp\/v2\/media\/13090"}],"wp:attachment":[{"href":"https:\/\/edicoes.portaldoenvelhecimento.com.br\/novo\/wp-json\/wp\/v2\/media?parent=13089"}],"wp:term":[{"taxonomy":"product_brand","embeddable":true,"href":"https:\/\/edicoes.portaldoenvelhecimento.com.br\/novo\/wp-json\/wp\/v2\/product_brand?post=13089"},{"taxonomy":"product_cat","embeddable":true,"href":"https:\/\/edicoes.portaldoenvelhecimento.com.br\/novo\/wp-json\/wp\/v2\/product_cat?post=13089"},{"taxonomy":"product_tag","embeddable":true,"href":"https:\/\/edicoes.portaldoenvelhecimento.com.br\/novo\/wp-json\/wp\/v2\/product_tag?post=13089"}],"curies":[{"name":"wp","href":"https:\/\/api.w.org\/{rel}","templated":true}]}}