{"id":12879,"date":"2023-01-09T00:12:13","date_gmt":"2023-01-09T03:12:13","guid":{"rendered":"https:\/\/edicoes.portaldoenvelhecimento.com.br\/novo\/?post_type=product&#038;p=12879"},"modified":"2026-02-16T13:11:55","modified_gmt":"2026-02-16T16:11:55","slug":"cuidando-em-casa-guia-basico-do-cuidado-ao-idoso","status":"publish","type":"product","link":"https:\/\/edicoes.portaldoenvelhecimento.com.br\/novo\/produto\/cuidando-em-casa-guia-basico-do-cuidado-ao-idoso\/","title":{"rendered":"Cuidando em Casa: Guia B\u00e1sico do Cuidado ao Idoso"},"content":{"rendered":"<p class=\"p1\">Organiza\u00e7\u00e3o: Andr\u00e9ia Guerra Siman e Erica Toledo de Mendon\u00e7a<\/p>\n<p>&nbsp;<\/p>\n<p class=\"p1\">Universidade Federal de Vi\u00e7osa | Centro de Ci\u00eancias Biol\u00f3gicas e da Sa\u00fade | Departamento de Medicina e Enfermagem | Programa de P\u00f3s-Gradua\u00e7\u00e3o em Ci\u00eancias da Sa\u00fade<\/p>\n","protected":false},"excerpt":{"rendered":"<div class=\"layoutArea\">\n<div class=\"column\">\n<div class=\"page\" title=\"Page 5\">\n<div class=\"section\">\n<div class=\"layoutArea\">\n<div class=\"page\" title=\"Page 5\">\n<div class=\"section\">\n<p class=\"p1\"><strong><span class=\"s1\">O <\/span>tema cuidado nunca esteve t\u00e3o presente em nossas vidas<\/strong> como nesse per\u00edodo em que o mundo foi acometido pela pandemia do novo coronav\u00edrus. Esse cen\u00e1rio trouxe in\u00fameras perguntas e nos levou a outras tantas reflex\u00f5es sobre o cuidado: o cuidado com nossa m\u00e3e maior, o planeta Terra; o cuidado com n\u00f3s mesmos, com nossos entes queridos e com todos os que convivem conosco; o cuidado com os que cuidam, ou os que se dedicam a cuidar dos outros&#8230;<\/p>\n<p class=\"p2\">A pandemia causada pelo novo Coronav\u00edrus nos revelou que <strong>somos todos seres fr\u00e1geis<\/strong> e, por isso, precisamos nos convencer e assumir uma postura de que tamb\u00e9m somos seres de cuidado!<\/p>\n<p class=\"p2\"><strong>Todos precisamos de cuidados em v\u00e1rios momentos de nossas vidas, desde o instante em que somos concebidos at\u00e9 o instante da nossa despedida. De maneira geral, os extremos da vida s\u00e3o os momentos em que os seres humanos mais necessitam de cuidado, a primeira inf\u00e2ncia e a velhice.<\/strong><\/p>\n<p class=\"p2\"><strong>Na velhice,<\/strong> a necessidade de cuidados tende a ser ainda maior quanto piores forem a trajet\u00f3ria individual, as oportunidades, a rede de suporte, que passam pelas pol\u00edticas de cuidados de longa dura\u00e7\u00e3o e da efetiva\u00e7\u00e3o de direitos ao longo da vida.<\/p>\n<p class=\"p2\">Foi nesse contexto de pandemia, que o presente livro nasceu, fruto do Curso de Extens\u00e3o para Cuidadores de Idosos, no \u00e2mbito do projeto \u201cEstrat\u00e9gias tecnol\u00f3gicas e educativas para o enfrentamento da Covid-19\u201d.<\/p>\n<p>&nbsp;<\/p>\n<div class=\"woocommerce-product-details__short-description\">\n<div class=\"page\" title=\"Page 6\">\n<div class=\"layoutArea\">\n<p><strong>Para baixar o arquivo, clique em \u00ab adicionar ao carrinho \u00bb, mas na\u0303o se preocupe, o site na\u0303o pedir\u00e1 nenhuma informac\u0327a\u0303o de pagamento!<\/strong><\/p>\n<\/div>\n<\/div>\n<\/div>\n<\/div>\n<\/div>\n<\/div>\n<\/div>\n<\/div>\n<\/div>\n<\/div>\n","protected":false},"featured_media":12887,"comment_status":"open","ping_status":"closed","template":"","meta":{"_bbp_topic_count":0,"_bbp_reply_count":0,"_bbp_total_topic_count":0,"_bbp_total_reply_count":0,"_bbp_voice_count":0,"_bbp_anonymous_reply_count":0,"_bbp_topic_count_hidden":0,"_bbp_reply_count_hidden":0,"_bbp_forum_subforum_count":0,"pmpro_default_level":""},"product_brand":[],"product_cat":[88],"product_tag":[70,87],"class_list":{"0":"post-12879","1":"product","2":"type-product","3":"status-publish","4":"has-post-thumbnail","6":"product_cat-e-books-gratis-2","7":"product_tag-ebook","8":"product_tag-e-books-gratis","9":"pmpro-has-access","11":"first","12":"instock","13":"downloadable","14":"virtual","15":"purchasable","16":"product-type-simple"},"_links":{"self":[{"href":"https:\/\/edicoes.portaldoenvelhecimento.com.br\/novo\/wp-json\/wp\/v2\/product\/12879","targetHints":{"allow":["GET"]}}],"collection":[{"href":"https:\/\/edicoes.portaldoenvelhecimento.com.br\/novo\/wp-json\/wp\/v2\/product"}],"about":[{"href":"https:\/\/edicoes.portaldoenvelhecimento.com.br\/novo\/wp-json\/wp\/v2\/types\/product"}],"replies":[{"embeddable":true,"href":"https:\/\/edicoes.portaldoenvelhecimento.com.br\/novo\/wp-json\/wp\/v2\/comments?post=12879"}],"version-history":[{"count":5,"href":"https:\/\/edicoes.portaldoenvelhecimento.com.br\/novo\/wp-json\/wp\/v2\/product\/12879\/revisions"}],"predecessor-version":[{"id":33911,"href":"https:\/\/edicoes.portaldoenvelhecimento.com.br\/novo\/wp-json\/wp\/v2\/product\/12879\/revisions\/33911"}],"wp:featuredmedia":[{"embeddable":true,"href":"https:\/\/edicoes.portaldoenvelhecimento.com.br\/novo\/wp-json\/wp\/v2\/media\/12887"}],"wp:attachment":[{"href":"https:\/\/edicoes.portaldoenvelhecimento.com.br\/novo\/wp-json\/wp\/v2\/media?parent=12879"}],"wp:term":[{"taxonomy":"product_brand","embeddable":true,"href":"https:\/\/edicoes.portaldoenvelhecimento.com.br\/novo\/wp-json\/wp\/v2\/product_brand?post=12879"},{"taxonomy":"product_cat","embeddable":true,"href":"https:\/\/edicoes.portaldoenvelhecimento.com.br\/novo\/wp-json\/wp\/v2\/product_cat?post=12879"},{"taxonomy":"product_tag","embeddable":true,"href":"https:\/\/edicoes.portaldoenvelhecimento.com.br\/novo\/wp-json\/wp\/v2\/product_tag?post=12879"}],"curies":[{"name":"wp","href":"https:\/\/api.w.org\/{rel}","templated":true}]}}