{"id":9126,"date":"2021-11-23T18:51:55","date_gmt":"2021-11-23T21:51:55","guid":{"rendered":"https:\/\/edicoes.portaldoenvelhecimento.com.br\/novo\/?page_id=9126"},"modified":"2021-11-23T19:00:19","modified_gmt":"2021-11-23T22:00:19","slug":"conselho-editorial","status":"publish","type":"page","link":"https:\/\/edicoes.portaldoenvelhecimento.com.br\/novo\/conselho-editorial\/","title":{"rendered":"Conselho Editorial"},"content":{"rendered":"\t\t<div data-elementor-type=\"wp-page\" data-elementor-id=\"9126\" class=\"elementor elementor-9126\">\n\t\t\t\t\t\t<section class=\"elementor-section elementor-top-section elementor-element elementor-element-12dab716 elementor-section-boxed elementor-section-height-default elementor-section-height-default\" data-id=\"12dab716\" data-element_type=\"section\" data-e-type=\"section\">\n\t\t\t\t\t\t<div class=\"elementor-container elementor-column-gap-default\">\n\t\t\t\t\t<div class=\"elementor-column elementor-col-100 elementor-top-column elementor-element elementor-element-48abeac4\" data-id=\"48abeac4\" data-element_type=\"column\" data-e-type=\"column\">\n\t\t\t<div class=\"elementor-widget-wrap elementor-element-populated\">\n\t\t\t\t\t\t<div class=\"elementor-element elementor-element-2e2005cd elementor-widget elementor-widget-text-editor\" data-id=\"2e2005cd\" data-element_type=\"widget\" data-e-type=\"widget\" data-widget_type=\"text-editor.default\">\n\t\t\t\t<div class=\"elementor-widget-container\">\n\t\t\t\t\t\t\t\t\t\n<h4 class=\"wp-block-heading\">A Portal Edi\u00e7\u00f5es tem em seu Conselho Editorial doutores, muitos ligados \u00e0s principais universidades do pa\u00eds, cuja fun\u00e7\u00e3o \u00e9 orientar e qualificar nossa produ\u00e7\u00e3o de livros segmentados no envelhecimento humano na perspectiva do ser que envelhece. O Conselho \u00e9 composto pelos seguintes membros:<br \/><br \/><\/h4>\n\n<blockquote class=\"wp-block-quote is-layout-flow wp-block-quote-is-layout-flow\">\n<p><strong>Alfredo Dias D\u2019Almeida<\/strong>\u00a0\u2013 Doutor em Integra\u00e7\u00e3o da Am\u00e9rica Latina (Comunica\u00e7\u00e3o e Cultura) pela USP; Mestre em Comunica\u00e7\u00e3o Social pela Umesp e Bacharel em Comunica\u00e7\u00e3o Social (Jornalismo) pela Fiam. Foi coordenador Acad\u00eamico do Grupo Ibmec Educacional, no Rio de Janeiro. \u00c9 Assessor Pedag\u00f3gico do Centro Universit\u00e1rio Augusto Motta (Unisuam), no Rio de Janeiro.<br \/>Curr\u00edculo Lattes:\u00a0<a href=\"https:\/\/lattes.cnpq.br\/1801852062528651\" target=\"_blank\" rel=\"noreferrer noopener\">https:\/\/lattes.cnpq.br\/1801852062528651<\/a><\/p>\n<\/blockquote>\n\n<blockquote class=\"wp-block-quote\">\n<p><strong>Andrea Lopes<\/strong>\u00a0\u2013 Doutora em Educa\u00e7\u00e3o na \u00e1rea de concentra\u00e7\u00e3o Gerontologia pela Unicamp; Mestrado em Gerontologia pela Unicamp e Bacharelado e Licenciatura em Ci\u00eancias Sociais pela USP. Atualmente \u00e9 professora da USP, na Escola de Artes, Ci\u00eancias e Humanidades (EACH), no curso de Gradua\u00e7\u00e3o e P\u00f3s-Gradua\u00e7\u00e3o em Gerontologia.<br \/>Curr\u00edculo Lattes:\u00a0<a href=\"https:\/\/lattes.cnpq.br\/1418645481026778\" target=\"_blank\" rel=\"noreferrer noopener\">https:\/\/lattes.cnpq.br\/1418645481026778<\/a><\/p>\n<\/blockquote>\n\n<blockquote class=\"wp-block-quote\">\n<p><strong>Arthur Moreira da Silva Neto<\/strong>\u00a0\u2013 Doutor em Educa\u00e7\u00e3o (Portugal), revalidado no Brasil pela UERJ, em 2015; P\u00f3s-graduado em Gerontologia Social (Portugal); licenciado em Pedagogia pela UERJ. \u00c9 professor convidado na P\u00f3s-gradua\u00e7\u00e3o em Geriatria e Gerontologia na UERJ.<br \/>Curr\u00edculo Lattes:<a href=\"https:\/\/lattes.cnpq.br\/6139717200170169\" target=\"_blank\" rel=\"noreferrer noopener\">https:\/\/lattes.cnpq.br\/6139717200170169<\/a><\/p>\n<\/blockquote>\n\n<blockquote class=\"wp-block-quote\">\n<p><strong>Cristiano Heineck Schmitt<\/strong>\u00a0\u2013 Doutor e Mestre em Direito pela Universidade Federal do Rio Grande do Sul; graduado em Ci\u00eancias Jur\u00eddicas e Sociais (Direito) pela Pontif\u00edcia Universidade Cat\u00f3lica do Rio Grande do Sul. \u00c9 professor na Faculdade de Direito da Pontif\u00edcia Universidade Cat\u00f3lica do Rio Grande do Sul e de Cursos de Especializa\u00e7\u00e3o em Direito.<br \/>Curr\u00edculo Lattes:\u00a0<a href=\"https:\/\/lattes.cnpq.br\/4224071643080397\" target=\"_blank\" rel=\"noreferrer noopener\">https:\/\/lattes.cnpq.br\/4224071643080397<\/a><\/p>\n<\/blockquote>\n\n<blockquote class=\"wp-block-quote\">\n<p><strong>Divina de F\u00e1tima dos Santos<\/strong>\u00a0\u2013 Doutora em Psicologia Cl\u00ednica e mestre em Gerontologia pela PUCSP; graduada em Pedagogia pela Faculdade de Educa\u00e7\u00e3o da PUCSP na Habilita\u00e7\u00e3o Administra\u00e7\u00e3o Escolar e em Orienta\u00e7\u00e3o Educacional pela Universidade Paulista; graduada em Psicologia Cl\u00ednica pela Universidade Paulista; Especializa\u00e7\u00e3o em Psicodrama e em Psicopedagogia pela PUCSP. \u00c9 professora no Centro Universit\u00e1rio M\u00f3dulo em Caraguatatuba (SP).<br \/>Curr\u00edculo Lattes:\u00a0<a href=\"https:\/\/lattes.cnpq.br\/9304414859782486\" target=\"_blank\" rel=\"noreferrer noopener\">https:\/\/lattes.cnpq.br\/9304414859782486<\/a><\/p>\n<\/blockquote>\n\n<blockquote class=\"wp-block-quote\">\n<p><strong>Eliana Pereira Velozzo<\/strong>\u00a0\u2013 P\u00f3s-doutorado pela Unifesp; Doutora em Pediatria e Ci\u00eancias Aplicadas \u00e0 Pediatria pela Unifesp; Mestre em Gerontologia pela PUCSP. Especialista em Sa\u00fade Coletiva pela ASBRAN e aprimoramento em Nutri\u00e7\u00e3o Esportiva pelo Centro de Medicina da Atividade F\u00edsica e do Esporte; graduada em Nutri\u00e7\u00e3o e em Educa\u00e7\u00e3o F\u00edsica. \u00c9 professora no curso de P\u00f3s-Gradua\u00e7\u00e3o da Universidade Gama Filho \u2013 UGF.<br \/>Curr\u00edculo Lattes:\u00a0<a href=\"https:\/\/lattes.cnpq.br\/3165016444032382\" target=\"_blank\" rel=\"noreferrer noopener\">https:\/\/lattes.cnpq.br\/3165016444032382<\/a><\/p>\n<\/blockquote>\n\n<blockquote class=\"wp-block-quote\">\n<p><strong>Fernando Luiz Brunetti Montenegro<\/strong>\u00a0\u2013 Doutor e Mestre em Odontologia pela USP\/SP; Gradua\u00e7\u00e3o em Odontologia pela Faculdade de Odontologia de Bauru (USP). \u00c9 consultor em Odontogeriatria e Coordenador de Cursos de Especializa\u00e7\u00e3o em Odontogeriatria na ABENO\/NAP Instituto e Associa\u00e7\u00e3o Brasileira de Odontologia em S\u00e3o Paulo.<br \/>Curr\u00edculo Lattes:\u00a0<a href=\"https:\/\/lattes.cnpq.br\/5048935993581678\" target=\"_blank\" rel=\"noreferrer noopener\">https:\/\/lattes.cnpq.br\/5048935993581678<\/a><\/p>\n<\/blockquote>\n\n<blockquote class=\"wp-block-quote\">\n<p><strong>Jader da Silva Alves<\/strong>\u00a0\u2013 Doutor em Educa\u00e7\u00e3o pela Universidade Lus\u00f3fona de Humanidades e Tecnologias (Portugal); Mestrado em Educa\u00e7\u00e3o M\u00e9dica pela Universidade Cat\u00f3lica Portuguesa; Gradua\u00e7\u00e3o em Medicina pela Universidade Rio de Janeiro Unirio. \u00c9 orientador do instituto de estudos superiores de FAFE e m\u00e9dico oftalmologista do Centro M\u00e9dico de Buzios (RJ).<br \/>Curr\u00edculo Lattes:\u00a0<a href=\"https:\/\/lattes.cnpq.br\/9832308675820874\" target=\"_blank\" rel=\"noreferrer noopener\">https:\/\/lattes.cnpq.br\/9832308675820874<\/a><\/p>\n<\/blockquote>\n\n<blockquote class=\"wp-block-quote\">\n<p><strong>Jos\u00e9 Eust\u00e1quio Diniz Alves<\/strong>\u00a0\u2013 P\u00f3s-doutorado pelo Nepo\/Unicamp; Doutorado em Demografia pelo CEDEPLAR-UFMG; Mestrado em Economia; Gradua\u00e7\u00e3o em Ci\u00eancias Sociais pela Universidade Federal de Minas Gerais. \u00c9 pesquisador titular da Escola Nacional de Ci\u00eancias Estat\u00edsticas do Instituto Brasileiro de Geografia e Estat\u00edstica \u2013 ENCE\/IBGE.<br \/>Curr\u00edculo Lattes:\u00a0<a href=\"https:\/\/lattes.cnpq.br\/2003298427606382\" target=\"_blank\" rel=\"noreferrer noopener\">https:\/\/lattes.cnpq.br\/2003298427606382<\/a><\/p>\n<\/blockquote>\n\n<blockquote class=\"wp-block-quote\">\n<p><strong>Jos\u00e9 Luiz Riani Costa<\/strong>\u00a0\u2013 Doutor em Sa\u00fade Coletiva pela Unicamp; Mestrado em Cl\u00ednica M\u00e9dica pela Unicamp; Especializa\u00e7\u00e3o em Pol\u00edticas P\u00fablicas e Gest\u00e3o Governamental pela Escola Nacional de Administra\u00e7\u00e3o P\u00fablica-ENAP e em Medicina do Trabalho pela Unicamp; Gradua\u00e7\u00e3o em Medicina pela Unicamp. \u00c9 professor da Unesp-Rio Claro.<br \/>Curr\u00edculo Lattes:\u00a0<a href=\"https:\/\/lattes.cnpq.br\/3678415641755459\" target=\"_blank\" rel=\"noreferrer noopener\">https:\/\/lattes.cnpq.br\/3678415641755459<\/a><\/p>\n<\/blockquote>\n\n<blockquote class=\"wp-block-quote\">\n<p><strong>Maria Am\u00e9lia Ximenes<\/strong>\u00a0\u2013 Doutora em Ci\u00eancias Sociais \u2013 Antropologia pela PUCSP; Mestre em Gerontologia pela PUCSP; Especializa\u00e7\u00e3o em Psicologia da Sa\u00fade pela Unesp, Bauru; graduada em Terapeuta Ocupacional pela Universidade de Fortaleza. \u00c9 Servidora P\u00fablica Federal do Instituto Nacional do Seguro Social e professora da Universidade do Sagrado Cora\u00e7\u00e3o (USC\/BAU).<br \/>Curr\u00edculo Lattes:\u00a0<a href=\"https:\/\/lattes.cnpq.br\/8542955719709706\" target=\"_blank\" rel=\"noreferrer noopener\">https:\/\/lattes.cnpq.br\/8542955719709706<\/a><\/p>\n<\/blockquote>\n\n<blockquote class=\"wp-block-quote\">\n<p><strong>Ot\u00e1vio de Toledo N\u00f3brega<\/strong>\u00a0\u2013 Doutor em Patologia Molecular pela UnB e UCLA\/EUA; Graduado em Ci\u00eancias Biol\u00f3gicas. Bolsista de P\u00f3s-Doutorado S\u00eanior (2014-2015) e Bolsista de Produtividade em Desenvolvimento Tecnol\u00f3gico e Extens\u00e3o Inovadora \u2013 DT II. \u00c9 professor da Funda\u00e7\u00e3o Universidade de Bras\u00edlia. \u00c9 Presidente do Departamento de Gerontologia da SBGG, se\u00e7\u00e3o DF (gest\u00e3o 2014-2016).<br \/>Curr\u00edculo Lattes:\u00a0<a href=\"https:\/\/lattes.cnpq.br\/7451328619710967\" target=\"_blank\" rel=\"noreferrer noopener\">https:\/\/lattes.cnpq.br\/7451328619710967<\/a><\/p>\n<\/blockquote>\n\n<blockquote class=\"wp-block-quote\">\n<p><strong>Rodrigo Caetano Arantes<\/strong>\u00a0\u2013 P\u00f3s-doutorado pelo CEDEPLAR-UFMG e Universidad de La Habana; Doutorado em Demografia pelo CEDEPLAR-UFMG; Mestrado em Gerontologia pela PUCSP; Especializa\u00e7\u00e3o em Fisioterapia em Geriatria e Gerontologia (EEFFTO-UFMG; gradua\u00e7\u00e3o em Fisioterapia pela Unifenas. Integrante de grupos de pesquisa no diret\u00f3rio CNPq.<br \/>Curr\u00edculo Lattes:\u00a0<a href=\"https:\/\/lattes.cnpq.br\/6234480920927309\" target=\"_blank\" rel=\"noreferrer noopener\">https:\/\/lattes.cnpq.br\/6234480920927309<\/a><\/p>\n<\/blockquote>\n\n<blockquote class=\"wp-block-quote\">\n<p><strong>Ruth Gelehrter da Costa Lopes<\/strong>\u00a0\u2013 Doutora em Sa\u00fade P\u00fablica pela USP; Mestrado em Psicologia (Psicologia Social) pela PUCSP; gradua\u00e7\u00e3o em Psicologia pela PUCSP. \u00c9 professora da Pontif\u00edcia Universidade Cat\u00f3lica de S\u00e3o Paulo.<br \/>Curr\u00edculo Lattes:\u00a0<a href=\"https:\/\/lattes.cnpq.br\/7385290701983987\" target=\"_blank\" rel=\"noreferrer noopener\">https:\/\/lattes.cnpq.br\/7385290701983987<\/a><\/p>\n<\/blockquote>\n\n<blockquote class=\"wp-block-quote\">\n<p><strong>Suzana Carielo da Fonseca<\/strong>\u00a0\u2013 Doutora e Mestre em Lingu\u00edstica Aplicada e Estudos da Linguagem pela PUCSP; gradua\u00e7\u00e3o em Fonoaudiologia pela PUCSP; Especializa\u00e7\u00e3o em Projetos Sociais pelo SENAC-SP (2011). \u00c9 professor da PUCSP e fonoaudi\u00f3loga cl\u00ednica respons\u00e1vel pelo Centro de Atendimento a Af\u00e1sicos (CAAf) da DERDIC\/PUCSP \u2013 Divis\u00e3o de Educa\u00e7\u00e3o e Reabilita\u00e7\u00e3o dos Dist\u00farbios da Comunica\u00e7\u00e3o.<br \/>Curr\u00edculo Lattes:\u00a0<a href=\"https:\/\/lattes.cnpq.br\/6252640114611766\" target=\"_blank\" rel=\"noreferrer noopener\">https:\/\/lattes.cnpq.br\/6252640114611766<\/a><\/p>\n<\/blockquote>\n\n<blockquote class=\"wp-block-quote\">\n<p><strong>Vera Brand\u00e3o<\/strong>\u00a0\u2013 Doutora e Mestre em Ci\u00eancias Sociais \u2013 Antropologia pela PUCSP; gradua\u00e7\u00e3o em Pedagogia pela USP. \u00c9 professora do curso de Especializa\u00e7\u00e3o em Gerontologia pela Coordenadoria Geral de Especializa\u00e7\u00e3o, Aperfei\u00e7oamento e Extens\u00e3o da PUCSP. \u00c9 editora da Revista Portal de Divulga\u00e7\u00e3o do Portal do Envelhecimento.<br \/>Curr\u00edculo Lattes:\u00a0<a href=\"https:\/\/lattes.cnpq.br\/7416241967025927\" target=\"_blank\" rel=\"noreferrer noopener\">https:\/\/lattes.cnpq.br\/7416241967025927<\/a><\/p>\n<\/blockquote>\n\n<blockquote class=\"wp-block-quote\">\n<p><strong>Vicente Paulo Alves<\/strong>\u00a0\u2013 Doutor em Ci\u00eancias da Religi\u00e3o pela Universidade Metodista de S\u00e3o Paulo; Mestre em Teologia Dogm\u00e1tica pela Pontif\u00edcia Universidade Gregoriana de Roma \u2013 It\u00e1lia; Graduado em Filosofia pela Universidade Cat\u00f3lica de Bras\u00edlia (1998), (1991). \u00c9 diretor e professor do Programa de P\u00f3s-Gradua\u00e7\u00e3o em Gerontologia da Universidade Cat\u00f3lica de Bras\u00edlia e Coordenador do Curso de P\u00f3s-Gradua\u00e7\u00e3o em Ensino Religioso em Ambiente Virtual na Cat\u00f3lica Virtual, no curso de gradua\u00e7\u00e3o Filosofia em Ambiente Virtual.<br \/>Curr\u00edculo\u00a0<a href=\"http:\/\/Lattes: https:\/\/lattes.cnpq.br\/3894563475713933\" target=\"_blank\" rel=\"noreferrer noopener\">Lattes: https:\/\/lattes.cnpq.br\/3894563475713933<\/a><\/p>\n<\/blockquote>\n\n<h4>Para saber mais, entre em contato conosco pelo e-mail:\u00a0editora@portaldoenvelhecimento.com.br<\/h4>\n\t\t\t\t\t\t\t\t<\/div>\n\t\t\t\t<\/div>\n\t\t\t\t\t<\/div>\n\t\t<\/div>\n\t\t\t\t\t<\/div>\n\t\t<\/section>\n\t\t\t\t<\/div>\n\t\t","protected":false},"excerpt":{"rendered":"<p>A Portal Edi\u00e7\u00f5es tem em seu Conselho Editorial doutores, muitos ligados \u00e0s principais universidades do pa\u00eds, cuja fun\u00e7\u00e3o \u00e9 orientar e qualificar nossa produ\u00e7\u00e3o de livros segmentados no envelhecimento humano na perspectiva do ser que envelhece. O Conselho \u00e9 composto &hellip; <\/p>\n","protected":false},"author":1,"featured_media":0,"parent":0,"menu_order":0,"comment_status":"closed","ping_status":"closed","template":"","meta":{"_bbp_topic_count":0,"_bbp_reply_count":0,"_bbp_total_topic_count":0,"_bbp_total_reply_count":0,"_bbp_voice_count":0,"_bbp_anonymous_reply_count":0,"_bbp_topic_count_hidden":0,"_bbp_reply_count_hidden":0,"_bbp_forum_subforum_count":0,"pmpro_default_level":"","footnotes":""},"class_list":["post-9126","page","type-page","status-publish","hentry","pmpro-has-access"],"_links":{"self":[{"href":"https:\/\/edicoes.portaldoenvelhecimento.com.br\/novo\/wp-json\/wp\/v2\/pages\/9126","targetHints":{"allow":["GET"]}}],"collection":[{"href":"https:\/\/edicoes.portaldoenvelhecimento.com.br\/novo\/wp-json\/wp\/v2\/pages"}],"about":[{"href":"https:\/\/edicoes.portaldoenvelhecimento.com.br\/novo\/wp-json\/wp\/v2\/types\/page"}],"author":[{"embeddable":true,"href":"https:\/\/edicoes.portaldoenvelhecimento.com.br\/novo\/wp-json\/wp\/v2\/users\/1"}],"replies":[{"embeddable":true,"href":"https:\/\/edicoes.portaldoenvelhecimento.com.br\/novo\/wp-json\/wp\/v2\/comments?post=9126"}],"version-history":[{"count":10,"href":"https:\/\/edicoes.portaldoenvelhecimento.com.br\/novo\/wp-json\/wp\/v2\/pages\/9126\/revisions"}],"predecessor-version":[{"id":9144,"href":"https:\/\/edicoes.portaldoenvelhecimento.com.br\/novo\/wp-json\/wp\/v2\/pages\/9126\/revisions\/9144"}],"wp:attachment":[{"href":"https:\/\/edicoes.portaldoenvelhecimento.com.br\/novo\/wp-json\/wp\/v2\/media?parent=9126"}],"curies":[{"name":"wp","href":"https:\/\/api.w.org\/{rel}","templated":true}]}}