{"id":2901,"date":"2015-11-18T08:34:00","date_gmt":"2015-11-18T08:34:00","guid":{"rendered":"http:\/\/demo.thimpress.com\/eduma\/?page_id=2901"},"modified":"2023-09-01T11:53:08","modified_gmt":"2023-09-01T14:53:08","slug":"about-us","status":"publish","type":"page","link":"https:\/\/edicoes.portaldoenvelhecimento.com.br\/novo\/about-us\/","title":{"rendered":"Quem somos"},"content":{"rendered":"\t\t<div data-elementor-type=\"wp-post\" data-elementor-id=\"2901\" class=\"elementor elementor-2901\">\n\t\t\t\t\t\t<section class=\"elementor-section elementor-top-section elementor-element elementor-element-7d27883 elementor-section-boxed elementor-section-height-default elementor-section-height-default\" data-id=\"7d27883\" data-element_type=\"section\" data-e-type=\"section\">\n\t\t\t\t\t\t<div class=\"elementor-container elementor-column-gap-default\">\n\t\t\t\t\t<div class=\"elementor-column elementor-col-100 elementor-top-column elementor-element elementor-element-d513acf\" data-id=\"d513acf\" data-element_type=\"column\" data-e-type=\"column\">\n\t\t\t<div class=\"elementor-widget-wrap elementor-element-populated\">\n\t\t\t\t\t\t<div class=\"elementor-element elementor-element-3197733 thim-ekits-heading-text-center elementor-widget thim-ekits-heading elementor-widget-thim-heading\" data-id=\"3197733\" data-element_type=\"widget\" data-e-type=\"widget\" data-widget_type=\"thim-heading.default\">\n\t\t\t\t<div class=\"elementor-widget-container\">\n\t\t\t\t\t<div class=\"sc_heading text-center\"><h3 class=\"title\">Quem Somos <\/h3><div class=\"sub-heading\"><p>Desde 2004 construindo a cultura da longevidade no Brasil<\/p>\n<\/div><span class=\"line\"><\/span><\/div>\t\t\t\t<\/div>\n\t\t\t\t<\/div>\n\t\t\t\t\t<\/div>\n\t\t<\/div>\n\t\t\t\t\t<\/div>\n\t\t<\/section>\n\t\t\t\t<section class=\"elementor-section elementor-top-section elementor-element elementor-element-02ebb41 elementor-section-boxed elementor-section-height-default elementor-section-height-default\" data-id=\"02ebb41\" data-element_type=\"section\" data-e-type=\"section\">\n\t\t\t\t\t\t<div class=\"elementor-container elementor-column-gap-default\">\n\t\t\t\t\t<div class=\"elementor-column elementor-col-100 elementor-top-column elementor-element elementor-element-2365040\" data-id=\"2365040\" data-element_type=\"column\" data-e-type=\"column\">\n\t\t\t<div class=\"elementor-widget-wrap elementor-element-populated\">\n\t\t\t\t\t\t<div class=\"elementor-element elementor-element-8f6f9dc elementor-widget elementor-widget-text-editor\" data-id=\"8f6f9dc\" data-element_type=\"widget\" data-e-type=\"widget\" data-widget_type=\"text-editor.default\">\n\t\t\t\t<div class=\"elementor-widget-container\">\n\t\t\t\t\t\t\t\t\t<div class=\"thim-about-us-quote\"><p>\u201cViver \u00e9 envelhecer, nada mais\u201d<\/p><div class=\"agency\">Simone de Beauvoir<\/div><hr \/><\/div>\t\t\t\t\t\t\t\t<\/div>\n\t\t\t\t<\/div>\n\t\t\t\t\t<\/div>\n\t\t<\/div>\n\t\t\t\t\t<\/div>\n\t\t<\/section>\n\t\t\t\t<section class=\"elementor-section elementor-top-section elementor-element elementor-element-db773c4 elementor-section-boxed elementor-section-height-default elementor-section-height-default\" data-id=\"db773c4\" data-element_type=\"section\" data-e-type=\"section\">\n\t\t\t\t\t\t<div class=\"elementor-container elementor-column-gap-default\">\n\t\t\t\t\t<div class=\"elementor-column elementor-col-33 elementor-top-column elementor-element elementor-element-f2de48b\" data-id=\"f2de48b\" data-element_type=\"column\" data-e-type=\"column\">\n\t\t\t<div class=\"elementor-widget-wrap elementor-element-populated\">\n\t\t\t\t\t\t<div class=\"elementor-element elementor-element-8be2ce7 elementor-widget elementor-widget-heading\" data-id=\"8be2ce7\" data-element_type=\"widget\" data-e-type=\"widget\" data-widget_type=\"heading.default\">\n\t\t\t\t<div class=\"elementor-widget-container\">\n\t\t\t\t\t<h3 class=\"elementor-heading-title elementor-size-default\">Nossa trajet\u00f3ria<\/h3>\t\t\t\t<\/div>\n\t\t\t\t<\/div>\n\t\t\t\t<div class=\"elementor-element elementor-element-879609a elementor-widget elementor-widget-text-editor\" data-id=\"879609a\" data-element_type=\"widget\" data-e-type=\"widget\" data-widget_type=\"text-editor.default\">\n\t\t\t\t<div class=\"elementor-widget-container\">\n\t\t\t\t\t\t\t\t\t<p>O Portal do Envelhecimento \u00e9 um site comprometido com o longeviver que todos os dias publica uma mat\u00e9ria sobre este universo. O site conta com colaboradores de diversas \u00e1reas e oriundos de diferentes regio\u0303es do Brasil, todos estudiosos do processo de envelhecimento na perspectiva do ser que envelhece e na\u0303o unicamente que adoece. Esta nossa filosofia e \u201catitude\u201d frente ao envelhecimento e\u0301 o pressuposto para o desenvolvimento da conti\u0301nua construc\u0327a\u0303o de uma \u201cCultura da Longevidade\u201d.<\/p><p>Filosofia e atitudes que fundamentam o Portal desde sua implantac\u0327a\u0303o, em 2004, quando era apenas um dos projetos do Nu\u0301cleo de Estudo e Pesquisa do Envelhecimento &#8211; Nepe, da Pontifi\u0301cia Universidade Cato\u0301lica de Sa\u0303o Paulo (PUC-SP).<\/p><p>Em 2014, tornou-se uma empresa de nego\u0301cio social, com a mesma miss\u00e3o: transferir informac\u0327o\u0303es qualificadas sobre a velhice e o envelhecimento, possibilitando o acesso democra\u0301tico ao conhecimento sobre esta instigante fase da vida. Nossa missa\u0303o social tem norteado a produc\u0327a\u0303o de conteu\u0301dos com credibilidade, tornando-se hoje refere\u0302ncia sobre o longeviver no pai\u0301s.<\/p>\t\t\t\t\t\t\t\t<\/div>\n\t\t\t\t<\/div>\n\t\t\t\t\t<\/div>\n\t\t<\/div>\n\t\t\t\t<div class=\"elementor-column elementor-col-33 elementor-top-column elementor-element elementor-element-8a3ce4b\" data-id=\"8a3ce4b\" data-element_type=\"column\" data-e-type=\"column\">\n\t\t\t<div class=\"elementor-widget-wrap\">\n\t\t\t\t\t\t\t<\/div>\n\t\t<\/div>\n\t\t\t\t<div class=\"elementor-column elementor-col-33 elementor-top-column elementor-element elementor-element-0f4a14e\" data-id=\"0f4a14e\" data-element_type=\"column\" data-e-type=\"column\">\n\t\t\t<div class=\"elementor-widget-wrap elementor-element-populated\">\n\t\t\t\t\t\t<div class=\"elementor-element elementor-element-02e8d75 elementor-widget elementor-widget-heading\" data-id=\"02e8d75\" data-element_type=\"widget\" data-e-type=\"widget\" data-widget_type=\"heading.default\">\n\t\t\t\t<div class=\"elementor-widget-container\">\n\t\t\t\t\t<h3 class=\"elementor-heading-title elementor-size-default\">Como atuamos<\/h3>\t\t\t\t<\/div>\n\t\t\t\t<\/div>\n\t\t\t\t<div class=\"elementor-element elementor-element-335f0c7 elementor-widget elementor-widget-text-editor\" data-id=\"335f0c7\" data-element_type=\"widget\" data-e-type=\"widget\" data-widget_type=\"text-editor.default\">\n\t\t\t\t<div class=\"elementor-widget-container\">\n\t\t\t\t\t\t\t\t\t<p>A recepc\u0327a\u0303o positiva do Portal do Envelhecimento reforc\u0327ou na\u0303o so\u0301 a necessidade de produc\u0327a\u0303o qualificada de conteu\u0301do sobre o envelhecimento de forma virtual como tambe\u0301m a importa\u0302ncia da disseminac\u0327a\u0303o desse conteu\u0301do de maneira mais concreta.<\/p><p>Para suprir essa demanda o Portal do Envelhecimento criou tr\u00eas novos segmentos: a Revista Longeviver, projeto de educa\u00e7\u00e3o continuada, \u00e9 gratuita e digital, e seu prop\u00f3sito \u00e9 estimular o debate sobre os territo\u0301rios do envelhecimento e da velhice e de refletir as diversas tende\u0302ncias da longevidade humana, com artigos que, sem abrir ma\u0303o do rigor nas informac\u0327o\u0303es, fossem acessi\u0301veis ao leitor na\u0303o especialista.<\/p><p>O Portal Edic\u0327o\u0303es, com livros impressos e em e-book, com diversos ge\u0302neros e propostas, como resultados de pesquisas cienti\u0301ficas, narrativas e coleta\u0302neas de artigos.<\/p><p>E o Espac\u0327o Longeviver, um lugar de educac\u0327a\u0303o que oferece cursos de curta durac\u0327a\u0303o sobre temas espec\u00edficos, palestras, workshops, oficinas, rodas de conversa, entre outros.<\/p>\t\t\t\t\t\t\t\t<\/div>\n\t\t\t\t<\/div>\n\t\t\t\t\t<\/div>\n\t\t<\/div>\n\t\t\t\t\t<\/div>\n\t\t<\/section>\n\t\t\t\t<\/div>\n\t\t","protected":false},"excerpt":{"rendered":"<p>Quem Somos Desde 2004 construindo a cultura da longevidade no Brasil \u201cViver \u00e9 envelhecer, nada mais\u201d Simone de Beauvoir Nossa trajet\u00f3ria O Portal do Envelhecimento \u00e9 um site comprometido com o longeviver que todos os dias publica uma mat\u00e9ria sobre &hellip; <\/p>\n","protected":false},"author":1,"featured_media":0,"parent":0,"menu_order":0,"comment_status":"closed","ping_status":"closed","template":"","meta":{"_bbp_topic_count":0,"_bbp_reply_count":0,"_bbp_total_topic_count":0,"_bbp_total_reply_count":0,"_bbp_voice_count":0,"_bbp_anonymous_reply_count":0,"_bbp_topic_count_hidden":0,"_bbp_reply_count_hidden":0,"_bbp_forum_subforum_count":0,"pmpro_default_level":"","footnotes":""},"class_list":["post-2901","page","type-page","status-publish","hentry","pmpro-has-access"],"_links":{"self":[{"href":"https:\/\/edicoes.portaldoenvelhecimento.com.br\/novo\/wp-json\/wp\/v2\/pages\/2901","targetHints":{"allow":["GET"]}}],"collection":[{"href":"https:\/\/edicoes.portaldoenvelhecimento.com.br\/novo\/wp-json\/wp\/v2\/pages"}],"about":[{"href":"https:\/\/edicoes.portaldoenvelhecimento.com.br\/novo\/wp-json\/wp\/v2\/types\/page"}],"author":[{"embeddable":true,"href":"https:\/\/edicoes.portaldoenvelhecimento.com.br\/novo\/wp-json\/wp\/v2\/users\/1"}],"replies":[{"embeddable":true,"href":"https:\/\/edicoes.portaldoenvelhecimento.com.br\/novo\/wp-json\/wp\/v2\/comments?post=2901"}],"version-history":[{"count":13,"href":"https:\/\/edicoes.portaldoenvelhecimento.com.br\/novo\/wp-json\/wp\/v2\/pages\/2901\/revisions"}],"predecessor-version":[{"id":19757,"href":"https:\/\/edicoes.portaldoenvelhecimento.com.br\/novo\/wp-json\/wp\/v2\/pages\/2901\/revisions\/19757"}],"wp:attachment":[{"href":"https:\/\/edicoes.portaldoenvelhecimento.com.br\/novo\/wp-json\/wp\/v2\/media?parent=2901"}],"curies":[{"name":"wp","href":"https:\/\/api.w.org\/{rel}","templated":true}]}}