{"id":42065,"date":"2026-04-23T18:30:40","date_gmt":"2026-04-23T21:30:40","guid":{"rendered":"https:\/\/edicoes.portaldoenvelhecimento.com.br\/novo\/?post_type=lp_course&#038;p=42065"},"modified":"2026-04-28T15:24:33","modified_gmt":"2026-04-28T18:24:33","slug":"a-velhice-na-literatura-contemporanea-narrativas-da-lingua-portuguesa-clube-de-leitura","status":"publish","type":"lp_course","link":"https:\/\/edicoes.portaldoenvelhecimento.com.br\/novo\/course\/a-velhice-na-literatura-contemporanea-narrativas-da-lingua-portuguesa-clube-de-leitura\/","title":{"rendered":"A velhice na literatura contempor\u00e2nea: narrativas da l\u00edngua portuguesa | Clube de Leitura"},"content":{"rendered":"\r\n<p><strong>Datas: <\/strong>21\/05, 28\/05, 11\/06 e 18\/06 \u2013 \u00e0s quintas<\/p>\r\n\r\n\r\n\r\n<p><strong>Hor\u00e1rio: <\/strong>19h \u00e0s 21h<\/p>\r\n\r\n<p><strong>Carga hor\u00e1ria: <\/strong>8h<\/p>\r\n<p>*Os encontros ser\u00e3o gravados e disponibilizados at\u00e9 a realiza\u00e7\u00e3o da aula seguinte. A grava\u00e7\u00e3o do \u00faltimo encontro permanecer\u00e1 dispon\u00edvel por uma semana ap\u00f3s o t\u00e9rmino do curso.<\/p>\r\n<p>*\u00c9 poss\u00edvel parcelar no cart\u00e3o em at\u00e9 12x.<\/p>\r\n<hr \/>\r\n<h3>\u00a0<\/h3>\r\n<h3>Como a literatura em l\u00edngua portuguesa nos revela o envelhecer hoje?<\/h3>\r\n<p style=\"font-weight: 400;\">\u00a0<\/p>\r\n<p style=\"font-weight: 400;\">Nestes encontros, por meio de\u00a0exposi\u00e7\u00e3o e discuss\u00e3o, exploraremos obras contempor\u00e2neas de diferentes pa\u00edses de l\u00edngua portuguesa para refletirmos sobre o envelhecimento.<\/p>\r\n<p style=\"font-weight: 400;\">A proposta \u00e9 articular as dimens\u00f5es existenciais e ps\u00edquicas do envelhecer com as suas realidades sociais, culturais e cotidianas, tal como s\u00e3o representadas pelas obras \u2013 compreendidas aqui como recortes sens\u00edveis da experi\u00eancia humana e do tempo.<\/p>\r\n<p>&nbsp;<\/p>\r\n<h3><strong>Conte\u00fado Program\u00e1tico:<\/strong><\/h3>\r\n<ol>\r\n<li><strong>N\u00f3s e os Kotas\u00a0<\/strong><\/li>\r\n<\/ol>\r\n<p style=\"font-weight: 400;\">Apresenta\u00e7\u00e3o dos participantes e conversa sobre a velhice em Angola \u2013 lendo Ana Paula Tavares<\/p>\r\n<ol start=\"2\">\r\n<li><strong>No velho mundo\u00a0<\/strong><\/li>\r\n<\/ol>\r\n<p style=\"font-weight: 400;\">Mergulho em Portugal com duas novelas de Valter Hugo M\u00e3e<\/p>\r\n<ol start=\"3\">\r\n<li><strong>Os vivos e os mortos\u00a0<\/strong><\/li>\r\n<\/ol>\r\n<p style=\"font-weight: 400;\">Viagem por Mo\u00e7ambique via contos e poemas de Mia Couto<\/p>\r\n<ol start=\"4\">\r\n<li style=\"font-weight: 400;\"><strong> Metamorfose incessante<\/strong><\/li>\r\n<\/ol>\r\n<p style=\"font-weight: 400;\">\u00a0\u00a0\u00a0\u00a0\u00a0 Compartilhamentos sobre o romance brasileiro \u00c9 sempre hora de nossa morte am\u00e9m de Mariana Salom\u00e3o Carrara (Voc\u00ea pode adquirir o livro direto no site da editora (https:\/\/editoranos.com.br\/produto\/e-sempre-a-hora-da-nossa-morte-amem\/) usando o cupom de 20% de desconto: <b>nos+portaldoenvelhecimento\u00a0<\/b><\/p>\r\n<p>&nbsp;<\/p>\r\n<p>&nbsp;<\/p>\r\n<p>*Ao se inscrever, voc\u00ea receber\u00e1 uma apostila com os textos dispon\u00edveis online e indica\u00e7\u00e3o de sites onde possa comprar os livros.<\/p>\r\n<h3>\u00a0<\/h3>\r\n<h3><strong>Objetivo geral<\/strong><\/h3>\r\n<ul>\r\n<li>Pensarmos juntos nas art\u00edsticas ao campo do envelhecimento e refletir sobre a velhice a partir de diferentes realidades do mundo lus\u00f3fono.<\/li>\r\n<\/ul>\r\n<p>&nbsp;<\/p>\r\n<h3><strong>P\u00fablico Alvo<\/strong><\/h3>\r\n<ul>\r\n<li>Pessoas que trabalham com o p\u00fablico idoso (psic\u00f3logos, psiquiatras, assistentes sociais, fisioterapeutas\u2026); pessoas interessadas em literatura; pessoas interessadas em psicologia;\u00a0pessoas interessadas na velhice e no envelhecimento.<\/li>\r\n<\/ul>\r\n<p>&nbsp;<\/p>\r\n<h3><strong>Mediadora\/Docente: Paula Farias Akkari<\/strong><\/h3>\r\n<p>Psic\u00f3loga (CRP 06\/178290), cl\u00ednica, professora universit\u00e1ria e supervisora. Mestre e doutoranda em Psicologia Social na PUC-SP\/UCP-Lisboa, especialista em Psicopatologia Fenomenol\u00f3gica (Faculdade de Ci\u00eancias M\u00e9dicas da Santa Casa de S\u00e3o Paulo) e em Psicologia Fenomenol\u00f3gica e Hermen\u00eautica (Instituto Dasein). Colabora para o Portal do Envelhecimento desde 2021. \u00a0 <strong>Poder\u00e1 adquirir o certificado quem tiver ao menos 75% de presen\u00e7a (ao vivo ou vendo as grava\u00e7\u00f5es).\u00a0<\/strong> \u00a0 <strong>Contato:\u00a0<\/strong>cursos@portaldoenvelhecimento.com.br<\/p>\r\n<hr \/>\r\n<p><strong>DESCONTOS*:<\/strong><\/p>\r\n<ul>\r\n<li>20% para estudantes<\/li>\r\n<li>20% para ex-alunas\/os de cursos do Espa\u00e7o Longeviver<\/li>\r\n<li>20% para pessoas aposentadas<\/li>\r\n<\/ul>\r\n<ul>\r\n<li>Tamb\u00e9m oferecemos descontos para grupos\/equipes (a combinar)<\/li>\r\n<\/ul>\r\n<p>Para saber como usar os descontos basta mandar mensagem para nosso whatsapp (11 97384-1820) ou e-mail cursos@portaldoenvelhecimento.com.br especificando seu caso. *Os descontos n\u00e3o s\u00e3o cumulativos. N\u00e3o \u00e9 poss\u00edvel usar um cupom durante uma promo\u00e7\u00e3o.<\/p>","protected":false},"excerpt":{"rendered":"<p>Datas: 21\/05, 28\/05, 11\/06 e 18\/06 \u2013 \u00e0s quintas Hor\u00e1rio: 19h \u00e0s 21h Carga hor\u00e1ria: 8h *Os encontros ser\u00e3o gravados e disponibilizados at\u00e9 a realiza\u00e7\u00e3o da aula seguinte. A grava\u00e7\u00e3o do \u00faltimo encontro permanecer\u00e1 dispon\u00edvel por uma semana ap\u00f3s o &hellip; <\/p>\n","protected":false},"author":9818,"featured_media":42072,"comment_status":"closed","ping_status":"closed","template":"","course_category":[26,77],"course_tag":[],"class_list":["post-42065","lp_course","type-lp_course","status-publish","has-post-thumbnail","hentry","course_category-online","course_category-todos-os-cursos","pmpro-has-access","course"],"_links":{"self":[{"href":"https:\/\/edicoes.portaldoenvelhecimento.com.br\/novo\/wp-json\/wp\/v2\/lp_course\/42065","targetHints":{"allow":["GET"]}}],"collection":[{"href":"https:\/\/edicoes.portaldoenvelhecimento.com.br\/novo\/wp-json\/wp\/v2\/lp_course"}],"about":[{"href":"https:\/\/edicoes.portaldoenvelhecimento.com.br\/novo\/wp-json\/wp\/v2\/types\/lp_course"}],"author":[{"embeddable":true,"href":"https:\/\/edicoes.portaldoenvelhecimento.com.br\/novo\/wp-json\/wp\/v2\/users\/9818"}],"replies":[{"embeddable":true,"href":"https:\/\/edicoes.portaldoenvelhecimento.com.br\/novo\/wp-json\/wp\/v2\/comments?post=42065"}],"version-history":[{"count":7,"href":"https:\/\/edicoes.portaldoenvelhecimento.com.br\/novo\/wp-json\/wp\/v2\/lp_course\/42065\/revisions"}],"predecessor-version":[{"id":42220,"href":"https:\/\/edicoes.portaldoenvelhecimento.com.br\/novo\/wp-json\/wp\/v2\/lp_course\/42065\/revisions\/42220"}],"wp:featuredmedia":[{"embeddable":true,"href":"https:\/\/edicoes.portaldoenvelhecimento.com.br\/novo\/wp-json\/wp\/v2\/media\/42072"}],"wp:attachment":[{"href":"https:\/\/edicoes.portaldoenvelhecimento.com.br\/novo\/wp-json\/wp\/v2\/media?parent=42065"}],"wp:term":[{"taxonomy":"course_category","embeddable":true,"href":"https:\/\/edicoes.portaldoenvelhecimento.com.br\/novo\/wp-json\/wp\/v2\/course_category?post=42065"},{"taxonomy":"course_tag","embeddable":true,"href":"https:\/\/edicoes.portaldoenvelhecimento.com.br\/novo\/wp-json\/wp\/v2\/course_tag?post=42065"}],"curies":[{"name":"wp","href":"https:\/\/api.w.org\/{rel}","templated":true}]}}

A velhice na literatura contemporânea: narrativas da língua portuguesa | Clube de Leitura

<p><strong>Datas: </strong>21/05, 28/05, 11/06 e 18/06 – às quintas</p>



<p><strong>Horário: </strong>19h às 21h</p>

<p><strong>Carga horária: </strong>8h</p>
<p>*Os encontros serão gravados e disponibilizados até a realização da aula seguinte. A gravação do último encontro permanecerá disponível por uma semana após o término do curso.</p>
<p>*É possível parcelar no cartão em até 12x.</p>
<hr />
<h3> </h3>
<h3>Como a literatura em língua portuguesa nos revela o envelhecer hoje?</h3>
<p style="font-weight: 400;"> </p>
<p style="font-weight: 400;">Nestes encontros, por meio de exposição e discussão, exploraremos obras contemporâneas de diferentes países de língua portuguesa para refletirmos sobre o envelhecimento.</p>
<p style="font-weight: 400;">A proposta é articular as dimensões existenciais e psíquicas do envelhecer com as suas realidades sociais, culturais e cotidianas, tal como são representadas pelas obras – compreendidas aqui como recortes sensíveis da experiência humana e do tempo.</p>
<p>&nbsp;</p>
<h3><strong>Conteúdo Programático:</strong></h3>
<ol>
<li><strong>Nós e os Kotas </strong></li>
</ol>
<p style="font-weight: 400;">Apresentação dos participantes e conversa sobre a velhice em Angola – lendo Ana Paula Tavares</p>
<ol start="2">
<li><strong>No velho mundo </strong></li>
</ol>
<p style="font-weight: 400;">Mergulho em Portugal com duas novelas de Valter Hugo Mãe</p>
<ol start="3">
<li><strong>Os vivos e os mortos </strong></li>
</ol>
<p style="font-weight: 400;">Viagem por Moçambique via contos e poemas de Mia Couto</p>
<ol start="4">
<li style="font-weight: 400;"><strong> Metamorfose incessante</strong></li>
</ol>
<p style="font-weight: 400;">      Compartilhamentos sobre o romance brasileiro É sempre hora de nossa morte amém de Mariana Salomão Carrara (Você pode adquirir o livro direto no site da editora (https://editoranos.com.br/produto/e-sempre-a-hora-da-nossa-morte-amem/) usando o cupom de 20% de desconto: <b>nos+portaldoenvelhecimento </b></p>
<p>&nbsp;</p>
<p>&nbsp;</p>
<p>*Ao se inscrever, você receberá uma apostila com os textos disponíveis online e indicação de sites onde possa comprar os livros.</p>
<h3> </h3>
<h3><strong>Objetivo geral</strong></h3>
<ul>
<li>Pensarmos juntos nas artísticas ao campo do envelhecimento e refletir sobre a velhice a partir de diferentes realidades do mundo lusófono.</li>
</ul>
<p>&nbsp;</p>
<h3><strong>Público Alvo</strong></h3>
<ul>
<li>Pessoas que trabalham com o público idoso (psicólogos, psiquiatras, assistentes sociais, fisioterapeutas…); pessoas interessadas em literatura; pessoas interessadas em psicologia; pessoas interessadas na velhice e no envelhecimento.</li>
</ul>
<p>&nbsp;</p>
<h3><strong>Mediadora/Docente: Paula Farias Akkari</strong></h3>
<p>Psicóloga (CRP 06/178290), clínica, professora universitária e supervisora. Mestre e doutoranda em Psicologia Social na PUC-SP/UCP-Lisboa, especialista em Psicopatologia Fenomenológica (Faculdade de Ciências Médicas da Santa Casa de São Paulo) e em Psicologia Fenomenológica e Hermenêutica (Instituto Dasein). Colabora para o Portal do Envelhecimento desde 2021.   <strong>Poderá adquirir o certificado quem tiver ao menos 75% de presença (ao vivo ou vendo as gravações). </strong>   <strong>Contato: </strong>cursos@portaldoenvelhecimento.com.br</p>
<hr />
<p><strong>DESCONTOS*:</strong></p>
<ul>
<li>20% para estudantes</li>
<li>20% para ex-alunas/os de cursos do Espaço Longeviver</li>
<li>20% para pessoas aposentadas</li>
</ul>
<ul>
<li>Também oferecemos descontos para grupos/equipes (a combinar)</li>
</ul>
<p>Para saber como usar os descontos basta mandar mensagem para nosso whatsapp (11 97384-1820) ou e-mail cursos@portaldoenvelhecimento.com.br especificando seu caso. *Os descontos não são cumulativos. Não é possível usar um cupom durante uma promoção.</p>

<p>Datas: 21/05, 28/05, 11/06 e 18/06 – às quintas Horário: 19h às 21h Carga horária: 8h *Os encontros serão gravados e disponibilizados até a realização da aula seguinte. A gravação do último encontro permanecerá disponível por uma semana após o &hellip; </p>
